898
CXUS46 KHNX 041420
CLMBFL


CLIMATE REPORT
NATIONAL WEATHER SERVICE SAN JOAQUIN VALLEY, CA
554 AM PST WED NOV 4 2020

...................................

...THE BAKERSFIELD CLIMATE SUMMARY FOR THE MONTH OF OCTOBER 2020...

CLIMATE NORMAL PERIOD 1981 TO 2010
CLIMATE RECORD PERIOD 1889 TO 2020

WEATHER         OBSERVED          NORMAL  DEPART  LAST YEAR`S
                 VALUE   DATE(S)  VALUE   FROM    VALUE  DATE(S)
                                          NORMAL
................................................................
TEMPERATURE (F)
RECORD
 HIGH             104   10/05/1933
                        10/04/1933
 LOW               29   10/30/1971
HIGHEST            97   10/01        MM      MM       91  10/08
LOWEST             47   10/27        MM      MM       42  10/28
AVG. MAXIMUM     85.1              79.4     5.7     79.7
AVG. MINIMUM     59.1              55.0     4.1     51.3
MEAN             72.1              67.2     4.9     65.5
DAYS MAX >= 90     11               3.5     7.5        1
DAYS MIN <= 32      0               0.0     0.0        0

PRECIPITATION (INCHES)
RECORD
 MAXIMUM         1.82   1974
TOTALS              T              0.30   -0.30     0.00
DAYS >= .01         0               1.8    -1.8        0
DAYS >= .10         0               0.9    -0.9        0
DAYS >= .50         0               0.1    -0.1        0
DAYS >= 1.00        0               0.0     0.0        0
GREATEST
 24 HR. TOTAL       T   10/26 TO 10/26

SNOWFALL (INCHES)
RECORDS
 TOTAL            0.0
TOTALS            0.0               0.0

DEGREE_DAYS
HEATING TOTAL      12                56     -44       48
 SINCE 7/1         12                58     -46       57
COOLING TOTAL     240               124     116       69
 SINCE 1/1       2840              2254     586     2506
.................................................................

WIND (MPH)
AVERAGE WIND SPEED              4.1
HIGHEST WIND SPEED/DIRECTION    14/300    DATE  10/31
HIGHEST GUST SPEED/DIRECTION    19/310    DATE  10/20

AVERAGE RH (PERCENT)     40

WEATHER CONDITIONS. NUMBER OF DAYS WITH
THUNDERSTORM              0     RAIN                       0
HAIL                      0     FOG                        0
FOG W/VIS <= 1/4 MILE     0     HAZE                      17

-  INDICATES NEGATIVE NUMBERS.
R  INDICATES RECORD WAS SET OR TIED.
MM INDICATES DATA IS MISSING.
T  INDICATES TRACE AMOUNT.

$$
