000
CXUS54 KLCH 021548
CLMBPT


CLIMATE REPORT
NATIONAL WEATHER SERVICE LAKE CHARLES, LA
947 AM CST MON NOV 2 2020

...................................

...THE BEAUMONT PORT ARTHUR CLIMATE SUMMARY FOR THE MONTH OF OCTOBER 2020...

CLIMATE NORMAL PERIOD 1981 TO 2010
CLIMATE RECORD PERIOD 1901 TO 2020

WEATHER         OBSERVED          NORMAL  DEPART  LAST YEAR`S
                 VALUE   DATE(S)  VALUE   FROM    VALUE  DATE(S)
                                          NORMAL
................................................................
TEMPERATURE (F)
RECORD
 HIGH              99   10/02/1905
 LOW               30   10/31/1993
HIGHEST            88   10/12        MM      MM       MM  MM
                        10/11
LOWEST             43   10/29        MM      MM       MM  MM
AVG. MAXIMUM     80.6              80.6     0.0       MM
AVG. MINIMUM     61.4              60.5     0.9       MM
MEAN             71.0              70.6     0.4       MM
DAYS MAX >= 90      0               0.8    -0.8       MM
DAYS MAX <= 32      0               0.0     0.0       MM
DAYS MIN <= 32      0               0.0     0.0       MM
DAYS MIN <= 0       0               0.0     0.0       MM

PRECIPITATION (INCHES)
RECORD
 MAXIMUM        15.09   1970
 MINIMUM         0.00   1978
                        1963
                        1952
TOTALS           7.74              5.58    2.16       MM
DAILY AVG.       0.25              0.18    0.07       MM
DAYS >= .01         7               7.5    -0.5       MM
DAYS >= .10         6               5.2     0.8       MM
DAYS >= .50         2               2.9    -0.9       MM
DAYS >= 1.00        2               1.9     0.1       MM
GREATEST
 24 HR. TOTAL    4.74   10/09 TO 10/09

SNOWFALL (INCHES)
RECORDS
 TOTAL            0.0   5
                        0
                        -26215
TOTALS            0.0               0.0     0.0       MM
SINCE 7/1         0.0               0.0     0.0       MM
SNOWDEPTH AVG.      0                MM      MM       MM
DAYS >= 1.0         0               0.0     0.0       MM
GREATEST
 SNOW DEPTH         0   MM                            MM  MM
 24 HR TOTAL      0.0   10/31 TO 10/31

DEGREE_DAYS
HEATING TOTAL      28                33      -5       MM
 SINCE 7/1         28                34      -6       MM
COOLING TOTAL     222               205      17       MM
 SINCE 1/1       3067              2791     276       MM
.................................................................

WIND (MPH)
AVERAGE WIND SPEED              8.1
HIGHEST WIND SPEED/DIRECTION    66/010    DATE  10/09
HIGHEST GUST SPEED/DIRECTION    90/020    DATE  10/09

SKY COVER
POSSIBLE SUNSHINE (PERCENT)   MM
AVERAGE SKY COVER           0.40
NUMBER OF DAYS FAIR           10
NUMBER OF DAYS PC              9
NUMBER OF DAYS CLOUDY          7

AVERAGE RH (PERCENT)     79

WEATHER CONDITIONS. NUMBER OF DAYS WITH
  0
  6
  0
  0
  0
  0
  4
HAZE                      2

-  INDICATES NEGATIVE NUMBERS.
R  INDICATES RECORD WAS SET OR TIED.
MM INDICATES DATA IS MISSING.
T  INDICATES TRACE AMOUNT.

$$
