000
CXUS53 KDVN 011144
CLMBRL

CLIMATE REPORT
NATIONAL WEATHER SERVICE QUAD CITIES IA IL
544 AM CST SUN NOV 01 2020

...................................

...THE BURLINGTON IA CLIMATE SUMMARY FOR THE MONTH OF OCTOBER 2020...

CLIMATE NORMAL PERIOD 1981 TO 2010
CLIMATE RECORD PERIOD 1897 TO 2020

WEATHER         OBSERVED          NORMAL  DEPART   LAST YEAR`S
                VALUE   DATE(S)   VALUE   FROM     VALUE
                                          NORMAL
..............................................................
TEMPERATURE (F)
RECORD
 HIGH             95   10/03/2006
                       10/13/1899
                       09/06/1922
 LOW              10   10/30/1925
HIGHEST           82   10/09         72      10
LOWEST            27   10/28         40     -13
AVG. MAXIMUM    60.7               66.1    -5.4
AVG. MINIMUM    40.1               44.6    -4.5
MEAN            50.4               55.4    -5.0
DAYS MAX >= 90     0
DAYS MAX <= 32     0
DAYS MIN <= 32     5
DAYS MIN <= 0      0

PRECIPITATION (INCHES)
TOTALS          1.23               3.12   -1.89
DAILY AVG.      0.04               0.10   -0.06
DAYS >= .01        7
DAYS >= .10        4
DAYS >= .50        1
DAYS >= 1.00       0
GREATEST
 24 HR. TOTAL   0.80   10/21 TO 10/22


DEGREE DAYS
HEATING TOTAL    460                323     137
 SINCE 7/1       511                393     118
COOLING TOTAL     14                 24     -10
 SINCE 1/1      1156               1206     -50
..............................................................

WIND (MPH)
AVERAGE WIND SPEED              8.7
HIGHEST WIND SPEED/DIRECTION    31/210    DATE  10/14
HIGHEST GUST SPEED/DIRECTION    42/230    DATE  10/14

SKY COVER
POSSIBLE SUNSHINE (PERCENT)   MM
AVERAGE SKY COVER           0.41
NUMBER OF DAYS FAIR           16
NUMBER OF DAYS PC              7
NUMBER OF DAYS CLOUDY          8

AVERAGE RH (PERCENT)     68

WEATHER CONDITIONS. NUMBER OF DAYS WITH
THUNDERSTORM              4     HAIL                       0
SLEET                     0     FOG                        7
FOG W/VIS <= 1/4 MILE     1     HAZE                       1

-  INDICATES NEGATIVE NUMBERS.
R  INDICATES RECORD WAS SET OR TIED.
MM INDICATES DATA IS MISSING.
T  INDICATES TRACE AMOUNT.

$$
