000
CXUS53 KPAH 011321
CLMCGI

CLIMATE REPORT
NATIONAL WEATHER SERVICE PADUCAH
721 AM CST SUN NOV 01 2020

...................................

...THE CAPE GIRARDEAU MO CLIMATE SUMMARY FOR THE MONTH OF OCTOBER 2020...

CLIMATE NORMAL PERIOD 1981 TO 2010
CLIMATE RECORD PERIOD 1960 TO 2020

WEATHER         OBSERVED          NORMAL  DEPART   LAST YEAR`S
                VALUE   DATE(S)   VALUE   FROM     VALUE
                                          NORMAL
..............................................................
TEMPERATURE (F)
RECORD
 HIGH             94   10/02/2019
                       10/01/2019
                       07/17/1942
 LOW              23   10/24/1981
                       10/23/1981
                       10/29/1976
HIGHEST           86   10/07                          94
LOWEST            31   10/05                          29
                       10/16
AVG. MAXIMUM    68.6               70.4    -1.8     69.4
AVG. MINIMUM    43.8               45.1    -1.3     46.4
MEAN            56.2               57.7    -1.5     57.9
DAYS MAX >= 90     0                0.1    -0.1        2
DAYS MAX <= 32     0                0.0     0.0        0
DAYS MIN <= 32     2                2.9    -0.9        1
DAYS MIN <= 0      0                0.0     0.0        0

PRECIPITATION (INCHES)
RECORD
 MAXIMUM       10.65   1984
 MINIMUM           T   1964
TOTALS          6.67               3.79    2.88     7.84
DAILY AVG.      0.22               0.12    0.10     0.25
DAYS >= .01       10                8.5     1.5        9
DAYS >= .10        8                5.7     2.3        6
DAYS >= .50        4                2.6     1.4        4
DAYS >= 1.00       3                1.2     1.8        3
GREATEST
 24 HR. TOTAL   3.21   10/28 TO 10/29


DEGREE DAYS
HEATING TOTAL    287                254      33      261
 SINCE 7/1       325                305      20      261
COOLING TOTAL     22                 29      -7       51
 SINCE 1/1      1490               1451      39     1775
..............................................................

WIND (MPH)
AVERAGE WIND SPEED              6.2
HIGHEST WIND SPEED/DIRECTION    33/260    DATE  10/23
HIGHEST GUST SPEED/DIRECTION    66/270    DATE  10/23

SKY COVER
POSSIBLE SUNSHINE (PERCENT)   MM
AVERAGE SKY COVER           0.45
NUMBER OF DAYS FAIR           16
NUMBER OF DAYS PC              6
NUMBER OF DAYS CLOUDY          9

AVERAGE RH (PERCENT)     72

WEATHER CONDITIONS. NUMBER OF DAYS WITH
THUNDERSTORM              3     MIXED PRECIP               0
HEAVY RAIN                5     RAIN                       7
LIGHT RAIN               12     FREEZING RAIN              0
LT FREEZING RAIN          0     HAIL                       0
HEAVY SNOW                0     SNOW                       0
LIGHT SNOW                1     SLEET                      0
FOG                      27     FOG W/VIS <= 1/4 MILE      7
HAZE                     10

-  INDICATES NEGATIVE NUMBERS.
R  INDICATES RECORD WAS SET OR TIED.
MM INDICATES DATA IS MISSING.
T  INDICATES TRACE AMOUNT.

REMARKS: 4TH WETTEST
$$
