000
CXUS51 KRLX 020745
CLMCKB

CLIMATE REPORT
NATIONAL WEATHER SERVICE CHARLESTON WV
245 AM EST WED DEC 02 2020

...................................

...THE CLARKSBURG WV CLIMATE SUMMARY FOR THE MONTH OF NOVEMBER 2020...

CLIMATE NORMAL PERIOD: 1981 TO 2010
CLIMATE RECORD PERIOD: 1922 TO 2020

WEATHER         OBSERVED          NORMAL  DEPART   LAST YEAR`S
                VALUE   DATE(S)   VALUE   FROM     VALUE
                                          NORMAL
..............................................................
TEMPERATURE (F)
RECORD
 HIGH             85   11/06/1948
 LOW              -2   11/29/1930
HIGHEST           80   11/10                          71
LOWEST            24   11/19                          14
AVG. MAXIMUM    60.2               53.9     6.3     52.5
AVG. MINIMUM    36.0               34.1     1.9     30.5
MEAN            48.1               44.0     4.1     41.5
DAYS MAX >= 90     0                0.0     0.0        0
DAYS MAX <= 32     0                0.9    -0.9        1
DAYS MAX >= 80     1                                  MM
DAYS MIN <= 32     8               12.9    -4.9       20
DAYS MIN <= 0      0                0.0     0.0        0
DAYS MIN <= 10     0                                  MM
DAYS MIN <= -5     0                                  MM

PRECIPITATION (INCHES)
RECORD
 MAXIMUM       11.20   1985
 MINIMUM        0.29   2012
TOTALS          2.34               3.81   -1.47     1.44
DAILY AVG.      0.08               0.13   -0.05     0.05
DAYS >= .01       10                 MM      MM        8
DAYS >= .10        5                 MM      MM        4
DAYS >= .50        1                 MM      MM        1
DAYS >= 1.00       1                 MM      MM        0
GREATEST
 24 HR. TOTAL   1.25   11/11 TO 11/11               0.52


DEGREE DAYS
HEATING TOTAL    501                630    -129      696
 SINCE 7/1       889               1091    -202      879
COOLING TOTAL      0                  0       0        0
 SINCE 1/1      1205                744     461     1331

FREEZE DATES
RECORD
 EARLIEST     MM
 LATEST       MM
EARLIEST                        10/03
LATEST                          05/10
..............................................................

WIND (MPH)
AVERAGE WIND SPEED              5.3
HIGHEST WIND SPEED/DIRECTION    40/290    DATE  11/15
HIGHEST GUST SPEED/DIRECTION    56/300    DATE  11/15

SKY COVER
POSSIBLE SUNSHINE (PERCENT)   MM
AVERAGE SKY COVER           0.39
NUMBER OF DAYS FAIR           13
NUMBER OF DAYS PC             11
NUMBER OF DAYS CLOUDY          6

AVERAGE RH (PERCENT)     65

WEATHER CONDITIONS. NUMBER OF DAYS WITH
THUNDERSTORM              0     MIXED PRECIP               0
HEAVY RAIN                2     RAIN                       5
LIGHT RAIN               10     FREEZING RAIN              0
LT FREEZING RAIN          0     HAIL                       0
HEAVY SNOW                0     SNOW                       0
LIGHT SNOW                3     SLEET                      0
FOG                      14     FOG W/VIS <= 1/4 MILE      1
HAZE                      3

-  INDICATES NEGATIVE NUMBERS.
R  INDICATES RECORD WAS SET OR TIED.
MM INDICATES DATA IS MISSING.
T  INDICATES TRACE AMOUNT.

$$
