000
CXUS51 KILN 010617
CLMCMH

CLIMATE REPORT
NATIONAL WEATHER SERVICE WILMINGTON OH
117 AM EST SUN NOV 01 2020

...................................

...THE COLUMBUS OH CLIMATE SUMMARY FOR THE MONTH OF OCTOBER 2020...

CLIMATE NORMAL PERIOD: 1981 TO 2010
CLIMATE RECORD PERIOD: 1869 TO 2020

WEATHER         OBSERVED          NORMAL  DEPART   LAST YEAR`S
                VALUE   DATE(S)   VALUE   FROM     VALUE DATE(S)
                                          NORMAL
................................................................
TEMPERATURE (F)
RECORD
 HIGH             94   10/02/2019
                       10/01/2019
                       10/01/2019
 LOW              17   10/21/1952
HIGHEST           80   10/22         65      15       94  10/02
                                                          10/01
LOWEST            30   10/31         43     -13       35  10/31
AVG. MAXIMUM    63.3               65.1    -1.8     69.8
AVG. MINIMUM    45.6               45.0     0.6     47.0
MEAN            54.5               55.0    -0.5     58.4
DAYS MAX >= 90     0                0.0     0.0        3
DAYS MAX <= 32     0                0.0     0.0        0
DAYS MIN <= 32     1                1.6    -0.6        0
DAYS MIN <= 0      0                0.0     0.0        0

PRECIPITATION (INCHES)
TOTALS          4.19               2.61    1.58     4.05
DAILY AVG.      0.14               0.08    0.06     0.13
DAYS >= .01       11                9.4     1.6        9
DAYS >= .10        8                5.1     2.9        7
DAYS >= .50        3                1.6     1.4        3
DAYS >= 1.00       1                0.6     0.4        1
GREATEST
 24 HR. TOTAL   1.37   10/28 TO 10/29               1.51  10/31 TO 10/31
 STORM TOTAL      MM                                  MM
 (MM/DD(HH))            MM

SNOWFALL (INCHES)
TOTALS           0.0                0.2    -0.2        T
SINCE 7/1        0.0                0.2    -0.2        T
DAYS >= TRACE      0                0.1    -0.1        1
DAYS >= 1.0        0                0.1    -0.1        0
GREATEST
 24 HR TOTAL     0.0                                   T  10/31 TO 10/31
 STORM TOTAL     0.0                                   T
 (MM/DD(HH))            MM

DEGREE DAYS
HEATING TOTAL    326                325       1      244
 SINCE 7/1       394                394       0      244
COOLING TOTAL      8                 13      -5       46
 SINCE 1/1      1224               1024     200     1332
................................................................

WIND (MPH)
AVERAGE WIND SPEED              6.4
RESULTANT WIND SPEED/DIRECTION   1/240
HIGHEST WIND SPEED/DIRECTION    32/300    DATE  10/01
HIGHEST GUST SPEED/DIRECTION    38/300    DATE  10/01

SKY COVER
AVERAGE SKY COVER           0.66

AVERAGE RH (PERCENT)     75

WEATHER CONDITIONS. NUMBER OF DAYS WITH
THUNDERSTORM              2     MIXED PRECIP               0
HEAVY RAIN                4     RAIN                       7
LIGHT RAIN               15     FREEZING RAIN              0
LT FREEZING RAIN          0     HAIL                       0
HEAVY SNOW                0     SNOW                       0
LIGHT SNOW                0     SLEET                      0
FOG                      17     FOG W/VIS <= 1/4 MILE      3
HAZE                      2

-  INDICATES NEGATIVE NUMBERS.
R  INDICATES RECORD WAS SET OR TIED.
MM INDICATES DATA IS MISSING.
T  INDICATES TRACE AMOUNT.

$$
