000
CXUS54 KCRP 140234 CCA
CLMCRP

CLIMATE REPORT...CORRECTION
NATIONAL WEATHER SERVICE CORPUS CHRISTI TX
833 PM CST FRI NOV 13 2020

...................................

...THE CORPUS CHRISTI CLIMATE SUMMARY FOR THE MONTH OF OCTOBER 2020...

CLIMATE NORMAL PERIOD 1981 TO 2010
CLIMATE RECORD PERIOD 1887 TO 2020

WEATHER         OBSERVED          NORMAL  DEPART  LAST YEAR`S
                 VALUE   DATE(S)  VALUE   FROM    VALUE  DATE(S)
                                          NORMAL
................................................................
TEMPERATURE (F)
RECORD
 HIGH             101   10/17/2012
 LOW               28   10/31/1993
HIGHEST            99   10/10        84      15       95  10/15
                                                          10/14
                                                          10/10
LOWEST             43   10/29        64     -21       42  10/31
AVG. MAXIMUM     86.3              84.4     1.9     86.6
AVG. MINIMUM     62.5              64.8    -2.3     65.2
MEAN             74.4              74.6    -0.2     75.9
DAYS MAX >= 90     12               4.9     7.1       15
DAYS MAX <= 32      0               0.0     0.0        0
DAYS MIN <= 32      0               0.0     0.0        0
DAYS MIN <= 0       0               0.0     0.0        0

PRECIPITATION (INCHES)
RECORD
 MAXIMUM        12.03   1997
 MINIMUM         0.00   1952
TOTALS           1.02              3.64   -2.62     1.39
DAILY AVG.       0.03              0.12   -0.09     0.04
DAYS >= .01         4               6.3    -2.3        8
DAYS >= .10         1               3.9    -2.9        4
DAYS >= .50         1               2.1    -1.1        1
DAYS >= 1.00        0               1.0    -1.0        0
GREATEST
 24 HR. TOTAL    0.98   10/22 TO 10/22              0.54

SNOWFALL (INCHES)
RECORDS
 TOTAL            0.0   MM
 24 HR TOTAL      0.0   MM
TOTALS            0.0               0.0     0.0      0.0
SINCE 7/1         0.0               0.0     0.0      0.0
SNOWDEPTH AVG.      0                MM      MM        0
DAYS >= 1.0         0               0.0     0.0        0
GREATEST
 SNOW DEPTH         0   MM                             0
 24 HR TOTAL      0.0   10/31 TO 10/31               0.0

DEGREE_DAYS
HEATING TOTAL      31                10      21       23
 SINCE 7/1         31                10      21       23
COOLING TOTAL     331               308      23      369
 SINCE 1/1       3777              3351     426     3927
.................................................................

WIND (MPH)
AVERAGE WIND SPEED              9.6
HIGHEST WIND SPEED/DIRECTION    30/320    DATE  10/29
HIGHEST GUST SPEED/DIRECTION    36/310    DATE  10/29

SKY COVER
AVERAGE SKY COVER           0.40

AVERAGE RH (PERCENT)     73

WEATHER CONDITIONS. NUMBER OF DAYS WITH
THUNDERSTORM              1     MIXED PRECIP                0
HEAVY RAIN                1     RAIN                        1
LIGHT RAIN                7     FREEZING RAIN               0
LT FREEZING RAIN          0     HAIL                        0
HEAVY SNOW                0     SNOW                        0
LIGHT SNOW                0     SLEET                       0
FOG                      12     FOG W/VIS <= 1/4 MILE       4
HAZE                      0

-  INDICATES NEGATIVE NUMBERS.
R  INDICATES RECORD WAS SET OR TIED.
MM INDICATES DATA IS MISSING.
T  INDICATES TRACE AMOUNT.

$$

ANM...CORRECTED FOR RECORD TEMPERATURES.
