000
CXUS51 KILN 012100 CCA
CLMCVG

CLIMATE REPORT...CORRECTED...
NATIONAL WEATHER SERVICE WILMINGTON OH
140 AM EDT TUE JUN 01 2021

...................................

...THE CINCINNATI OH CLIMATE SUMMARY FOR THE MONTH OF MAY 2021...

CLIMATE NORMAL PERIOD: 1991 TO 2020
CLIMATE RECORD PERIOD: 1869 TO 2021

WEATHER         OBSERVED          NORMAL  DEPART   LAST YEAR`S
                VALUE   DATE(S)   VALUE   FROM     VALUE DATE(S)
                                          NORMAL
................................................................
TEMPERATURE (F)
RECORD
 HIGH             95   05/31/1937
                       05/28/1911
                       05/27/1911
 LOW              27   05/01/1963
HIGHEST           88   05/24         74      14       87  05/24
                       05/25
                                                          05/25
                                                          05/26
LOWEST            35   05/01         52     -17       28  05/09
AVG. MAXIMUM    72.6               74.5    -1.9     70.8
AVG. MINIMUM    51.1               53.7    -2.6     51.8
MEAN            61.8               64.1    -2.3     61.3
DAYS MAX >= 90     0                0.3    -0.3        0
DAYS MAX <= 32     0                0.0     0.0        0
DAYS MIN <= 32     0                0.3    -0.3        1
DAYS MIN <= 0      0                0.0     0.0        0

PRECIPITATION (INCHES)
TOTALS          4.79               4.67    0.12     5.77
DAILY AVG.      0.15               0.15   -0.00     0.19
DAYS >= .01       11               13.5    -2.5       17
DAYS >= .10        8                9.1    -1.1       11
DAYS >= .50        3                3.2    -0.2        4
DAYS >= 1.00       2                1.2     0.8        2
GREATEST
 24 HR. TOTAL   1.53   05/17 TO 05/17               2.98  05/18 TO 05/19
 STORM TOTAL    1.53                                  MM
 (MM/DD(HH))            MM

SNOWFALL (INCHES)
TOTALS           0.0                0.0     0.0      0.0
SINCE 7/1       32.0               23.3     8.7     11.2
DAYS >= TRACE      0                0.0     0.0        0
DAYS >= 1.0        0                0.0     0.0        0
GREATEST
 24 HR TOTAL     0.0    MM                           0.0
 STORM TOTAL     0.0                                  MM
 (MM/DD(HH))            MM

DEGREE DAYS
HEATING TOTAL    174                118      56      197
 SINCE 7/1      4665               4880    -215       MM
COOLING TOTAL     83                 90      -7       87
 SINCE 1/1        99                109     -10       MM
................................................................

WIND (MPH)
AVERAGE WIND SPEED              7.2
RESULTANT WIND SPEED/DIRECTION   0/270
HIGHEST WIND SPEED/DIRECTION    29/280    DATE  05/09
                                29/020          05/28
HIGHEST GUST SPEED/DIRECTION    41/180    DATE  05/04

SKY COVER
AVERAGE SKY COVER           0.65

AVERAGE RH (PERCENT)     63

WEATHER CONDITIONS. NUMBER OF DAYS WITH
THUNDERSTORM              4     MIXED PRECIP               0
HEAVY RAIN                7     RAIN                       9
LIGHT RAIN               12     FREEZING RAIN              0
LT FREEZING RAIN          0     HAIL                       0
HEAVY SNOW                0     SNOW                       0
LIGHT SNOW                0     SLEET                      0
FOG                      15     FOG W/VIS <= 1/4 MILE      1
HAZE                      6

-  INDICATES NEGATIVE NUMBERS.
R  INDICATES RECORD WAS SET OR TIED.
MM INDICATES DATA IS MISSING.
T  INDICATES TRACE AMOUNT.

$$
