433
CXUS51 KILN 010617
CLMCVG

CLIMATE REPORT
NATIONAL WEATHER SERVICE WILMINGTON OH
117 AM EST SUN NOV 01 2020

...................................

...THE CINCINNATI OH CLIMATE SUMMARY FOR THE MONTH OF OCTOBER 2020...

CLIMATE NORMAL PERIOD: 1981 TO 2010
CLIMATE RECORD PERIOD: 1869 TO 2020

WEATHER         OBSERVED          NORMAL  DEPART   LAST YEAR`S
                VALUE   DATE(S)   VALUE   FROM     VALUE DATE(S)
                                          NORMAL
................................................................
TEMPERATURE (F)
RECORD
 HIGH             95   10/01/2019
 LOW              16   10/27/1962
HIGHEST           84   10/07         67      17       95  10/01
LOWEST            34   10/17         45     -11       33  10/31
AVG. MAXIMUM    65.6               66.2    -0.6     70.9
AVG. MINIMUM    46.5               45.5     1.0     48.2
MEAN            56.1               55.9     0.2     59.6
DAYS MAX >= 90     0                0.1    -0.1        3
DAYS MAX <= 32     0                0.0     0.0        0
DAYS MIN <= 32     0                2.0    -2.0        0
DAYS MIN <= 0      0                0.0     0.0        0

PRECIPITATION (INCHES)
TOTALS          4.41               3.30    1.11     3.61
DAILY AVG.      0.14               0.11    0.03     0.12
DAYS >= .01       14                8.4     5.6       10
DAYS >= .10        7                5.6     1.4        7
DAYS >= .50        2                2.3    -0.3        3
DAYS >= 1.00       2                0.8     1.2        1
GREATEST
 24 HR. TOTAL   2.13   10/28 TO 10/29               1.06  10/26 TO 10/26
 STORM TOTAL      MM                                  MM
 (MM/DD(HH))            MM

SNOWFALL (INCHES)
TOTALS           0.0                0.4    -0.4      0.0
SINCE 7/1        0.0                0.4    -0.4      0.0
DAYS >= TRACE      0                0.1    -0.1        0
DAYS >= 1.0        0                0.1    -0.1        0
GREATEST
 24 HR TOTAL     0.0                                 0.0  10/31 TO 10/31
 STORM TOTAL     0.0                                 0.0
 (MM/DD(HH))            MM

DEGREE DAYS
HEATING TOTAL    286                304     -18      214
 SINCE 7/1       328                362     -34      214
COOLING TOTAL     17                 16       1       55
 SINCE 1/1      1265               1121     144     1497
................................................................

WIND (MPH)
AVERAGE WIND SPEED              7.7
RESULTANT WIND SPEED/DIRECTION   1/210
HIGHEST WIND SPEED/DIRECTION    40/280    DATE  10/12
HIGHEST GUST SPEED/DIRECTION    52/290    DATE  10/12

SKY COVER
AVERAGE SKY COVER           0.61

AVERAGE RH (PERCENT)     70

WEATHER CONDITIONS. NUMBER OF DAYS WITH
THUNDERSTORM              2     MIXED PRECIP               0
HEAVY RAIN                5     RAIN                       7
LIGHT RAIN               18     FREEZING RAIN              0
LT FREEZING RAIN          0     HAIL                       0
HEAVY SNOW                0     SNOW                       0
LIGHT SNOW                0     SLEET                      0
FOG                      16     FOG W/VIS <= 1/4 MILE      2
HAZE                      6

-  INDICATES NEGATIVE NUMBERS.
R  INDICATES RECORD WAS SET OR TIED.
MM INDICATES DATA IS MISSING.
T  INDICATES TRACE AMOUNT.

$$
