061
CXUS53 KTOP 011437
CLMEMP


CLIMATE REPORT
NATIONAL WEATHER SERVICE TOPEKA KS
837 AM CST SUN NOV 1 2020

...................................

...THE EMPORIA KS CLIMATE SUMMARY FOR THE MONTH OF OCTOBER 2020...

CLIMATE NORMAL PERIOD 1981 TO 2010
CLIMATE RECORD PERIOD 9999 TO 9999

WEATHER         OBSERVED          NORMAL  DEPART  LAST YEAR`S
                 VALUE   DATE(S)  VALUE   FROM    VALUE
                                          NORMAL
.............................................................
TEMPERATURE (F)
HIGHEST            93   10/07                         90
LOWEST             26   10/26                         18
AVG. MAXIMUM     65.9              68.8    -2.9     64.0
AVG. MINIMUM     42.8              45.2    -2.4     40.6
MEAN             54.4              57.0    -2.6     52.3
DAYS MAX >= 90      1               0.3     0.7        1
DAYS MAX <= 32      1               0.0     1.0        0
DAYS MIN <= 32      4               2.3     1.7        7
DAYS MIN <= 0       0               0.0     0.0        0

PRECIPITATION (INCHES)
TOTALS           1.80              2.88   -1.08     1.93
DAILY AVG.       0.06                               0.06
DAYS >= .01         5                                 10
DAYS >= .10         3                                  6
DAYS >= .50         1                                  1
DAYS >= 1.00        0                                  0
GREATEST
 24 HR. TOTAL    0.99   10/28 TO 10/28              0.64

DEGREE_DAYS
HEATING TOTAL     365               277      88      410
 SINCE 7/1        416               327      89      410
COOLING TOTAL      45                29      16       24
 SINCE 1/1       1525              1402     123     1486
..............................................................

WIND (MPH)
AVERAGE WIND SPEED              10.7
HIGHEST WIND SPEED/DIRECTION    37/190    DATE  10/22
HIGHEST GUST SPEED/DIRECTION    51/190    DATE  10/22

SKY COVER
POSSIBLE SUNSHINE (PERCENT)   MM
AVERAGE SKY COVER           0.40
NUMBER OF DAYS FAIR           19
NUMBER OF DAYS PC              2
NUMBER OF DAYS CLOUDY         10

AVERAGE RH (PERCENT)     64


-  INDICATES NEGATIVE NUMBERS.
R  INDICATES RECORD WAS SET OR TIED.
MM INDICATES DATA IS MISSING.
T  INDICATES TRACE AMOUNT.

$$
