000
CXUS56 KPQR 022251
CLMEUG


CLIMATE REPORT
NATIONAL WEATHER SERVICE PORTLAND OREGON
251 PM PST MON NOV 2 2020

...................................

...THE EUGENE OR CLIMATE SUMMARY FOR THE MONTH OF OCTOBER 2020...

CLIMATE NORMAL PERIOD 1981 TO 2010
CLIMATE RECORD PERIOD 1892 TO 2020

WEATHER         OBSERVED          NORMAL  DEPART  LAST YEAR`S
                 VALUE   DATE(S)  VALUE   FROM    VALUE  DATE(S)
                                          NORMAL
................................................................
TEMPERATURE (F)
HIGHEST            85                                 72  10/07
LOWEST             23                                 23  10/31
AVG. MAXIMUM     66.3              64.2     2.1     61.4
AVG. MINIMUM     42.1              41.2     0.9     37.5
MEAN             54.2              52.7     1.5     49.4
DAYS MAX >= 90      0               0.0     0.0        0
DAYS MAX <= 32      0               0.0     0.0        0
DAYS MIN <= 32      6               2.1     3.9        9
DAYS MIN <= 0       0               0.0     0.0        0

PRECIPITATION (INCHES)
RECORD
 MAXIMUM        12.66   1950
 MINIMUM            T   1895
TOTALS           1.38              3.25   -1.87     1.25
DAYS >= .01         5              11.4    -6.4        9
DAYS >= .10         3               7.0    -4.0        5
DAYS >= .50         1               1.9    -0.9        0
DAYS >= 1.00        0               0.6    -0.6        0
GREATEST
 24 HR. TOTAL    0.70   10/10 TO 10/10

DEGREE_DAYS
HEATING TOTAL     331               382     -51      478
 SINCE 7/1        404               570    -166      596
COOLING TOTAL       3                 1       2        0
 SINCE 1/1        404               239     165      353
.................................................................

WIND (MPH)
AVERAGE WIND SPEED              5.8
RESULTANT WIND SPEED/DIRECTION   1/339
HIGHEST WIND SPEED/DIRECTION    30/010    DATE  10/25
HIGHEST GUST SPEED/DIRECTION    35/010    DATE  10/25

SKY COVER
POSSIBLE SUNSHINE (PERCENT)   MM
AVERAGE SKY COVER           0.50
NUMBER OF DAYS FAIR            8
NUMBER OF DAYS PC             17
NUMBER OF DAYS CLOUDY          6

AVERAGE RH (PERCENT)     75

WEATHER CONDITIONS. NUMBER OF DAYS WITH
  0
  3
  0
  0
  0
  0
 12
HAZE                     11

-  INDICATES NEGATIVE NUMBERS.
R  INDICATES RECORD WAS SET OR TIED.
MM INDICATES DATA IS MISSING.
T  INDICATES TRACE AMOUNT.

$$
