000
CXUS54 KTSA 011200
CLMFSM

CLIMATE REPORT
NATIONAL WEATHER SERVICE TULSA OK
600 AM CST TUE DEC 01 2020

...................................

...THE FORT SMITH ARKANSAS CLIMATE SUMMARY FOR THE MONTH OF NOVEMBER 2020...

CLIMATE NORMAL PERIOD 1981 TO 2010
CLIMATE RECORD PERIOD 1882 TO 2020

WEATHER         OBSERVED          NORMAL  DEPART   LAST YEAR`S
                VALUE   DATE(S)   VALUE   FROM     VALUE DATE(S)
                                          NORMAL
................................................................
TEMPERATURE (F)
RECORD
 HIGH             87   11/02/2017
                       11/16/2016
                       09/02/1939
 LOW               8   11/29/1976
HIGHEST           79   11/10         86      -7       74
LOWEST            27   11/30          8      19       19
AVG. MAXIMUM    67.7               62.8     4.9     60.8
AVG. MINIMUM    42.0               40.3     1.7     36.4
MEAN            54.9               51.6     3.3     48.6
DAYS MAX >= 90     0
DAYS MAX <= 32     0
DAYS MIN <= 32     2
DAYS MIN <= 0      0

PRECIPITATION (INCHES)
RECORD
 MAXIMUM       14.01   1946
 MINIMUM        0.26   1904
TOTALS          1.95               4.44   -2.49     4.41
DAILY AVG.      0.06               0.15   -0.08     0.15
DAYS >= .01        4                7.5    -3.5       10
DAYS >= .10        3                5.7    -2.7        8
DAYS >= .50        2                3.2    -1.2        4
DAYS >= 1.00       1                1.5    -0.5        1
GREATEST
 24 HR. TOTAL   1.04   11/22 TO 11/22

SNOWFALL (INCHES)
RECORDS
 TOTAL           4.7   1976
TOTALS           0.0                  T     0.0        T
SINCE 7/1        0.0                  T     0.0       MM
SNOWDEPTH AVG.     0                                   0
DAYS >= 1.0        0                0.0     0.0        0
GREATEST
 SNOW DEPTH        0                                   0  MM
 24 HR TOTAL      MM

DEGREE DAYS
HEATING TOTAL    306                411    -105      483
 SINCE 7/1       482                566     -84      660
COOLING TOTAL      9                  8       1        0
 SINCE 1/1      2075               2054      21     2373
................................................................

WIND (MPH)
AVERAGE WIND SPEED              6.7
HIGHEST WIND SPEED/DIRECTION    39/310    DATE  11/14
HIGHEST GUST SPEED/DIRECTION    60/300    DATE  11/14

SKY COVER
POSSIBLE SUNSHINE (PERCENT)   MM
AVERAGE SKY COVER           0.28
NUMBER OF DAYS FAIR           18
NUMBER OF DAYS PC              9
NUMBER OF DAYS CLOUDY          3

AVERAGE RH (PERCENT)     66

WEATHER CONDITIONS. NUMBER OF DAYS WITH
THUNDERSTORM              3     MIXED PRECIP               0
HEAVY RAIN                2     RAIN                       3
LIGHT RAIN               10     FREEZING RAIN              0
LT FREEZING RAIN          0     HAIL                       0
HEAVY SNOW                0     SNOW                       0
LIGHT SNOW                3     SLEET                      0
FOG                      10     FOG W/VIS <= 1/4 MILE      3
HAZE                      2

-  INDICATES NEGATIVE NUMBERS.
R  INDICATES RECORD WAS SET OR TIED.
MM INDICATES DATA IS MISSING.
T  INDICATES TRACE AMOUNT.

$$
