000
CXUS51 KPBZ 011435
CLMHLG

CLIMATE REPORT
NATIONAL WEATHER SERVICE PITTSBURGH PA
935 AM EST SUN NOV 01 2020

...................................

...THE WHEELING WV CLIMATE SUMMARY FOR THE MONTH OF OCTOBER 2020...

CLIMATE NORMAL PERIOD 1981 TO 2010
CLIMATE RECORD PERIOD 1878 TO 2020

WEATHER         OBSERVED          NORMAL  DEPART   LAST YEAR`S
                VALUE   DATE(S)   VALUE   FROM     VALUE DATE(S)
                                          NORMAL
................................................................
TEMPERATURE (F)
RECORD
 HIGH             91   10/09/1939
 LOW              16   10/22/1930
HIGHEST           80   10/22         80       0       90  10/01
LOWEST            29   10/31         29       0       33  10/19
AVG. MAXIMUM    63.7               62.7     1.0     68.0
AVG. MINIMUM    46.7               43.9     2.8     46.7
MEAN            55.2               53.3     1.9     57.4
DAYS MAX >= 90     0                0.0     0.0        1
DAYS MAX <= 32     0                0.0     0.0        0
DAYS MIN <= 32     1                2.0    -1.0        0
DAYS MIN <= 0      0                0.0     0.0        0

PRECIPITATION (INCHES)
RECORD
 MAXIMUM        6.16   1919
 MINIMUM        0.23   1924
TOTALS          1.99               2.55   -0.56     6.10
DAILY AVG.      0.06               0.09   -0.03     0.20
DAYS >= .01       15               10.5     4.5        9
DAYS >= .10        5                5.8    -0.8        9
DAYS >= .50        1                1.4    -0.4        7
DAYS >= 1.00       0                0.2    -0.2        2
GREATEST
 24 HR. TOTAL   0.83   10/29 TO 10/30               2.24


DEGREE DAYS
HEATING TOTAL    307                373     -66      270
 SINCE 7/1       394                474     -80       MM
COOLING TOTAL     11                 11       0       40
 SINCE 1/1      1031                689     342       MM
................................................................

WIND (MPH)
AVERAGE WIND SPEED              7.1
HIGHEST WIND SPEED/DIRECTION    25/280    DATE  10/04
                                25/280          10/07
                                25/210          10/15
HIGHEST GUST SPEED/DIRECTION    35/280    DATE  10/04
                                35/250          10/07

AVERAGE RH (PERCENT)     71

WEATHER CONDITIONS. NUMBER OF DAYS WITH
THUNDERSTORM              3     MIXED PRECIP               0
HEAVY RAIN                1     RAIN                       8
LIGHT RAIN               16     FREEZING RAIN              0
LT FREEZING RAIN          0     HAIL                       0
HEAVY SNOW                0     SNOW                       0
LIGHT SNOW                0     SLEET                      0
FOG                      21     FOG W/VIS <= 1/4 MILE      4
HAZE                      0

-  INDICATES NEGATIVE NUMBERS.
R  INDICATES RECORD WAS SET OR TIED.
MM INDICATES DATA IS MISSING.
T  INDICATES TRACE AMOUNT.

$$
