000
CXUS56 KPDT 020107
CLMHRI

CLIMATE REPORT
NATIONAL WEATHER SERVICE PENDLETON OR
507 PM PST TUE DEC 01 2020

...................................

...THE HERMISTON OR CLIMATE SUMMARY FOR THE MONTH OF NOVEMBER 2020...

CLIMATE NORMAL PERIOD 1981 TO 2010
CLIMATE RECORD PERIOD 1906 TO 2020

WEATHER         OBSERVED          NORMAL  DEPART   LAST YEAR`S
                VALUE   DATE(S)   VALUE   FROM     VALUE DATE(S)
                                          NORMAL
................................................................
TEMPERATURE (F)
RECORD
 HIGH             79   MM
 LOW               7   11/30/2019
HIGHEST           70   11/04         MM      MM       68  11/17
LOWEST            22   11/22         MM      MM        7  11/30
AVG. MAXIMUM    52.3               49.9     2.4     50.3
AVG. MINIMUM    32.1               31.2     0.9     26.6
MEAN            42.2               40.5     1.7     38.5
DAYS MAX >= 90     0                 MM      MM        0
DAYS MAX <= 32     0                 MM      MM        0
DAYS MIN <= 32    15                 MM      MM       22
DAYS MIN <= 0      0                 MM      MM        0

PRECIPITATION (INCHES)
RECORD
 MAXIMUM        1.65   2020
 MINIMUM        0.01   2019
TOTALS          1.65R              1.20    0.45     0.01
DAILY AVG.      0.06               0.04    0.02     0.00
DAYS >= .01       11                 MM      MM        1
DAYS >= .10        3                 MM      MM        0
DAYS >= .50        2                 MM      MM        0
DAYS >= 1.00       0                 MM      MM        0
GREATEST
 24 HR. TOTAL   1.10   11/05 TO 11/06               0.01  11/12 TO 11/12
 STORM TOTAL    0.57                                0.01
 (MM/DD(HH))            MM


DEGREE DAYS
HEATING TOTAL    675                699     -24      789
 SINCE 7/1      1032               1219    -187       MM
COOLING TOTAL      0                  0       0        0
 SINCE 1/1       960                696     264       MM

FREEZE DATES
RECORD
 EARLIEST     MM
 LATEST       MM
EARLIEST      11/04             11/04
LATEST                          MM
................................................................

WIND (MPH)
AVERAGE WIND SPEED              6.4
RESULTANT WIND SPEED/DIRECTION   3/220
HIGHEST WIND SPEED/DIRECTION    33/250    DATE  11/30
HIGHEST GUST SPEED/DIRECTION    43/230    DATE  11/13

SKY COVER
POSSIBLE SUNSHINE (PERCENT)   MM
AVERAGE SKY COVER           0.38
NUMBER OF DAYS FAIR           14
NUMBER OF DAYS PC             14
NUMBER OF DAYS CLOUDY          2

AVERAGE RH (PERCENT)     71

WEATHER CONDITIONS. NUMBER OF DAYS WITH
THUNDERSTORM              0     MIXED PRECIP               0
HEAVY RAIN                1     RAIN                       3
LIGHT RAIN               14     FREEZING RAIN              0
LT FREEZING RAIN          1     HAIL                       0
HEAVY SNOW                0     SNOW                       0
LIGHT SNOW                1     SLEET                      0
FOG                      16     FOG W/VIS <= 1/4 MILE      7
HAZE                      7

-  INDICATES NEGATIVE NUMBERS.
R  INDICATES RECORD WAS SET OR TIED.
MM INDICATES DATA IS MISSING.
T  INDICATES TRACE AMOUNT.

$$
