000
CXUS54 KHGX 010958
CLMIAH

CLIMATE REPORT
NATIONAL WEATHER SERVICE HOUSTON/GALVESTON TX
350 AM CST SUN NOV 1 2020

...................................

...THE HOUSTON INTERCONTINENTAL CLIMATE SUMMARY FOR THE MONTH OF OCTOBER 2020...

CLIMATE NORMAL PERIOD 1981 TO 2010
CLIMATE RECORD PERIOD 1892 TO 2020

WEATHER         OBSERVED          NORMAL  DEPART  LAST YEAR`S
                 VALUE   DATE(S)  VALUE   FROM    VALUE  DATE(S)
                                          NORMAL
................................................................
TEMPERATURE (F)
RECORD
 HIGH              99   10/01/1900
 LOW               29   10/31/1993
HIGHEST            94   10/11        81      13       93  10/05
                                                          10/04
                                                          10/03
LOWEST             42   10/29        59     -17       40  10/31
AVG. MAXIMUM     82.6              82.0     0.6     81.9
AVG. MINIMUM     60.9              60.9     0.0     61.6
MEAN             71.7              71.5     0.2     71.8
DAYS MAX >= 90      5               3.0     2.0       10
DAYS MAX <= 32      0               0.0     0.0        0
DAYS MIN <= 32      0               0.0     0.0        0
DAYS MIN <= 0       0               0.0     0.0        0

PRECIPITATION (INCHES)
RECORD
 MAXIMUM        17.64   1949
 MINIMUM            T   1934
TOTALS           0.67              5.70   -5.03     5.80
DAILY AVG.       0.02              0.18   -0.16     0.19
DAYS >= .01         4               7.9    -3.9       10
DAYS >= .10         2               5.3    -3.3        7
DAYS >= .50         1               3.2    -2.2        4
DAYS >= 1.00        0               1.7    -1.7        3

SNOWFALL (INCHES)
RECORDS
 TOTAL            0.0   2002
                        2001
TOTALS            0.0               0.0     0.0      0.0
SINCE 7/1         0.0               0.0     0.0      0.0
SNOWDEPTH AVG.      0                MM      MM        0
DAYS >= 1.0         0               0.0     0.0        0
GREATEST
 SNOW DEPTH         0   MM                             0  MM
 24 HR TOTAL      0.0   10/31 TO 10/31

DEGREE_DAYS
HEATING TOTAL      43                29      14       39
 SINCE 7/1         43                30      13       39
COOLING TOTAL     260               229      31      260
 SINCE 1/1       3521              3054     467     3440
.................................................................

WIND (MPH)
AVERAGE WIND SPEED              7.1
RESULTANT WIND SPEED/DIRECTION   2/069
HIGHEST WIND SPEED/DIRECTION    40/360    DATE  10/23
HIGHEST GUST SPEED/DIRECTION    54/360    DATE  10/23

SKY COVER
AVERAGE SKY COVER           0.50

AVERAGE RH (PERCENT)     73

WEATHER CONDITIONS. NUMBER OF DAYS WITH
THUNDERSTORM              2     MIXED PRECIP                0
HEAVY RAIN                1     RAIN                        2
LIGHT RAIN               10     FREEZING RAIN               0
LT FREEZING RAIN          0     HAIL                        0
HEAVY SNOW                0     SNOW                        0
LIGHT SNOW                0     SLEET                       0
FOG                      12     FOG W/VIS <= 1/4 MILE       5
HAZE                      2

-  INDICATES NEGATIVE NUMBERS.
R  INDICATES RECORD WAS SET OR TIED.
MM INDICATES DATA IS MISSING.
T  INDICATES TRACE AMOUNT.

$$
