357
CXUS52 KILM 012027
CLMILM

CLIMATE REPORT
NATIONAL WEATHER SERVICE WILMINGTON NC
327 PM EST SUN NOV 01 2020

...................................

...THE WILMINGTON NORTH CAROLINA CLIMATE SUMMARY FOR THE MONTH OF OCTOBER 2020...

CLIMATE NORMAL PERIOD 1981 TO 2010
CLIMATE RECORD PERIOD 1871 TO 2020

WEATHER         OBSERVED          NORMAL  DEPART   LAST YEAR`S
                VALUE   DATE(S)   VALUE   FROM     VALUE DATE(S)
                                          NORMAL
................................................................
TEMPERATURE (F)
RECORD
 HIGH             98   10/03/2019
 LOW              27   10/27/1962
HIGHEST           89   10/08         MM      MM       98  10/03
LOWEST            50   10/18         MM      MM       45  10/18
                       10/31
AVG. MAXIMUM    79.4               75.7     3.7     80.8
AVG. MINIMUM    60.5               54.6     5.9     61.5
MEAN            70.0               65.2     4.8     71.2
DAYS MAX >= 90     0                0.2    -0.2        3
DAYS MAX <= 32     0                0.0     0.0        0
DAYS MIN <= 32     0                0.0     0.0        0
DAYS MIN <= 0      0                0.0     0.0        0

PRECIPITATION (INCHES)
RECORD
 MAXIMUM       15.91   2015
 MINIMUM        0.02   1943
TOTALS          4.18               3.89    0.29     3.66
DAILY AVG.      0.13               0.13    0.00
DAYS >= .01        8                9.0    -1.0
DAYS >= .10        4                4.9    -0.9
DAYS >= .50        2                2.2    -0.2
DAYS >= 1.00       2                1.1     0.9
GREATEST
 24 HR. TOTAL   2.23   10/11 TO 10/11

SNOWFALL (INCHES)
RECORDS
 TOTAL            MM   MM
 24 HR TOTAL      MM
TOTALS           0.0                0.0     0.0      0.0
SINCE 7/1        0.0                0.0     0.0       MM
DAYS >= TRACE      0                0.0     0.0        0
DAYS >= 1.0        0                0.0     0.0        0
GREATEST
 SNOW DEPTH        0                                   0  MM
 24 HR TOTAL      MM                                 0.0  10/31 TO 10/31
 STORM TOTAL     0.0
 (MM/DD(HH))

DEGREE DAYS
HEATING TOTAL     15                 92     -77       22
 SINCE 7/1        22                 97     -75
COOLING TOTAL    177                 97      80      221
 SINCE 1/1      2301               2014     287

FREEZE DATES
RECORD
 EARLIEST     10/16/1876
 LATEST       04/21/1983
EARLIEST                        MM
LATEST                          03/20
................................................................

WIND (MPH)
AVERAGE WIND SPEED              6.3
RESULTANT WIND SPEED/DIRECTION   2/030
HIGHEST WIND SPEED/DIRECTION    33/210    DATE  10/29
HIGHEST GUST SPEED/DIRECTION    52/230    DATE  10/29

SKY COVER
AVERAGE SKY COVER           0.38

AVERAGE RH (PERCENT)     74

WEATHER CONDITIONS. NUMBER OF DAYS WITH
THUNDERSTORM              0     MIXED PRECIP               0
HEAVY RAIN                3     RAIN                       5
LIGHT RAIN               10     FREEZING RAIN              0
LT FREEZING RAIN          0     HAIL                       0
HEAVY SNOW                0     SNOW                       0
LIGHT SNOW                0     SLEET                      0
FOG                      18     FOG W/VIS <= 1/4 MILE      6
HAZE                      0

-  INDICATES NEGATIVE NUMBERS.
R  INDICATES RECORD WAS SET OR TIED.
MM INDICATES DATA IS MISSING.
T  INDICATES TRACE AMOUNT.

$$
