000
CXUS53 KIND 011616
CLMIND

CLIMATE REPORT
NATIONAL WEATHER SERVICE INDIANAPOLIS IN
1116 AM EST SUN NOV 01 2020

...................................

...THE INDIANAPOLIS IN CLIMATE SUMMARY FOR THE MONTH OF OCTOBER 2020...

CLIMATE NORMAL PERIOD 1981 TO 2010
CLIMATE RECORD PERIOD 1871 TO 2020

WEATHER         OBSERVED          NORMAL  DEPART   LAST YEAR`S
                VALUE   DATE(S)   VALUE   FROM     VALUE DATE(S)
                                          NORMAL
................................................................
TEMPERATURE (F)
RECORD
 HIGH             92   10/02/2019
                       10/01/2019
 LOW              20   10/24/1981
                       10/28/1976
                       10/26/1962
HIGHEST           84   10/07                          92  10/02
                       10/09
                                                          10/01
LOWEST            31   10/31                          29  10/31
AVG. MAXIMUM    64.9               65.3    -0.4     66.5
AVG. MINIMUM    44.5               44.7    -0.2     46.5
MEAN            54.7               55.0    -0.3     56.5
DAYS MAX >= 90     0                0.0     0.0        2
DAYS MAX <= 32     0                0.0     0.0        0
DAYS MIN <= 32     2                2.3    -0.3        1
DAYS MIN <= 0      0                0.0     0.0        0

PRECIPITATION (INCHES)
RECORD
 MAXIMUM        8.98   1919
 MINIMUM        0.17   1963
TOTALS          5.35               3.12    2.23     4.48
DAILY AVG.      0.17               0.10    0.07     0.14
DAYS >= .01       11                8.6     2.4        7
DAYS >= .10        8                5.3     2.7        6
DAYS >= .50        5                2.1     2.9        3
DAYS >= 1.00       2                0.8     1.2        2
GREATEST
 24 HR. TOTAL   1.42   10/20 TO 10/21

SNOWFALL (INCHES)
RECORDS
 TOTAL           9.3   1989
 SNOW DEPTH        2   10/19/1989
TOTALS             T                0.4    -0.4        T
SINCE 7/1          T                0.4    -0.4       MM
SNOWDEPTH AVG.     0
DAYS >= 1.0        0                0.0     0.0        0
GREATEST
 SNOW DEPTH        0                                   0  MM
 24 HR TOTAL      MM                                   T  10/31 TO 10/31

DEGREE DAYS
HEATING TOTAL    333                326       7      295
 SINCE 7/1       376                401     -25      295
COOLING TOTAL     20                 16       4       37
 SINCE 1/1      1218               1065     153     1344
................................................................

WIND (MPH)
AVERAGE WIND SPEED              9.1
HIGHEST WIND SPEED/DIRECTION    35/290    DATE  10/12
HIGHEST GUST SPEED/DIRECTION    45/300    DATE  10/12

SKY COVER
POSSIBLE SUNSHINE (PERCENT)   MM
AVERAGE SKY COVER           0.60
NUMBER OF DAYS FAIR            8
NUMBER OF DAYS PC             11
NUMBER OF DAYS CLOUDY         12

AVERAGE RH (PERCENT)     70

WEATHER CONDITIONS. NUMBER OF DAYS WITH
THUNDERSTORM              3     MIXED PRECIP               0
HEAVY RAIN                3     RAIN                       5
LIGHT RAIN               14     FREEZING RAIN              0
LT FREEZING RAIN          0     HAIL                       1
HEAVY SNOW                0     SNOW                       0
LIGHT SNOW                0     SLEET                      0
FOG                      17     FOG W/VIS <= 1/4 MILE      2
HAZE                      2

-  INDICATES NEGATIVE NUMBERS.
R  INDICATES RECORD WAS SET OR TIED.
MM INDICATES DATA IS MISSING.
T  INDICATES TRACE AMOUNT.

$$
