000
CXUS53 KGLD 040126
CLMITR

CLIMATE REPORT
NATIONAL WEATHER SERVICE
626 PM MST TUE NOV 03 2020

...................................

...THE BURLINGTON CO CLIMATE SUMMARY FOR THE MONTH OF OCTOBER 2020...

CLIMATE NORMAL PERIOD: 1981 TO 2010
CLIMATE RECORD PERIOD: 1896 TO 2020

WEATHER         OBSERVED          NORMAL  DEPART   LAST YEAR`S
                VALUE   DATE(S)   VALUE   FROM     VALUE DATE(S)
                                          NORMAL
................................................................
TEMPERATURE (F)
RECORD
 HIGH             93   10/09/2020
                       10/05/2007
                       10/07/1934
 LOW               0   10/27/2020
HIGHEST           93R  10/09         86       7       87  10/17
                                                          10/08
LOWEST             0R  10/27         22     -22        4  10/31
                                                          10/30
AVG. MAXIMUM    66.0               65.5     0.5     62.2
AVG. MINIMUM    32.5               36.3    -3.8     29.4
MEAN            49.2               50.9    -1.7     45.8
DAYS MAX >= 90     3                0.4     2.6        0
DAYS MAX <= 32     4                0.6     3.4        3
DAYS MIN <= 32    14                8.9     5.1       17
DAYS MIN <= 0      1                0.0     1.0        0

PRECIPITATION (INCHES)
RECORD
 MAXIMUM        4.59   1942
 MINIMUM        0.00   1988
TOTALS          0.12               1.15   -1.03     0.01
DAILY AVG.      0.00               0.04   -0.04     0.00
DAYS >= .01        2                 MM      MM        1
DAYS >= .10        0                 MM      MM        0
DAYS >= .50        0                 MM      MM        0
DAYS >= 1.00       0                 MM      MM        0
GREATEST
 24 HR. TOTAL   0.12   10/25 TO 10/26               0.01
 STORM TOTAL    0.08



................................................................



-  INDICATES NEGATIVE NUMBERS.
R  INDICATES RECORD WAS SET OR TIED.
MM INDICATES DATA IS MISSING.
T  INDICATES TRACE AMOUNT.

$$
