000
CXUS52 KMLB 011339
CLMLEE

CLIMATE REPORT
NATIONAL WEATHER SERVICE MELBOURNE FL
839 AM EST SUN NOV 01 2020

...................................

...THE LEESBURG CLIMATE SUMMARY FOR THE MONTH OF OCTOBER 2020...

CLIMATE NORMAL PERIOD 1981 TO 2010
CLIMATE RECORD PERIOD 1958 TO 2020

WEATHER         OBSERVED          NORMAL  DEPART   LAST YEAR`S
                VALUE   DATE(S)   VALUE   FROM     VALUE
                                          NORMAL
..............................................................
TEMPERATURE (F)
MONTHLY RECORD
 HOTTEST        80.6   2019
 COOLEST        67.2   1987
DAILY RECORD
 HIGH             97   10/04/1990
 LOW              39   10/22/1989
OCTOBER 2020
HIGHEST           93   10/06                          94
                       10/07
LOWEST            58   10/31                          66
AVG. MAXIMUM    87.3               84.4     2.9     88.9
AVG. MINIMUM    70.7               65.8     4.9     72.4
MEAN            79.0               75.1     3.9     80.6
DAYS MAX >= 90     9                3.0     6.0       18
DAYS MAX <= 32     0                0.0     0.0        0
DAYS MIN <= 32     0                0.0     0.0        0
DAYS MIN <= 0      0                0.0     0.0        0

PRECIPITATION (INCHES)
MONTHLY RECORD
 MAXIMUM        9.22   1969
 MINIMUM        0.01   2013
DAILY RECORD
 MAXIMUM        3.02   10/24/2005
OCTOBER 2020
TOTALS          2.46               3.10   -0.64     3.49
DAYS >= .01       11                                  11
DAYS >= .10        6                                   6
DAYS >= .50        2                                   2
DAYS >= 1.00       0                                   1
GREATEST
 24 HR. TOTAL   0.80   10/09 TO 10/09

SNOWFALL (INCHES)
TOTALS           0.0                 MM      MM      0.0
SINCE 7/1        0.0                 MM      MM       MM
DAYS >= TRACE      0                                   0

DEGREE DAYS
HEATING TOTAL      0                  6      -6        0
 SINCE 7/1         0                  3      -3        0
COOLING TOTAL    442                319     123      492
 SINCE 1/1      3897               3160     737     3710
..............................................................

WIND (MPH)
AVERAGE WIND SPEED              6.7
HIGHEST WIND SPEED/DIRECTION    23/040    DATE  10/18
HIGHEST GUST SPEED/DIRECTION    31/210    DATE  10/29

SKY COVER
POSSIBLE SUNSHINE (PERCENT)   MM
AVERAGE SKY COVER           0.27
NUMBER OF DAYS FAIR           22
NUMBER OF DAYS PC              8
NUMBER OF DAYS CLOUDY          1

AVERAGE RH (PERCENT)     79

WEATHER CONDITIONS. NUMBER OF DAYS WITH
THUNDERSTORM              4     MIXED PRECIP               0
HEAVY RAIN                4     RAIN                       5
LIGHT RAIN               12     LT FREEZING RAIN           0
HAIL                      0     LIGHT SNOW                 0
SLEET                     0     FOG                       15
FOG W/VIS <= 1/4 MILE     2     HAZE                       3

-  INDICATES NEGATIVE NUMBERS.
R  INDICATES RECORD WAS SET OR TIED.
MM INDICATES DATA IS MISSING.
T  INDICATES TRACE AMOUNT.

$$
