671
CXUS53 KILX 011146
CLMLWV

CLIMATE REPORT
NATIONAL WEATHER SERVICE LINCOLN IL
646 AM CDT TUE JUN 01 2021

...................................

...THE LAWRENCEVILLE IL AIRPORT CLIMATE SUMMARY FOR THE MONTH OF MAY 2021...

CLIMATE NORMAL PERIOD 1991 TO 2020
CLIMATE RECORD PERIOD 9999 TO 9999

WEATHER         OBSERVED          NORMAL  DEPART   LAST YEAR`S
                VALUE   DATE(S)   VALUE   FROM     VALUE
                                          NORMAL
..............................................................
TEMPERATURE (F)
RECORD
 HIGH             MM   MM
 LOW              39   05/10/2021
HIGHEST           90   05/24         MM      MM       MM
                       05/25
LOWEST            39R  05/10         MM      MM       35
AVG. MAXIMUM    74.9               76.8    -1.9       MM
AVG. MINIMUM    53.2               56.0    -2.8       MM
MEAN            64.0               66.4    -2.4       MM
DAYS MAX >= 90     2                2.4    -0.4       MM
DAYS MAX <= 32     0                0.0     0.0       MM
DAYS MIN <= 32     0                0.0     0.0       MM
DAYS MIN <= 0      0                0.0     0.0       MM

PRECIPITATION (INCHES)
RECORD
 MAXIMUM        3.02   2020
 MINIMUM        3.02   2020
TOTALS          2.88R              4.85   -1.97     3.02
DAILY AVG.      0.09               0.16   -0.07     0.10
DAYS >= .01       12               12.2    -0.2       15
DAYS >= .10        7                7.8    -0.8        7
DAYS >= .50        1                3.3    -2.3        1
DAYS >= 1.00       1                1.4    -0.4        2
GREATEST
 24 HR. TOTAL   1.15   05/27 TO 05/28               1.32


DEGREE DAYS
HEATING TOTAL    136                 85      51       MM
 SINCE 7/1      4536               4709    -173     4517
COOLING TOTAL    115                128     -13       MM
 SINCE 1/1       130                154     -24       45
..............................................................

WIND (MPH)
AVERAGE WIND SPEED              8.3
HIGHEST WIND SPEED/DIRECTION    32/310    DATE  05/27
HIGHEST GUST SPEED/DIRECTION    54/280    DATE  05/27

AVERAGE RH (PERCENT)     68

WEATHER CONDITIONS. NUMBER OF DAYS WITH
THUNDERSTORM              6     MIXED PRECIP               0
HEAVY RAIN                6     RAIN                       5
LIGHT RAIN               16     FREEZING RAIN              0
LT FREEZING RAIN          0     HAIL                       0
HEAVY SNOW                0     SNOW                       0
LIGHT SNOW                0     SLEET                      0
FOG                      11     FOG W/VIS <= 1/4 MILE      1
HAZE                      2

-  INDICATES NEGATIVE NUMBERS.
R  INDICATES RECORD WAS SET OR TIED.
MM INDICATES DATA IS MISSING.
T  INDICATES TRACE AMOUNT.

$$
