060
CXUS53 KILX 011559
CLMLWV

CLIMATE REPORT
NATIONAL WEATHER SERVICE LINCOLN IL
959 AM CST SUN NOV 01 2020

...................................

...THE LAWRENCEVILLE IL AIRPORT CLIMATE SUMMARY FOR THE MONTH OF OCTOBER 2020...

CLIMATE NORMAL PERIOD 1981 TO 2010
CLIMATE RECORD PERIOD 9999 TO 9999

WEATHER         OBSERVED          NORMAL  DEPART   LAST YEAR`S
                VALUE   DATE(S)   VALUE   FROM     VALUE
                                          NORMAL
..............................................................
TEMPERATURE (F)
RECORD
 HIGH             MM   MM
 LOW              MM   MM
HIGHEST           90   10/07         MM      MM       95
LOWEST            30   10/16         MM      MM       28
AVG. MAXIMUM    68.4               69.5    -1.1     69.0
AVG. MINIMUM    44.1               45.9    -1.8     45.4
MEAN            56.2               57.7    -1.5     57.2
DAYS MAX >= 90     1                0.3     0.7        2
DAYS MAX <= 32     0                0.0     0.0        0
DAYS MIN <= 32     1                1.4    -0.4        1
DAYS MIN <= 0      0                0.0     0.0        0

PRECIPITATION (INCHES)
RECORD
 MAXIMUM          MM   MM
 MINIMUM          MM   MM
TOTALS          5.54               3.98    1.56     5.05
DAILY AVG.      0.18               0.13    0.05     0.16
DAYS >= .01       12                 MM      MM        7
DAYS >= .10        7                 MM      MM        6
DAYS >= .50        4                 MM      MM        4
DAYS >= 1.00       2                 MM      MM        2
GREATEST
 24 HR. TOTAL   1.73   10/18 TO 10/19               2.16


DEGREE DAYS
HEATING TOTAL    294                258      36      268
 SINCE 7/1       326                297      29      268
COOLING TOTAL     29                 32      -3       43
 SINCE 1/1      1216               1386    -170     1511
..............................................................

WIND (MPH)
AVERAGE WIND SPEED              8.1
HIGHEST WIND SPEED/DIRECTION    32/190    DATE  10/14
HIGHEST GUST SPEED/DIRECTION    42/190    DATE  10/14

AVERAGE RH (PERCENT)     68

WEATHER CONDITIONS. NUMBER OF DAYS WITH
THUNDERSTORM              3     MIXED PRECIP               0
HEAVY RAIN                6     RAIN                       7
LIGHT RAIN               13     FREEZING RAIN              0
LT FREEZING RAIN          0     HAIL                       0
HEAVY SNOW                0     SNOW                       0
LIGHT SNOW                0     SLEET                      0
FOG                      14     FOG W/VIS <= 1/4 MILE      5
HAZE                      3

-  INDICATES NEGATIVE NUMBERS.
R  INDICATES RECORD WAS SET OR TIED.
MM INDICATES DATA IS MISSING.
T  INDICATES TRACE AMOUNT.

$$
