000
CXUS56 KHNX 041420
CLMMAE


CLIMATE REPORT
NATIONAL WEATHER SERVICE SAN JOAQUIN VALLEY, CA
554 AM PST WED NOV 4 2020

...................................

...THE MADERA CA AIRPORT CLIMATE SUMMARY FOR THE MONTH OF OCTOBER 2020...

CLIMATE NORMAL PERIOD 1981 TO 2010
CLIMATE RECORD PERIOD 1928 TO 2020

WEATHER         OBSERVED          NORMAL  DEPART  LAST YEAR`S
                 VALUE   DATE(S)  VALUE   FROM    VALUE  DATE(S)
                                          NORMAL
................................................................
TEMPERATURE (F)
RECORD
 HIGH             101   10/10/1996
                        10/15/1961
 LOW               24   10/19/1949
HIGHEST            96   10/04        MM      MM       91  10/08
                        10/01
LOWEST             39   10/28        MM      MM       34  10/31
                                                          10/30
AVG. MAXIMUM     84.9              79.2     5.7     79.1
AVG. MINIMUM     50.0              48.8     1.2     44.1
MEAN             67.4              64.0     3.4     61.6
DAYS MAX >= 90     10               3.2     6.8        2
DAYS MIN <= 32      0               0.0     0.0        0

PRECIPITATION (INCHES)
RECORD
 MAXIMUM         2.78   1936
TOTALS           0.00              0.88   -0.88     0.00
DAYS >= .01         0                MM      MM        0
DAYS >= .10         0                MM      MM        0
DAYS >= .50         0                MM      MM        0
DAYS >= 1.00        0                MM      MM        0
GREATEST
 24 HR. TOTAL    0.00   10/31 TO 10/31
                        10/30 TO 10/30
                        10/29 TO 10/29

SNOWFALL (INCHES)
RECORDS
 TOTAL            0.0
TOTALS            0.0                0.0

DEGREE_DAYS
HEATING TOTAL      48                90     -42      120
 SINCE 7/1         48                97     -49      132
COOLING TOTAL     132                59      73       22
 SINCE 1/1       1931              1521     410     1794
.................................................................

WIND (MPH)
AVERAGE WIND SPEED              3.6
HIGHEST WIND SPEED/DIRECTION    20/330    DATE  10/26
HIGHEST GUST SPEED/DIRECTION    24/330    DATE  10/26

AVERAGE RH (PERCENT)     54

WEATHER CONDITIONS. NUMBER OF DAYS WITH
THUNDERSTORM              0     RAIN                       0
HAIL                      0     FOG                        8
FOG W/VIS <= 1/4 MILE     0     HAZE                      19

-  INDICATES NEGATIVE NUMBERS.
R  INDICATES RECORD WAS SET OR TIED.
MM INDICATES DATA IS MISSING.
T  INDICATES TRACE AMOUNT.

$$
