178
CXUS53 KABR 011458
CLMMBG

CLIMATE REPORT
NATIONAL WEATHER SERVICE ABERDEEN SD
858 AM CST SUN NOV 01 2020

...................................

...THE MOBRIDGE SD CLIMATE SUMMARY FOR THE MONTH OF OCTOBER 2020...

CLIMATE NORMAL PERIOD 1981 TO 2010
CLIMATE RECORD PERIOD 1911 TO 2020

WEATHER         OBSERVED          NORMAL  DEPART   LAST YEAR`S
                VALUE   DATE(S)   VALUE   FROM     VALUE DATE(S)
                                          NORMAL
................................................................
TEMPERATURE (F)
RECORD
 HIGH             94   10/10/2015
                       10/04/1963
                       10/05/1947
 LOW                   10/26/2020
HIGHEST           85   10/06         60      25       74  10/08
LOWEST                 10/26         MM      MM       12  10/31
AVG. MAXIMUM    52.8               59.8    -7.0     51.8
AVG. MINIMUM    31.1               34.6    -3.5     31.2
MEAN            42.0               47.2    -5.2     41.5
DAYS MAX >= 90     0                0.2    -0.2        0
DAYS MAX <= 32     5                0.2     4.8        1
DAYS MIN <= 32    17               11.8     5.2       15
DAYS MIN <= 0      1                0.0     1.0        0

PRECIPITATION (INCHES)
RECORD
 MAXIMUM        5.69   2013
 MINIMUM           T   1952
TOTALS          1.54               1.50    0.04     3.36
DAYS >= .01        9                 MM      MM        8
DAYS >= .10        4                 MM      MM        5
DAYS >= .50        1                 MM      MM        3
DAYS >= 1.00       0                 MM      MM        1

SNOWFALL (INCHES)
RECORDS
 TOTAL           8.0   5
 SNOW DEPTH       MM   MM
TOTALS          12.4R                MM      MM      5.6
SINCE 7/1       12.4                 MM      MM       MM
SNOWDEPTH AVG.     2                                   0
DAYS >= TRACE      7
DAYS >= 1.0        4
GREATEST
 SNOW DEPTH        8   10/25                           4  10/11
                       10/26
                       10/27

DEGREE DAYS
HEATING TOTAL    707                554     153      724
 SINCE 7/1       835                774      61      851
COOLING TOTAL      0                  3      -3        0
 SINCE 1/1       940                644     296      648

FREEZE DATES
RECORD
 EARLIEST     MM
 LATEST       MM
EARLIEST                        09/09
LATEST                          05/11
................................................................

WIND (MPH)
AVERAGE WIND SPEED              10.8
RESULTANT WIND SPEED/DIRECTION   2/330
HIGHEST WIND SPEED/DIRECTION    37/330    DATE  10/31
HIGHEST GUST SPEED/DIRECTION    51/310    DATE  10/14
                                51/310          10/31

SKY COVER
POSSIBLE SUNSHINE (PERCENT)   MM
AVERAGE SKY COVER           0.38
NUMBER OF DAYS FAIR           19
NUMBER OF DAYS PC              7
NUMBER OF DAYS CLOUDY          5

AVERAGE RH (PERCENT)     62

WEATHER CONDITIONS. NUMBER OF DAYS WITH
THUNDERSTORM              0     MIXED PRECIP               0
HEAVY RAIN                0     RAIN                       1
LIGHT RAIN                6     FREEZING RAIN              0
LT FREEZING RAIN          0     HAIL                       0
HEAVY SNOW                0     SNOW                       2
LIGHT SNOW                7     SLEET                      0
FOG                       8     FOG W/VIS <= 1/4 MILE      2
HAZE                      3

-  INDICATES NEGATIVE NUMBERS.
R  INDICATES RECORD WAS SET OR TIED.
MM INDICATES DATA IS MISSING.
T  INDICATES TRACE AMOUNT.

$$
