591
CXUS54 KMEG 020144
CLMMEM


CLIMATE REPORT
NATIONAL WEATHER SERVICE MEMPHIS TN
742 PM CST SUN NOV 1 2020

...................................

...THE MEMPHIS CLIMATE SUMMARY FOR THE MONTH OF OCTOBER 2020...

CLIMATE NORMAL PERIOD 1981 TO 2010
CLIMATE RECORD PERIOD 1872 TO 2020

WEATHER         OBSERVED          NORMAL  DEPART  LAST YEAR`S
                 VALUE   DATE(S)  VALUE   FROM    VALUE  DATE(S)
                                          NORMAL
................................................................
TEMPERATURE (F)
RECORD
 HIGH              98   10/03/2019
 LOW               25   10/29/1952
HIGHEST            85   10/22        74      11       98  10/03
                        10/21
                        10/20
LOWEST             39   10/30        52     -13       32  10/31
AVG. MAXIMUM     72.3              74.4    -2.1     73.8
AVG. MINIMUM     53.3              53.8    -0.5     54.2
MEAN             62.8              64.1    -1.3     64.0
DAYS MAX >= 90      0               0.3    -0.3        4
DAYS MAX <= 32      0               0.0     0.0        0
DAYS MIN <= 32      0               0.1    -0.1        1
DAYS MIN <= 0       0               0.0     0.0        0

PRECIPITATION (INCHES)
RECORD
 MAXIMUM        12.95   2019
 MINIMUM         0.00   1963
TOTALS           4.69              3.98    0.71    12.95
DAILY AVG.       0.15              0.13    0.02     0.42
DAYS >= .01         6               7.5    -1.5       11
DAYS >= .10         3               5.4    -2.4        8
DAYS >= .50         2               2.6    -0.6        7
DAYS >= 1.00        2               1.3     0.7        5
GREATEST
 24 HR. TOTAL    2.68   10/28 TO 10/28

SNOWFALL (INCHES)
RECORDS
 TOTAL            0.0   2002
                        2001
                        1993
TOTALS            0.0               0.0     0.0      0.0
SINCE 7/1         0.0               0.0     0.0      0.0
SNOWDEPTH AVG.      0                MM      MM        0
DAYS >= 1.0         0               0.0     0.0        0
GREATEST
 SNOW DEPTH         0   MM                             0  MM
 24 HR TOTAL      0.0   10/31 TO 10/31

DEGREE_DAYS
HEATING TOTAL     132               120      12      147
 SINCE 7/1        139               131       8      147
COOLING TOTAL      72                92     -20      121
 SINCE 1/1       2144              2243     -99     2479
.................................................................

WIND (MPH)
AVERAGE WIND SPEED              7.0
HIGHEST WIND SPEED/DIRECTION    25/070    DATE  10/10
HIGHEST GUST SPEED/DIRECTION    34/070    DATE  10/10

SKY COVER
POSSIBLE SUNSHINE (PERCENT)   MM
AVERAGE SKY COVER           0.50
NUMBER OF DAYS FAIR           15
NUMBER OF DAYS PC              6
NUMBER OF DAYS CLOUDY         10

AVERAGE RH (PERCENT)     70

WEATHER CONDITIONS. NUMBER OF DAYS WITH
  0
  4
  0
  0
  0
  0
  0
HAZE                      2

-  INDICATES NEGATIVE NUMBERS.
R  INDICATES RECORD WAS SET OR TIED.
MM INDICATES DATA IS MISSING.
T  INDICATES TRACE AMOUNT.

$$
