000
CXUS54 KMOB 011909
CLMMOB


CLIMATE REPORT
NATIONAL WEATHER SERVICE MOBILE AL
1236 PM CST TUE DEC 1 2020

...................................

...THE MOBILE CLIMATE SUMMARY FOR THE MONTH OF NOVEMBER 2020...

CLIMATE NORMAL PERIOD 1981 TO 2010
CLIMATE RECORD PERIOD 1842 TO 2020

WEATHER         OBSERVED          NORMAL  DEPART  LAST YEAR`S
                 VALUE   DATE(S)  VALUE   FROM    VALUE  DATE(S)
                                          NORMAL
................................................................
TEMPERATURE (F)
RECORD
 HIGH              88   11/04/2016
 LOW               22   11/25/1950
HIGHEST            83   11/09                         81  11/07
LOWEST             32   11/30                         26  11/13
AVG. MAXIMUM     73.9              70.6     3.3     70.6
AVG. MINIMUM     52.1              48.6     3.5     44.0
MEAN             63.0              59.6     3.4     57.3
DAYS MAX >= 90      0               0.0     0.0        0
DAYS MAX <= 32      0               0.0     0.0        0
DAYS MIN <= 32      1               1.5    -0.5        2
DAYS MIN <= 0       0               0.0     0.0        0

PRECIPITATION (INCHES)
RECORD
 MAXIMUM        13.65   1948
 MINIMUM         0.06   1924
TOTALS           1.90              5.13   -3.23     1.27
DAILY AVG.       0.06              0.17   -0.11     0.04
DAYS >= .01         6               7.9    -1.9        6
DAYS >= .10         4               5.5    -1.5        2
DAYS >= .50         2               2.9    -0.9        2
DAYS >= 1.00        0               1.6    -1.6        0
GREATEST
 24 HR. TOTAL    0.86   11/26 TO 11/26


DEGREE_DAYS
HEATING TOTAL     116               203     -87      240
 SINCE 7/1        143               258    -115      267
COOLING TOTAL      65                41      24       18
 SINCE 1/1       2633              2503     130     3128
.................................................................

WIND (MPH)
AVERAGE WIND SPEED              7.5
HIGHEST WIND SPEED/DIRECTION    28/190    DATE  11/29
HIGHEST GUST SPEED/DIRECTION    43/190    DATE  11/29

SKY COVER
POSSIBLE SUNSHINE (PERCENT)
AVERAGE SKY COVER           0.40
NUMBER OF DAYS FAIR           16
NUMBER OF DAYS PC              8
NUMBER OF DAYS CLOUDY          6

AVERAGE RH (PERCENT)     71

WEATHER CONDITIONS. NUMBER OF DAYS WITH
THUNDERSTORM              1     MIXED PRECIP               0
HEAVY RAIN                3     RAIN                       4
LIGHT RAIN                6     FREEZING RAIN              0
LT FREEZING RAIN          0     HAIL                       0
HEAVY SNOW                0     SNOW                       0
LIGHT SNOW                0     SLEET                      0
FOG                       13    FOG W/VIS <= 1/4 MILE      2
HAZE                      5

-  INDICATES NEGATIVE NUMBERS.
R  INDICATES RECORD WAS SET OR TIED.
MM INDICATES DATA IS MISSING.
T  INDICATES TRACE AMOUNT.

$$
