000
CXUS53 KGID 011630
CLMODX

CLIMATE REPORT
NATIONAL WEATHER SERVICE HASTINGS NE
1030 AM CST SUN NOV 01 2020

...................................

...THE ORD NE CLIMATE SUMMARY FOR THE MONTH OF OCTOBER 2020...

CLIMATE NORMAL PERIOD 1981 TO 2010
CLIMATE RECORD PERIOD 1895 TO 2020

WEATHER         OBSERVED          NORMAL  DEPART   LAST YEAR`S
                VALUE   DATE(S)   VALUE   FROM     VALUE DATE(S)
                                          NORMAL
................................................................
TEMPERATURE (F)
HIGHEST           89   10/09         MM      MM       75  10/14
LOWEST             2R  10/27         MM      MM        6  10/31
AVG. MAXIMUM    60.5               63.0    -2.5     57.1
AVG. MINIMUM    32.1               36.3    -4.2     29.6
MEAN            46.3               49.6    -3.3     43.4
DAYS MAX >= 90     0                0.5    -0.5        0
DAYS MAX <= 32     4                0.3     3.7        1
DAYS MIN <= 32    14                9.8     4.2       18
DAYS MIN <= 0      0                0.0     0.0        0

PRECIPITATION (INCHES)
TOTALS          1.16               1.93   -0.77     1.80
DAILY AVG.      0.04               0.06   -0.02     0.06
DAYS >= .01        8                 MM      MM        7
DAYS >= .10        5                 MM      MM        2
DAYS >= .50        0                 MM      MM        1
DAYS >= 1.00       0                 MM      MM        1
GREATEST
 24 HR. TOTAL   0.54   10/17 TO 10/18


DEGREE DAYS
HEATING TOTAL    576                483      93      664
 SINCE 7/1       714                620      94      698
COOLING TOTAL      4                  7      -3        0
 SINCE 1/1       949                845     104      837
................................................................

WIND (MPH)
AVERAGE WIND SPEED              8.7
HIGHEST WIND SPEED/DIRECTION    38/320    DATE  10/11
HIGHEST GUST SPEED/DIRECTION    52/310    DATE  10/11

SKY COVER
POSSIBLE SUNSHINE (PERCENT)   MM
AVERAGE SKY COVER           0.31
NUMBER OF DAYS FAIR           19
NUMBER OF DAYS PC              7
NUMBER OF DAYS CLOUDY          5

AVERAGE RH (PERCENT)     65

WEATHER CONDITIONS. NUMBER OF DAYS WITH
THUNDERSTORM              0     MIXED PRECIP               0
HEAVY RAIN                0     RAIN                       0
LIGHT RAIN                5     FREEZING RAIN              0
LT FREEZING RAIN          1     HAIL                       0
HEAVY SNOW                0     SNOW                       2
LIGHT SNOW                6     SLEET                      0
FOG                      12     FOG W/VIS <= 1/4 MILE      1
HAZE                      1

-  INDICATES NEGATIVE NUMBERS.
R  INDICATES RECORD WAS SET OR TIED.
MM INDICATES DATA IS MISSING.
T  INDICATES TRACE AMOUNT.

$$
