012
CXAK59 PAFG 012005
CLMOME

CLIMATE REPORT
NATIONAL WEATHER SERVICE FAIRBANKS AK
1105 AM AKST SUN NOV 01 2020

...................................

...THE NOME AK CLIMATE SUMMARY FOR THE MONTH OF OCTOBER 2020...

CLIMATE NORMAL PERIOD 1981 TO 2010
CLIMATE RECORD PERIOD 1906 TO 2020

WEATHER         OBSERVED          NORMAL  DEPART   LAST YEAR`S
                VALUE   DATE(S)   VALUE   FROM     VALUE DATE(S)
                                          NORMAL
................................................................
TEMPERATURE (F)
RECORD
 HIGH             59   10/12/2016
                       10/01/1954
                       06/14/1969
 LOW             -10   10/28/1966
HIGHEST           54   10/02         MM      MM       47  10/02
                                                          10/01
LOWEST             6   10/30         MM      MM       13  10/25
AVG. MAXIMUM    40.2               34.5     5.7     37.7
AVG. MINIMUM    29.9               23.0     6.9     28.5
MEAN            35.0               28.7     6.3     33.1
DAYS MAX >= 90     0                0.0     0.0        0
DAYS MAX <= 32     4               11.4    -7.4        4
DAYS MIN <= 32    15               24.4    -9.4       22
DAYS MIN <= 0      0                0.2    -0.2        0

PRECIPITATION (INCHES)
RECORD
 MAXIMUM        7.37   1935
 MINIMUM           T
TOTALS          2.16               1.61    0.55     4.42
DAILY AVG.      0.07               0.05    0.02     0.14
DAYS >= .01       17               12.1     4.9       14
DAYS >= .10        5                5.3    -0.3        9
DAYS >= .50        2                0.5     1.5        4
DAYS >= 1.00       0                0.0     0.0        0
GREATEST
 24 HR. TOTAL   0.56   10/16 TO 10/17               0.99


DEGREE DAYS
HEATING TOTAL    922               1124    -202      980
 SINCE 7/1      2399               2651    -252     2350
COOLING TOTAL      0                  0       0        0
 SINCE 1/1         0                  3      -3       17
................................................................

WIND (MPH)
AVERAGE WIND SPEED              9.8
HIGHEST WIND SPEED/DIRECTION    38/110    DATE  10/07
HIGHEST GUST SPEED/DIRECTION    48/120    DATE  10/07

SKY COVER
AVERAGE SKY COVER           0.67
NUMBER OF DAYS FAIR            5


WEATHER CONDITIONS. NUMBER OF DAYS WITH
THUNDERSTORM              0     MIXED PRECIP               0
HEAVY RAIN                0     RAIN                       0
LIGHT RAIN               16     FREEZING RAIN              0
LT FREEZING RAIN          0     HAIL                       0
HEAVY SNOW                0     SNOW                       2
LIGHT SNOW                8     SLEET                      0
FOG                      17     FOG W/VIS <= 1/4 MILE      1
HAZE                      2

-  INDICATES NEGATIVE NUMBERS.
R  INDICATES RECORD WAS SET OR TIED.
MM INDICATES DATA IS MISSING.
T  INDICATES TRACE AMOUNT.

$$
