000
CXUS51 KPBZ 011410
CLMPHD

CLIMATE REPORT
NATIONAL WEATHER SERVICE PITTSBURGH PA
910 AM EST TUE DEC 01 2020

...................................

...THE NEW PHILADELPHIA OH CLIMATE SUMMARY FOR THE MONTH OF NOVEMBER 2020...

CLIMATE NORMAL PERIOD 1981 TO 2010
CLIMATE RECORD PERIOD 1948 TO 2020

WEATHER         OBSERVED          NORMAL  DEPART   LAST YEAR`S
                VALUE   DATE(S)   VALUE   FROM     VALUE DATE(S)
                                          NORMAL
................................................................
TEMPERATURE (F)
RECORD
 HIGH             81   11/04/1961
 LOW               4   11/30/1976
HIGHEST           78   11/08         72       6       59  11/26
                       11/10
LOWEST            25   11/14         18       7       12  11/13
AVG. MAXIMUM    57.3               52.8     4.5     46.9
AVG. MINIMUM    35.4               33.3     2.1     28.1
MEAN            46.3               43.0     3.3     37.5
DAYS MAX >= 90     0                0.0     0.0        0
DAYS MAX <= 32     0                1.0    -1.0        1
DAYS MIN <= 32     9               14.3    -5.3       20
DAYS MIN <= 0      0                0.0     0.0        0

PRECIPITATION (INCHES)
RECORD
 MAXIMUM       10.93   1985
 MINIMUM        0.61
TOTALS          2.36               3.27   -0.91     1.78
DAILY AVG.      0.08               0.11   -0.03     0.06
DAYS >= .01       11               12.7    -1.7        8
DAYS >= .10        6                7.1    -1.1        6
DAYS >= .50        1                2.1    -1.1        0
DAYS >= 1.00       0                0.5    -0.5        0
GREATEST
 24 HR. TOTAL   0.64   11/22 TO 11/22               1.26


DEGREE DAYS
HEATING TOTAL    553                659    -106
 SINCE 7/1       977               1158    -181       MM
COOLING TOTAL      0                  0       0
 SINCE 1/1       983                697     286       MM
................................................................

WIND (MPH)
AVERAGE WIND SPEED              5.6
HIGHEST WIND SPEED/DIRECTION    32/260    DATE  11/15
HIGHEST GUST SPEED/DIRECTION    49/270    DATE  11/15

AVERAGE RH (PERCENT)     70

WEATHER CONDITIONS. NUMBER OF DAYS WITH
THUNDERSTORM              0     MIXED PRECIP               0
HEAVY RAIN                1     RAIN                       6
LIGHT RAIN               10     FREEZING RAIN              0
LT FREEZING RAIN          0     HAIL                       0
HEAVY SNOW                0     SNOW                       0
LIGHT SNOW                3     SLEET                      0
FOG                      18     FOG W/VIS <= 1/4 MILE      2
HAZE                      1

-  INDICATES NEGATIVE NUMBERS.
R  INDICATES RECORD WAS SET OR TIED.
MM INDICATES DATA IS MISSING.
T  INDICATES TRACE AMOUNT.

$$
