061
CXUS53 KILX 011559
CLMPIA

CLIMATE REPORT
NATIONAL WEATHER SERVICE LINCOLN IL
959 AM CST SUN NOV 01 2020

...................................

...THE PEORIA IL CLIMATE SUMMARY FOR THE MONTH OF OCTOBER 2020...

CLIMATE NORMAL PERIOD 1981 TO 2010
CLIMATE RECORD PERIOD 1883 TO 2020

WEATHER         OBSERVED          NORMAL  DEPART   LAST YEAR`S
                VALUE   DATE(S)   VALUE   FROM     VALUE
                                          NORMAL
..............................................................
TEMPERATURE (F)
RECORD
 HIGH             93   10/03/2006
 LOW               7   10/30/1925
HIGHEST           83   10/10         65      18       88
LOWEST            30   10/28         43     -13       23
AVG. MAXIMUM    62.7               64.5    -1.8     61.7
AVG. MINIMUM    41.1               43.5    -2.4     42.4
MEAN            51.9               54.0    -2.1     52.0
DAYS MAX >= 90     0                0.1    -0.1        0
DAYS MAX <= 32     0                0.0     0.0        1
DAYS MIN <= 32     3                3.4    -0.4        3
DAYS MIN <= 0      0                0.0     0.0        0

PRECIPITATION (INCHES)
RECORD
 MAXIMUM       10.53   1941
 MINIMUM        0.03   1964
TOTALS          1.84               2.84   -1.00     5.30
DAILY AVG.      0.06               0.09   -0.03     0.17
DAYS >= .01       10                9.2     0.8       11
DAYS >= .10        3                6.0    -3.0        7
DAYS >= .50        2                2.1    -0.1        3
DAYS >= 1.00       0                0.5    -0.5        2
GREATEST
 24 HR. TOTAL   0.59   10/21 TO 10/21               1.67

SNOWFALL (INCHES)
RECORDS
 TOTAL           4.2   2019
TOTALS             T                  T     0.0      4.2
SINCE 7/1          T                  T     0.0       MM
DAYS >= 1.0        0                0.0     0.0        1
GREATEST
 SNOW DEPTH        0                                   1
 24 HR TOTAL      MM                                 3.9

DEGREE DAYS
HEATING TOTAL    415                356      59      418
 SINCE 7/1       474                448      26      419
COOLING TOTAL     14                 15      -1       22
 SINCE 1/1      1136               1039      97     1232
..............................................................

WIND (MPH)
AVERAGE WIND SPEED              7.5
HIGHEST WIND SPEED/DIRECTION    31/200    DATE  10/17
HIGHEST GUST SPEED/DIRECTION    43/200    DATE  10/14
                                43/210          10/17

AVERAGE RH (PERCENT)     65

WEATHER CONDITIONS. NUMBER OF DAYS WITH
THUNDERSTORM              3     MIXED PRECIP               0
HEAVY RAIN                2     RAIN                       3
LIGHT RAIN               11     FREEZING RAIN              0
LT FREEZING RAIN          0     HAIL                       0
HEAVY SNOW                0     SNOW                       0
LIGHT SNOW                1     SLEET                      0
FOG                      10     FOG W/VIS <= 1/4 MILE      1
HAZE                      2

-  INDICATES NEGATIVE NUMBERS.
R  INDICATES RECORD WAS SET OR TIED.
MM INDICATES DATA IS MISSING.
T  INDICATES TRACE AMOUNT.

&&

NO RECORDS WERE ESTABLISHED DURING THE MONTH.

$$
ERWIN
