000
CXUS54 KMOB 011243
CLMPNS


CLIMATE REPORT
NATIONAL WEATHER SERVICE MOBILE AL
611 AM CST SUN NOV 1 2020

...................................

...THE PENSACOLA CLIMATE SUMMARY FOR THE MONTH OF OCTOBER 2020...

CLIMATE NORMAL PERIOD 1981 TO 2010
CLIMATE RECORD PERIOD 1879 TO 2020

WEATHER         OBSERVED          NORMAL  DEPART  LAST YEAR`S
                 VALUE   DATE(S)  VALUE   FROM    VALUE  DATE(S)
                                          NORMAL
................................................................
TEMPERATURE (F)
RECORD
 HIGH              97   10/03/2019
 LOW               32   10/31/1993
HIGHEST            91   10/12                         97  10/03
LOWEST             50   10/30                         40  10/31
AVG. MAXIMUM     82.1              78.9     3.2     83.8
AVG. MINIMUM     65.5              60.3     5.2     65.7
MEAN             73.8              69.6     4.2     74.7
DAYS MAX >= 90      3               0.1     2.9        7
DAYS MAX <= 32      0               0.0     0.0        0
DAYS MIN <= 32      0               0.0     0.0        0
DAYS MIN <= 0       0               0.0     0.0        0

PRECIPITATION (INCHES)
RECORD
 MAXIMUM        20.51   1934
 MINIMUM         0.00   1978
TOTALS           5.00              5.24   -0.24     4.69
DAILY AVG.       0.16              0.17   -0.01     0.15
DAYS >= .01         7               6.1     0.9       14
DAYS >= .10         3               4.3    -1.3       10
DAYS >= .50         2               2.6    -0.6        3
DAYS >= 1.00        2               1.7     0.3        1
GREATEST
 24 HR. TOTAL    3.58   10/10 TO 10/10

DEGREE_DAYS
HEATING TOTAL      10                37     -27        9
 SINCE 7/1         10                38     -28        9
COOLING TOTAL     290               180     110      318
 SINCE 1/1       3118              2550     568     3282
.................................................................

WIND (MPH)
AVERAGE WIND SPEED              7.9
HIGHEST WIND SPEED/DIRECTION    45/160    DATE  10/28
HIGHEST GUST SPEED/DIRECTION    56/170    DATE  10/28

SKY COVER
POSSIBLE SUNSHINE (PERCENT)
AVERAGE SKY COVER           0.30
NUMBER OF DAYS FAIR           17
NUMBER OF DAYS PC             11
NUMBER OF DAYS CLOUDY          3

AVERAGE RH (PERCENT)     74

WEATHER CONDITIONS. NUMBER OF DAYS WITH
THUNDERSTORM              1     MIXED PRECIP               0
HEAVY RAIN                3     RAIN                       4
LIGHT RAIN                6     FREEZING RAIN              0
LT FREEZING RAIN          0     HAIL                       0
HEAVY SNOW                0     SNOW                       0
LIGHT SNOW                0     SLEET                      0
FOG                       8     FOG W/VIS <= 1/4 MILE      0
HAZE                      0


-  INDICATES NEGATIVE NUMBERS.
R  INDICATES RECORD WAS SET OR TIED.
MM INDICATES DATA IS MISSING.
T  INDICATES TRACE AMOUNT.

$$
