308
CXUS51 KPHI 011404
CLMRDG

CLIMATE REPORT
NATIONAL WEATHER SERVICE MOUNT HOLLY NJ
904 AM EST SUN NOV 01 2020

...................................

...THE READING PA CLIMATE SUMMARY FOR THE MONTH OF OCTOBER 2020...

CLIMATE NORMAL PERIOD: 1981 TO 2010
CLIMATE RECORD PERIOD: 1869 TO 2020

WEATHER         OBSERVED          NORMAL  DEPART   LAST YEAR`S
                VALUE   DATE(S)   VALUE   FROM     VALUE
                                          NORMAL
..............................................................
TEMPERATURE (F)
RECORD
 HIGH             94   10/05/1941
 LOW              20   10/28/1976
                       10/24/1969
HIGHEST           80                 MM      MM       93
LOWEST            34                 MM      MM       34
AVG. MAXIMUM    66.1               64.2     1.9     68.1
AVG. MINIMUM    47.5               43.2     4.3     48.6
MEAN            56.8               53.7     3.1     58.3
DAYS MAX >= 90     0                0.0     0.0        1
DAYS MAX <= 32     0                0.0     0.0        0
DAYS MIN <= 32     0                1.5    -1.5        0
DAYS MIN <= 0      0                0.0     0.0        0

PRECIPITATION (INCHES)
RECORD
 MAXIMUM       11.66   2005
 MINIMUM        0.04   1924
TOTALS          2.40               3.22   -0.82     6.53
DAILY AVG.      0.08               0.10   -0.02     0.21
DAYS >= .01       12                 MM      MM       11
DAYS >= .10        8                 MM      MM        9
DAYS >= .50        1                 MM      MM        5
DAYS >= 1.00       0                 MM      MM        3
GREATEST
 24 HR. TOTAL   1.12   10/29 TO 10/30               1.62


DEGREE DAYS
HEATING TOTAL    250                359    -109      223
 SINCE 7/1       312                440    -128      239
COOLING TOTAL      4                  9      -5       25
 SINCE 1/1      1301                896     405     1239
..............................................................

WIND (MPH)
AVERAGE WIND SPEED              5.2
HIGHEST WIND SPEED/DIRECTION    30/290    DATE  10/07
HIGHEST GUST SPEED/DIRECTION    39/230    DATE  10/07

SKY COVER
POSSIBLE SUNSHINE (PERCENT)   MM
AVERAGE SKY COVER           0.51
NUMBER OF DAYS FAIR           11
NUMBER OF DAYS PC             11
NUMBER OF DAYS CLOUDY          9

AVERAGE RH (PERCENT)     76

WEATHER CONDITIONS. NUMBER OF DAYS WITH
THUNDERSTORM              0     MIXED PRECIP               0
HEAVY RAIN                2     RAIN                       5
LIGHT RAIN               13     FREEZING RAIN              0
LT FREEZING RAIN          0     HEAVY SNOW                 0
SNOW                      0     LIGHT SNOW                 0
SLEET                     0     FOG                       19
FOG W/VIS <= 1/4 MILE     4     HAZE                       2

-  INDICATES NEGATIVE NUMBERS.
R  INDICATES RECORD WAS SET OR TIED.
MM INDICATES DATA IS MISSING.
T  INDICATES TRACE AMOUNT.

$$
