000
CXUS51 KAKQ 041022
CLMSBY

CLIMATE REPORT
NATIONAL WEATHER SERVICE WAKEFIELD VA
522 AM EST FRI DEC 04 2020

...................................

...THE SALISBURY MD CLIMATE SUMMARY FOR THE MONTH OF NOVEMBER 2020...

CLIMATE NORMAL PERIOD: 1981 TO 2010
CLIMATE RECORD PERIOD: 1900 TO 2020

WEATHER         OBSERVED          NORMAL  DEPART   LAST YEAR`S
                VALUE   DATE(S)   VALUE   FROM     VALUE DATE(S)
                                          NORMAL
................................................................
TEMPERATURE (F)
RECORD
 HIGH             85   11/01/1950
 LOW              10   11/29/1930
HIGHEST           78   11/10         75       3       69  11/05
                       11/11
LOWEST            26   11/19         22       4       20  11/14
AVG. MAXIMUM    64.8               58.6     6.2     55.4
AVG. MINIMUM    41.5               37.9     3.6     34.5
MEAN            53.2               48.2     5.0     45.0
DAYS MAX >= 90     0                0.0     0.0        0
DAYS MAX <= 32     0                0.1    -0.1        0
DAYS MIN <= 32     5                9.4    -4.4       11
DAYS MIN <= 0      0                0.0     0.0        0

PRECIPITATION (INCHES)
RECORD
 MAXIMUM        8.85   1911
 MINIMUM        0.09   2001
TOTALS          6.34               3.43    2.91     0.96
DAILY AVG.      0.21               0.11    0.10     0.03
DAYS >= .01        8                9.0    -1.0        6
DAYS >= .10        7                5.9     1.1        4
DAYS >= .50        4                2.1     1.9        0
DAYS >= 1.00       2                0.9     1.1        0
GREATEST
 24 HR. TOTAL   3.92   11/11 TO 11/12

SNOWFALL (INCHES)
RECORDS
 TOTAL           6.7   5
TOTALS           0.0
SINCE 7/1        0.0                0.2    -0.2       MM
SNOWDEPTH AVG.     0                                   0
DAYS >= 1.0        0                0.1    -0.1        0
GREATEST
 SNOW DEPTH        0                                   0  MM
 24 HR TOTAL      MM                                 0.5  11/12 TO 11/12

DEGREE DAYS
HEATING TOTAL    353                505    -152      594
 SINCE 7/1       513                817    -304      726
COOLING TOTAL      5                  3       2        0
 SINCE 1/1      1544               1153     391     1649
................................................................

WIND (MPH)
AVERAGE WIND SPEED              6.0
HIGHEST WIND SPEED/DIRECTION    30/310    DATE  11/02
HIGHEST GUST SPEED/DIRECTION    44/310    DATE  11/02

SKY COVER
POSSIBLE SUNSHINE (PERCENT)   MM
AVERAGE SKY COVER           0.32

AVERAGE RH (PERCENT)     72

WEATHER CONDITIONS. NUMBER OF DAYS WITH
THUNDERSTORM              0     MIXED PRECIP               0
HEAVY RAIN                7     RAIN                       7
LIGHT RAIN               10     FREEZING RAIN              0
LT FREEZING RAIN          0     HAIL                       0
HEAVY SNOW                0     SNOW                       0
LIGHT SNOW                0     SLEET                      0
FOG                      19     FOG W/VIS <= 1/4 MILE      7
HAZE                      5

-  INDICATES NEGATIVE NUMBERS.
R  INDICATES RECORD WAS SET OR TIED.
MM INDICATES DATA IS MISSING.
T  INDICATES TRACE AMOUNT.

$$
