000
CXUS54 KJAN 012358
CLMTVR


CLIMATE REPORT
NATIONAL WEATHER SERVICE JACKSON MS
551 PM CST TUE DEC 1 2020

...................................

...THE VICKSBURG CLIMATE SUMMARY FOR THE MONTH OF NOVEMBER 2020...

CLIMATE NORMAL PERIOD 1981 TO 2010
CLIMATE RECORD PERIOD 1948 TO 2020

WEATHER         OBSERVED          NORMAL  DEPART  LAST YEAR`S
                 VALUE   DATE(S)  VALUE   FROM    VALUE
                                          NORMAL
.............................................................
TEMPERATURE (F)
RECORD
 HIGH              88   11/03/1971
                        11/13/1955
 LOW               15   11/19/1951
HIGHEST            84   11/08        MM      MM       81
LOWEST             29   11/30        MM      MM       23
AVG. MAXIMUM     73.6              67.7     5.9     66.5
AVG. MINIMUM     46.6              43.4     3.2     40.9
MEAN             60.1              55.5     4.6     53.7
DAYS MAX >= 90      0               0.0     0.0        0
DAYS MAX <= 32      0               0.0     0.0        0
DAYS MIN <= 32      1               3.7    -2.7        5
DAYS MIN <= 0       0               0.0     0.0        0

PRECIPITATION (INCHES)
RECORD
 MAXIMUM        23.22   1948
 MINIMUM         0.08   1949
TOTALS           2.70              5.00   -2.30     3.46
DAILY AVG.       0.09              0.17   -0.08     0.12
DAYS >= .01         4                MM      MM        9
DAYS >= .10         3                MM      MM        5
DAYS >= .50         2                MM      MM        3
DAYS >= 1.00        1                MM      MM        1
GREATEST
 24 HR. TOTAL    1.36   11/27 TO 11/27              1.28

SNOWFALL (INCHES)
TOTALS            0.0

DEGREE_DAYS
HEATING TOTAL     173               300    -127      337
 SINCE 7/1        229               402    -173      411
COOLING TOTAL      35                16      19        6
 SINCE 1/1       2763              2225     538     2766
..............................................................

WIND (MPH)
AVERAGE WIND SPEED              4.9
HIGHEST WIND SPEED/DIRECTION    28/010    DATE  11/22
HIGHEST GUST SPEED/DIRECTION    39/310    DATE  11/15

SKY COVER
POSSIBLE SUNSHINE (PERCENT)   MM
AVERAGE SKY COVER           0.20
NUMBER OF DAYS FAIR           21
NUMBER OF DAYS PC              5
NUMBER OF DAYS CLOUDY          4

AVERAGE RH (PERCENT)     67

WEATHER CONDITIONS. NUMBER OF DAYS WITH
THUNDERSTORM             2   MIXED PRECIP               0
HEAVY RAIN               3   RAIN                       4
LIGHT RAIN               7   FREEZING RAIN              0
LT FREEZING RAIN         0   HAIL                       0
HEAVY SNOW               0   SNOW                       0
LIGHT SNOW               0   SLEET                      0
FOG                     19   FOG W/VIS <= 1/4 MILE      2
HAZE                     0

-  INDICATES NEGATIVE NUMBERS.
R  INDICATES RECORD WAS SET OR TIED.
MM INDICATES DATA IS MISSING.
T  INDICATES TRACE AMOUNT.

$$
