000
CXUS51 KPBZ 011435
CLMZZV

CLIMATE REPORT
NATIONAL WEATHER SERVICE PITTSBURGH PA
935 AM EST SUN NOV 01 2020

...................................

...THE ZANESVILLE OH CLIMATE SUMMARY FOR THE MONTH OF OCTOBER 2020...

CLIMATE NORMAL PERIOD 1981 TO 2010
CLIMATE RECORD PERIOD 1895 TO 2020

WEATHER         OBSERVED          NORMAL  DEPART   LAST YEAR`S
                VALUE   DATE(S)   VALUE   FROM     VALUE DATE(S)
                                          NORMAL
................................................................
TEMPERATURE (F)
RECORD
 HIGH             93   10/03/2019
 LOW              15   10/21/1952
HIGHEST           80   10/22         81      -1       93  10/03
                       10/23
LOWEST            28   10/31         27       1       31  10/19
AVG. MAXIMUM    64.0               64.5    -0.5     69.8
AVG. MINIMUM    44.9               41.7     3.2     45.2
MEAN            54.4               53.1     1.3     57.5
DAYS MAX >= 90     0                0.0     0.0        3
DAYS MAX <= 32     0                0.0     0.0        0
DAYS MIN <= 32     2                4.9    -2.9        2
DAYS MIN <= 0      0                0.0     0.0        0

PRECIPITATION (INCHES)
RECORD
 MAXIMUM        7.61   1936
 MINIMUM        0.03   1924
TOTALS          1.87               2.61   -0.74     4.53
DAILY AVG.      0.06               0.08   -0.02     0.15
DAYS >= .01       12                9.6     2.4       10
DAYS >= .10        4                5.7    -1.7        8
DAYS >= .50        1                1.4    -0.4        4
DAYS >= 1.00       1                0.4     0.6        1
GREATEST
 24 HR. TOTAL   1.02   10/29 TO 10/29               1.70


DEGREE DAYS
HEATING TOTAL    327                378     -51      272
 SINCE 7/1       418                488     -70       MM
COOLING TOTAL      7                  9      -2       48
 SINCE 1/1      1009                768     241       MM
................................................................

WIND (MPH)
AVERAGE WIND SPEED              5.1
HIGHEST WIND SPEED/DIRECTION    31/290    DATE  10/04
HIGHEST GUST SPEED/DIRECTION    40/290    DATE  10/04

AVERAGE RH (PERCENT)     75

WEATHER CONDITIONS. NUMBER OF DAYS WITH
THUNDERSTORM              2     MIXED PRECIP               0
HEAVY RAIN                2     RAIN                       6
LIGHT RAIN               16     FREEZING RAIN              0
LT FREEZING RAIN          0     HAIL                       0
HEAVY SNOW                0     SNOW                       0
LIGHT SNOW                0     SLEET                      0
FOG                      18     FOG W/VIS <= 1/4 MILE      3
HAZE                      0

-  INDICATES NEGATIVE NUMBERS.
R  INDICATES RECORD WAS SET OR TIED.
MM INDICATES DATA IS MISSING.
T  INDICATES TRACE AMOUNT.

$$
