000
CXUS54 KMOB 211609
CF6PNS
PRELIMINARY LOCAL CLIMATOLOGICAL DATA (WS FORM: F-6)

                                          STATION:   PENSACOLA
                                          MONTH:     OCTOBER
                                          YEAR:      2019
                                          LATITUDE:   30 28 N
                                          LONGITUDE:  87 12 W

  TEMPERATURE IN F:       :PCPN:    SNOW:  WIND      :SUNSHINE: SKY     :PK WND
================================================================================
1   2   3   4   5  6A  6B    7    8   9   10  11  12  13   14  15   16   17  18
                                     12Z  AVG MX 2MIN
DY MAX MIN AVG DEP HDD CDD  WTR  SNW DPTH SPD SPD DIR MIN PSBL S-S WX    SPD DR
================================================================================

 1  96  74  85  11   0  20 0.00  0.0    0  5.8 14 150   M    M   0        17 160
 2  93  76  85  11   0  20 0.00  0.0    0  5.4 14 170   M    M   0        20 190
 3  97  74  86  12   0  21 0.00  0.0    0  6.9 15 180   M    M   0        24 190
 4  94  76  85  12   0  20    T  0.0    0  6.6 15 200   M    M   1        24 270
 5  92  72  82   9   0  17 0.00  0.0    0  5.4 16 160   M    M   0        23 180
 6  88  75  82   9   0  17 0.00  0.0    0  8.1 16 140   M    M   3        24 110
 7  92  75  84  12   0  19 0.03  0.0    0  5.9 15 350   M    M   2        20 360
 8  92  71  82  10   0  17 0.00  0.0    0  7.3 15 360   M    M   2        20 330
 9  89  70  80   8   0  15 0.00  0.0    0  9.7 17 130   M    M   1        24 120
10  86  73  80   9   0  15 0.01  0.0    0  8.3 18 120   M    M   2        23 120
11  86  73  80   9   0  15 0.00  0.0    0  8.1 17 130   M    M   2        22 120
12  84  66  75   4   0  10 0.07  0.0    0  7.3 15 350   M    M   5 13     18 350
13  87  64  76   6   0  11 0.01  0.0    0  5.9 12  20   M    M   6        17  20
14  88  70  79   9   0  14 0.34  0.0    0  4.9 12 160   M    M   6 1      16 180
15  87  73  80  10   0  15 0.47  0.0    0  6.3 15 270   M    M   6 13     19 150
16  81  61  71   1   0   6 0.49  0.0    0  9.0 18 350   M    M   6 13     24  10
17  73  56  65  -4   0   0 0.00  0.0    0  7.2 13 360   M    M   0        18 350
18  64  58  61  -8   4   0 0.24  0.0    0  8.7 17  30   M    M   7 1      24  40
19  76  62  69   0   0   4 0.32  0.0    0 10.8 20 340   M    M   9 1      27 320
20  81  64  73   5   0   8 0.00  0.0    0  4.5  9 160   M    M   2 1      13 150
================================================================================
SM 1726 1383         4 264  1.98     0.0 142.1          M       60
================================================================================
AV 86.3 69.2                               7.1 FASTST   M    M   3    MAX(MPH)
                                 MISC ---->  # 20 340               # 27  320
================================================================================
NOTES:
# LAST OF SEVERAL OCCURRENCES

COLUMN 17 PEAK WIND IN M.P.H.

PRELIMINARY LOCAL CLIMATOLOGICAL DATA (WS FORM: F-6) , PAGE 2

                                          STATION:  PENSACOLA
                                          MONTH:    OCTOBER
                                          YEAR:     2019
                                          LATITUDE:   30 28 N
                                          LONGITUDE:  87 12 W

[TEMPERATURE DATA]      [PRECIPITATION DATA]       SYMBOLS USED IN COLUMN 16

AVERAGE MONTHLY: 77.7   TOTAL FOR MONTH:   1.98    1 = FOG OR MIST
DPTR FM NORMAL:   6.5   DPTR FM NORMAL:   -1.43    2 = FOG REDUCING VISIBILITY
HIGHEST:    97 ON  3    GRTST 24HR  0.49 ON 16-16      TO 1/4 MILE OR LESS
LOWEST:     56 ON 17                               3 = THUNDER
                        SNOW, ICE PELLETS, HAIL    4 = ICE PELLETS
                        TOTAL MONTH:   0.0 INCH    5 = HAIL
                        GRTST 24HR     0.0         6 = FREEZING RAIN OR DRIZZLE
                        GRTST DEPTH:   0           7 = DUSTSTORM OR SANDSTORM:
                                                       VSBY 1/2 MILE OR LESS
                                                   8 = SMOKE OR HAZE
[NO. OF DAYS WITH]      [WEATHER - DAYS WITH]      9 = BLOWING SNOW
                                                   X = TORNADO
MAX 32 OR BELOW:   0    0.01 INCH OR MORE:   9
MAX 90 OR ABOVE:   7    0.10 INCH OR MORE:   5
MIN 32 OR BELOW:   0    0.50 INCH OR MORE:   0
MIN  0 OR BELOW:   0    1.00 INCH OR MORE:   0

[HDD (BASE 65) ]
TOTAL THIS MO.     4    CLEAR  (SCALE 0-3)  13
DPTR FM NORMAL    -6    PTCLDY (SCALE 4-7)   6
TOTAL FM JUL 1     4    CLOUDY (SCALE 8-10)  1
DPTR FM NORMAL    -7

[CDD (BASE 65) ]
TOTAL THIS MO.   264
DPTR FM NORMAL   126    [PRESSURE DATA]
TOTAL FM JAN 1  3228    HIGHEST SLP M ON M
DPTR FM NORMAL   720    LOWEST  SLP 29.67 ON 19

[REMARKS]
