000
CXUS54 KMOB 270633
CF6PNS
PRELIMINARY LOCAL CLIMATOLOGICAL DATA (WS FORM: F-6)

                                          STATION:   PENSACOLA
                                          MONTH:     JULY
                                          YEAR:      2021
                                          LATITUDE:   30 28 N
                                          LONGITUDE:  87 12 W

  TEMPERATURE IN F:       :PCPN:    SNOW:  WIND      :SUNSHINE: SKY     :PK WND
================================================================================
1   2   3   4   5  6A  6B    7    8   9   10  11  12  13   14  15   16   17  18
                                     12Z  AVG MX 2MIN
DY MAX MIN AVG DEP HDD CDD  WTR  SNW DPTH SPD SPD DIR MIN PSBL S-S WX    SPD DR
================================================================================

 1  87  75  81  -2   0  16 0.02  0.0    0  7.8 17 160   M    M   6 1      22 180
 2  91  76  84   1   0  19 0.80  0.0    0  6.2 26 280   M    M   4 123    36 280
 3  87  76  82  -1   0  17 0.26  0.0    0  6.2 15 220   M    M   4 13     19 220
 4  89  77  83   0   0  18 0.70  0.0    0  5.0 18 260   M    M   7 123    25 210
 5  84  75  80  -3   0  15 1.57  0.0    0  6.3 22 220   M    M   7 138    26 220
 6  84  74  79  -4   0  14 0.55  0.0    0  5.8 14 120   M    M   8 1      18 100
 7  88  75  82  -1   0  17 0.13  0.0    0  4.2 15 320   M    M   4 1      19 330
 8  89  76  83   0   0  18 0.00  0.0    0  6.0 18 190   M    M   1 3      23 200
 9  92  74  83   0   0  18 0.25  0.0    0  6.3 17 340   M    M   3 13     22 190
10  89  75  82  -1   0  17 0.06  0.0    0  2.8 18 280   M    M   2 3      29 260
11  88  74  81  -3   0  16 1.22  0.0    0  8.0 28 210   M    M   5 138    35 210
12  89  73  81  -3   0  16 0.06  0.0    0  6.5 24 290   M    M   2 13     32 300
13  88  75  82  -2   0  17 0.00  0.0    0  6.4 15 160   M    M   1        18 160
14  90  76  83  -1   0  18 0.00  0.0    0  5.7 13 150   M    M   0 3      17 170
15  92  76  84   0   0  19 0.01  0.0    0  6.0 13 180   M    M   1 13     18 190
16  89  76  83  -1   0  18 0.01  0.0    0  5.5 17 250   M    M   2 13     23 250
17  90  76  83  -1   0  18 0.00  0.0    0  6.9 16 150   M    M   4        23 160
18  88  76  82  -2   0  17 0.03  0.0    0  4.2 13 130   M    M   3 13     17 160
19  88  75  82  -2   0  17 0.88  0.0    0  4.9 23 220   M    M   2 138    32 230
20  86  76  81  -3   0  16 0.46  0.0    0  4.7 15 230   M    M   3 13     22 240
21  90  76  83  -1   0  18 0.42  0.0    0  6.7 22 270   M    M   3 1      29 290
22  95  80  88   4   0  23 0.00  0.0    0  8.7 16 250   M    M   2        22 250
23  97  79  88   4   0  23 0.00  0.0    0  7.5 18 310   M    M   1        24 310
24  94  77  86   2   0  21 0.27  0.0    0  4.9 15 180   M    M   2 13     21  30
25  92  80  86   2   0  21 0.00  0.0    0  4.7 14 180   M    M   1 1      20 190
26  96  78  87   3   0  22    T  0.0    0  5.9 15 210   M    M   1 18     19 210
================================================================================
SM 2332 1976         0 469  7.70  0.0    153.8          M       79
================================================================================
AV 89.7 76.0                               5.9 FASTST   M    M   3    MAX(MPH)
                                 MISC ---->    28 210                 36 280
================================================================================
NOTES:
# LAST OF SEVERAL OCCURRENCES

COLUMN 17 PEAK WIND IN M.P.H.

PRELIMINARY LOCAL CLIMATOLOGICAL DATA (WS FORM: F-6) , PAGE 2

                                          STATION:   PENSACOLA
                                          MONTH:     JULY
                                          YEAR:      2021
                                          LATITUDE:   30 28 N
                                          LONGITUDE:  87 12 W

[TEMPERATURE DATA]      [PRECIPITATION DATA]       SYMBOLS USED IN COLUMN 16

AVERAGE MONTHLY: 82.8   TOTAL FOR MONTH:   7.70    1 = FOG OR MIST
DPTR FM NORMAL:  -0.8   DPTR FM NORMAL:    1.12    2 = FOG REDUCING VISIBILITY
HIGHEST:    97 ON 23    GRTST 24HR  2.05 ON  5- 6      TO 1/4 MILE OR LESS
LOWEST:     73 ON 12                               3 = THUNDER
                        SNOW, ICE PELLETS, HAIL    4 = ICE PELLETS
                        TOTAL MONTH:   0.0 INCH    5 = HAIL
                        GRTST 24HR  0.0            6 = FREEZING RAIN OR DRIZZLE
                        GRTST DEPTH:  0            7 = DUSTSTORM OR SANDSTORM:
                                                       VSBY 1/2 MILE OR LESS
                                                   8 = SMOKE OR HAZE
[NO. OF DAYS WITH]      [WEATHER - DAYS WITH]      9 = BLOWING SNOW
                                                   X = TORNADO
MAX 32 OR BELOW:   0    0.01 INCH OR MORE:  18
MAX 90 OR ABOVE:  11    0.10 INCH OR MORE:  12
MIN 32 OR BELOW:   0    0.50 INCH OR MORE:   6
MIN  0 OR BELOW:   0    1.00 INCH OR MORE:   2

[HDD (BASE 65) ]
TOTAL THIS MO.     0    CLEAR  (SCALE 0-3)  16
DPTR FM NORMAL     0    PTCLDY (SCALE 4-7)  10
TOTAL FM JUL 1     0    CLOUDY (SCALE 8-10)  0
DPTR FM NORMAL     0

[CDD (BASE 65) ]
TOTAL THIS MO.   469
DPTR FM NORMAL     1    [PRESSURE DATA]
TOTAL FM JAN 1  1521    HIGHEST SLP M ON M
DPTR FM NORMAL   -11    LOWEST  SLP 29.87 ON  2

[REMARKS]
