731
CXGM50 PGUM 010005
CF6GSN
PRELIMINARY LOCAL CLIMATOLOGICAL DATA (WS FORM: F-6)
STATION: SAIPAN/ISLEY_(CGS) MP
MONTH: MAY
YEAR: 2020
LATITUDE: 15 7 N
LONGITUDE: 145-44 E
TEMPERATURE IN F: :PCPN: SNOW: WIND :SUNSHINE: SKY :PK WND
================================================================================
1 2 3 4 5 6A 6B 7 8 9 10 11 12 13 14 15 16 17 18
12Z AVG MX 2MIN
DY MAX MIN AVG DEP HDD CDD WTR SNW DPTH SPD SPD DIR MIN PSBL S-S WX SPD DR
================================================================================
1 91 80 86 M 0 21 0.03 0.0 0 16.9 24 100 M M 5 29 90
2 91 82 87 M 0 22 T 0.0 0 15.7 23 80 M M 5 27 70
3 92 80 86 M 0 21 0.02 0.0 0 16.3 21 100 M M 6 26 80
4 91 79 85 M 0 20 0.02 0.0 0 15.0 21 90 M M 5 28 90
5 91 79 85 M 0 20 0.06 0.0 0 15.6 22 100 M M 5 27 110
6 91 80 86 M 0 21 T 0.0 0 11.5 17 100 M M 6 23 90
7 90 80 85 M 0 20 0.00 0.0 0 10.9 16 100 M M 4 21 120
8 91 80 86 M 0 21 T 0.0 0 10.3 17 130 M M 2 25 150
9 91 81 86 M 0 21 0.00 0.0 0 12.7 18 90 M M 3 24 90
10 92 81 87 M 0 22 T 0.0 0 17.0 24 80 M M 4 28 80
11 92 82 87 M 0 22 0.00 0.0 0 14.5 23 90 M M 6 28 80
12 91 80 86 M 0 21 0.02 0.0 0 14.8 22 80 M M 4 27 80
13 90 78 84 M 0 19 0.18 0.0 0 13.1 21 70 M M 3 25 80
14 91 80 86 M 0 21 0.03 0.0 0 13.9 21 70 M M 2 26 60
15 92 81 87 M 0 22 T 0.0 0 12.9 20 60 M M 3 24 80
16 91 81 86 M 0 21 0.00 0.0 0 13.9 20 80 M M 4 25 60
17 92 82 87 M 0 22 0.00 0.0 0 13.3 20 100 M M 2 25 100
18 92 81 87 M 0 22 T 0.0 0 15.5 22 90 M M 2 27 110
19 M M M M M M M M M M M M M M M M M
20 92 82 87 M 0 22 0.00 0.0 0 14.7 22 100 M M 3 28 100
21 M M M M M M M M M M M M M M M M M
22 92 81 87 M 0 22 0.01 0.0 0 13.6 21 90 M M 3 26 100
23 92 80 86 M 0 21 0.02 0.0 0 13.6 21 110 M M 3 37 120
24 92 81 87 M 0 22 T 0.0 0 12.1 18 80 M M 3 26 80
25 92 79 86 M 0 21 0.02 0.0 0 13.0 20 70 M M 3 25 70
26 91 81 86 M 0 21 T 0.0 0 12.4 22 100 M M 3 27 110
27 92 82 87 M 0 22 0.00 0.0 0 11.5 20 120 M M 2 28 100
28 91 80 86 M 0 21 0.06 0.0 0 10.7 17 90 M M 2 22 100
29 91 78 85 M 0 20 0.05 0.0 0 13.2 22 90 M M 2 30 100
30 91 78 85 M 0 20 0.28 0.0 0 16.2 25 90 M M 5 32 100
31 91 82 87 M 0 22 0.00 0.0 0 13.6 18 100 M M 3 23 70
================================================================================
SM 2649 2331 0 613 0.80 0.0 398.4 M 103
================================================================================
AV 91.3 80.4 13.7 FASTST M M 4 MAX(MPH)
MISC ----> # 25 90 # 37 120
================================================================================
NOTES:
# LAST OF SEVERAL OCCURRENCES
COLUMN 17 PEAK WIND IN M.P.H.
PRELIMINARY LOCAL CLIMATOLOGICAL DATA (WS FORM: F-6) , PAGE 2
STATION: SAIPAN/ISLEY_(CGS) MP
MONTH: MAY
YEAR: 2020
LATITUDE: 15 7 N
LONGITUDE: 145-44 E
[TEMPERATURE DATA] [PRECIPITATION DATA] SYMBOLS USED IN COLUMN 16
AVERAGE MONTHLY: 85.9 TOTAL FOR MONTH: 0.80 1 = FOG OR MIST
DPTR FM NORMAL: M DPTR FM NORMAL: -1.97 2 = FOG REDUCING VISIBILITY
HIGHEST: 92 ON 27,25 GRTST 24HR 0.28 ON 30-30 TO 1/4 MILE OR LESS
LOWEST: 78 ON 30,29 3 = THUNDER
SNOW, ICE PELLETS, HAIL 4 = ICE PELLETS
TOTAL MONTH: 0.0 INCH 5 = HAIL
GRTST 24HR 0.0 6 = FREEZING RAIN OR DRIZZLE
GRTST DEPTH: 0 7 = DUSTSTORM OR SANDSTORM:
VSBY 1/2 MILE OR LESS
8 = SMOKE OR HAZE
[NO. OF DAYS WITH] [WEATHER - DAYS WITH] 9 = BLOWING SNOW
X = TORNADO
MAX 32 OR BELOW: 0 0.01 INCH OR MORE: 13
MAX 90 OR ABOVE: 29 0.10 INCH OR MORE: 2
MIN 32 OR BELOW: 0 0.50 INCH OR MORE: 0
MIN 0 OR BELOW: 0 1.00 INCH OR MORE: 0
[HDD (BASE 65) ]
TOTAL THIS MO. 0 CLEAR (SCALE 0-3) 14
DPTR FM NORMAL M PTCLDY (SCALE 4-7) 15
TOTAL FM JUL 1 0 CLOUDY (SCALE 8-10) 0
DPTR FM NORMAL M
[CDD (BASE 65) ]
TOTAL THIS MO. 613
DPTR FM NORMAL M [PRESSURE DATA]
TOTAL FM JAN 1 2750 HIGHEST SLP M ON M
DPTR FM NORMAL M LOWEST SLP 29.87 ON 18
[REMARKS]
#FINAL-05-20#