000
CXUS52 KTBW 021139
CF6PGD
PRELIMINARY LOCAL CLIMATOLOGICAL DATA (WS FORM: F-6)
STATION: PUNTA GORDA
MONTH: SEPTEMBER
YEAR: 2021
LATITUDE: 26 55 N
LONGITUDE: 82 0 W
TEMPERATURE IN F: :PCPN: SNOW: WIND :SUNSHINE: SKY :PK WND
================================================================================
1 2 3 4 5 6A 6B 7 8 9 10 11 12 13 14 15 16 17 18
12Z AVG MX 2MIN
DY MAX MIN AVG DEP HDD CDD WTR SNW DPTH SPD SPD DIR MIN PSBL S-S WX SPD DR
================================================================================
1 89 77 83 0 0 18 0.03 0.0 0 7.4 21 330 M M 2 13 27 330
2 86 75 81 -2 0 16 0.40 0.0 0 6.0 21 320 M M 4 1 25 320
3 90 75 83 0 0 18 0.48 0.0 0 5.3 18 190 M M 4 138 23 220
4 90 74 82 -1 0 17 0.06 0.0 0 5.0 16 300 M M 3 38 18 290
5 91 74 83 0 0 18 0.00 0.0 0 5.1 16 270 M M 4 12 20 270
6 91 76 84 1 0 19 0.00 0.0 0 3.9 17 290 M M 1 3 21 300
7 91 76 84 1 0 19 T 0.0 0 4.0 21 120 M M 1 3 25 340
8 92 76 84 1 0 19 0.01 0.0 0 5.3 18 220 M M 3 3 23 220
9 91 76 84 1 0 19 0.00 0.0 0 6.8 18 250 M M 1 24 230
10 92 75 84 2 0 19 0.00 0.0 0 4.6 14 290 M M 2 3 17 240
11 93 74 84 2 0 19 0.55 0.0 0 6.2 22 60 M M 2 13 28 70
12 95 75 85 3 0 20 0.24 0.0 0 7.0 25 120 M M 2 1 31 130
13 91 75 83 1 0 18 0.01 0.0 0 8.0 22 120 M M 2 123 26 120
14 92 73 83 1 0 18 0.96 0.0 0 5.3 23 140 M M 3 13 28 140
15 90 73 82 0 0 17 0.02 0.0 0 6.0 21 180 M M 3 13 23 200
16 87 75 81 -1 0 16 0.07 0.0 0 5.4 18 210 M M 4 13 29 120
17 89 76 83 1 0 18 0.21 0.0 0 4.3 14 280 M M 3 1 17 40
18 87 75 81 -1 0 16 0.00 0.0 0 2.3 8 260 M M 2 1 11 320
19 91 77 84 2 0 19 0.33 0.0 0 3.1 16 260 M M 5 3 19 190
20 91 75 83 1 0 18 0.00 0.0 0 4.0 18 300 M M 2 3 22 320
21 91 74 83 1 0 18 1.24 0.0 0 4.5 25 130 M M 4 13 29 130
22 88 73 81 -1 0 16 0.60 0.0 0 4.1 17 20 M M 2 138 23 10
23 91 76 84 2 0 19 0.03 0.0 0 3.1 16 150 M M 3 13 19 160
24 93 74 84 3 0 19 0.06 0.0 0 6.2 18 60 M M 5 13 24 60
25 93 75 84 3 0 19 0.00 0.0 0 6.1 13 80 M M 4 1 18 50
26 92 74 83 2 0 18 0.01 0.0 0 5.6 15 90 M M 5 13 18 300
27 90 71 81 0 0 16 0.00 0.0 0 6.9 14 30 M M 3 20 50
28 89 68 79 -2 0 14 0.00 0.0 0 5.8 15 60 M M 1 18 40
29 88 68 78 -3 0 13 0.00 0.0 0 4.4 13 20 M M 1 15 30
30 91 70 81 0 0 16 0.00 0.0 0 7.8 16 80 M M 2 1 25 350
================================================================================
SM 2715 2225 0 529 5.31 0.0 159.5 M 83
================================================================================
AV 90.5 74.2 5.3 FASTST M M 3 MAX(MPH)
MISC ----> # 25 120 31 130
================================================================================
NOTES:
# LAST OF SEVERAL OCCURRENCES
COLUMN 17 PEAK WIND IN M.P.H.
PRELIMINARY LOCAL CLIMATOLOGICAL DATA (WS FORM: F-6) , PAGE 2
STATION: PUNTA GORDA
MONTH: SEPTEMBER
YEAR: 2021
LATITUDE: 26 55 N
LONGITUDE: 82 0 W
[TEMPERATURE DATA] [PRECIPITATION DATA] SYMBOLS USED IN COLUMN 16
AVERAGE MONTHLY: 82.3 TOTAL FOR MONTH: 5.31 1 = FOG OR MIST
DPTR FM NORMAL: 0.2 DPTR FM NORMAL: -1.56 2 = FOG REDUCING VISIBILITY
HIGHEST: 95 ON 12 GRTST 24HR 1.24 ON 21-21 TO 1/4 MILE OR LESS
LOWEST: 68 ON 29,28 3 = THUNDER
SNOW, ICE PELLETS, HAIL 4 = ICE PELLETS
TOTAL MONTH: 0.0 INCH 5 = HAIL
GRTST 24HR 0.0 6 = FREEZING RAIN OR DRIZZLE
GRTST DEPTH: 0 7 = DUSTSTORM OR SANDSTORM:
VSBY 1/2 MILE OR LESS
8 = SMOKE OR HAZE
[NO. OF DAYS WITH] [WEATHER - DAYS WITH] 9 = BLOWING SNOW
X = TORNADO
MAX 32 OR BELOW: 0 0.01 INCH OR MORE: 18
MAX 90 OR ABOVE: 22 0.10 INCH OR MORE: 9
MIN 32 OR BELOW: 0 0.50 INCH OR MORE: 4
MIN 0 OR BELOW: 0 1.00 INCH OR MORE: 1
[HDD (BASE 65) ]
TOTAL THIS MO. 0 CLEAR (SCALE 0-3) 20
DPTR FM NORMAL 0 PTCLDY (SCALE 4-7) 10
TOTAL FM JUL 1 0 CLOUDY (SCALE 8-10) 0
DPTR FM NORMAL 0
[CDD (BASE 65) ]
TOTAL THIS MO. 529
DPTR FM NORMAL 18 [PRESSURE DATA]
TOTAL FM JAN 1 3334 HIGHEST SLP 30.19 ON 12
DPTR FM NORMAL 233 LOWEST SLP 29.85 ON 23
[REMARKS]
#FINAL-09-21#