000
CXUS52 KTBW 021826
CF6PGD
PRELIMINARY LOCAL CLIMATOLOGICAL DATA (WS FORM: F-6)
STATION: PUNTA GORDA
MONTH: MAY
YEAR: 2021
LATITUDE: 26 55 N
LONGITUDE: 82 0 W
TEMPERATURE IN F: :PCPN: SNOW: WIND :SUNSHINE: SKY :PK WND
================================================================================
1 2 3 4 5 6A 6B 7 8 9 10 11 12 13 14 15 16 17 18
12Z AVG MX 2MIN
DY MAX MIN AVG DEP HDD CDD WTR SNW DPTH SPD SPD DIR MIN PSBL S-S WX SPD DR
================================================================================
1 90 61 76 0 0 11 0.00 0.0 0 4.6 16 290 M M 4 12 20 300
2 91 66 79 3 0 14 0.00 0.0 0 7.8 18 250 M M 2 12 23 230
3 93 71 82 6 0 17 0.00 0.0 0 9.0 18 230 M M 1 23 240
4 95 69 82 6 0 17 0.00 0.0 0 7.8 21 240 M M 2 12 25 250
5 93 71 82 6 0 17 0.00 0.0 0 7.7 20 240 M M 2 1 23 220
6 93 70 82 6 0 17 0.00 0.0 0 7.2 20 250 M M 1 12 24 260
7 92 61 77 1 0 12 0.00 0.0 0 9.4 20 340 M M 0 23 340
8 91 58 75 -2 0 10 0.00 0.0 0 8.5 18 80 M M 2 24 60
9 94 60 77 0 0 12 0.00 0.0 0 8.5 22 170 M M 1 3 29 180
10 92 66 79 2 0 14 0.00 0.0 0 7.3 17 240 M M 1 1 21 260
11 94 66 80 3 0 15 0.00 0.0 0 5.3 21 200 M M 4 12 26 210
12 93 71 82 5 0 17 0.00 0.0 0 7.7 16 240 M M 0 21 240
13 88 71 80 3 0 15 0.56 0.0 0 6.3 31 350 M M 2 13 42 350
14 90 68 79 1 0 14 0.00 0.0 0 10.0 16 60 M M 3 21 70
15 91 65 78 0 0 13 0.00 0.0 0 12.0 22 60 M M 3 28 60
16 91 62 77 -1 0 12 0.00 0.0 0 11.4 21 110 M M 1 26 90
17 91 61 76 -2 0 11 0.00 0.0 0 10.4 20 90 M M 2 25 80
18 92 62 77 -1 0 12 0.00 0.0 0 12.6 23 100 M M 2 30 100
19 91 67 79 1 0 14 0.00 0.0 0 14.6 28 90 M M 2 35 80
20 90 68 79 1 0 14 0.00 0.0 0 15.3 28 100 M M 3 36 110
21 91 64 78 -1 0 13 0.00 0.0 0 14.4 28 80 M M 3 35 80
22 90 61 76 -3 0 11 0.00 0.0 0 12.1 25 110 M M 2 32 110
23 91 62 77 -2 0 12 0.00 0.0 0 8.7 17 110 M M 1 22 80
24 93 58 76 -3 0 11 0.00 0.0 0 6.9 18 110 M M 0 25 100
25 93 60 77 -2 0 12 0.00 0.0 0 7.5 20 120 M M 2 26 140
26 92 61 77 -2 0 12 0.00 0.0 0 6.6 15 270 M M 3 1 22 140
27 94 66 80 0 0 15 0.00 0.0 0 6.4 16 260 M M 2 19 270
28 91 66 79 -1 0 14 0.00 0.0 0 6.6 18 240 M M 1 1 22 250
29 90 66 78 -2 0 13 0.00 0.0 0 6.9 17 250 M M 1 26 290
30 93 67 80 0 0 15 0.64 0.0 0 5.3 25 30 M M 3 13 28 30
31 94 66 80 0 0 15 0.00 0.0 0 10.0 20 70 M M 2 25 70
================================================================================
SM 2847 2011 0 421 1.20 0.0 274.8 M 58
================================================================================
AV 91.8 64.9 8.9 FASTST M M 2 MAX(MPH)
MISC ----> 31 350 42 350
================================================================================
NOTES:
# LAST OF SEVERAL OCCURRENCES
COLUMN 17 PEAK WIND IN M.P.H.
PRELIMINARY LOCAL CLIMATOLOGICAL DATA (WS FORM: F-6) , PAGE 2
STATION: PUNTA GORDA
MONTH: MAY
YEAR: 2021
LATITUDE: 26 55 N
LONGITUDE: 82 0 W
[TEMPERATURE DATA] [PRECIPITATION DATA] SYMBOLS USED IN COLUMN 16
AVERAGE MONTHLY: 78.4 TOTAL FOR MONTH: 1.20 1 = FOG OR MIST
DPTR FM NORMAL: 0.5 DPTR FM NORMAL: -2.06 2 = FOG REDUCING VISIBILITY
HIGHEST: 95 ON 4 GRTST 24HR 0.64 ON 30-30 TO 1/4 MILE OR LESS
LOWEST: 58 ON 24, 8 3 = THUNDER
SNOW, ICE PELLETS, HAIL 4 = ICE PELLETS
TOTAL MONTH: 0.0 INCH 5 = HAIL
GRTST 24HR 0.0 6 = FREEZING RAIN OR DRIZZLE
GRTST DEPTH: 0 7 = DUSTSTORM OR SANDSTORM:
VSBY 1/2 MILE OR LESS
8 = SMOKE OR HAZE
[NO. OF DAYS WITH] [WEATHER - DAYS WITH] 9 = BLOWING SNOW
X = TORNADO
MAX 32 OR BELOW: 0 0.01 INCH OR MORE: 2
MAX 90 OR ABOVE: 30 0.10 INCH OR MORE: 2
MIN 32 OR BELOW: 0 0.50 INCH OR MORE: 2
MIN 0 OR BELOW: 0 1.00 INCH OR MORE: 0
[HDD (BASE 65) ]
TOTAL THIS MO. 0 CLEAR (SCALE 0-3) 28
DPTR FM NORMAL 0 PTCLDY (SCALE 4-7) 3
TOTAL FM JUL 1 289 CLOUDY (SCALE 8-10) 0
DPTR FM NORMAL -65
[CDD (BASE 65) ]
TOTAL THIS MO. 421
DPTR FM NORMAL 23 [PRESSURE DATA]
TOTAL FM JAN 1 1104 HIGHEST SLP 30.26 ON 21
DPTR FM NORMAL 157 LOWEST SLP 29.90 ON 29
[REMARKS]
#FINAL-05-21#