000
CXUS53 KOAX 011030
CF6TQE
PRELIMINARY LOCAL CLIMATOLOGICAL DATA (WS FORM: F-6)
STATION: TEKAMAH NE
MONTH: OCTOBER
YEAR: 2020
LATITUDE: 41 46 N
LONGITUDE: 96 11 W
TEMPERATURE IN F: :PCPN: SNOW: WIND :SUNSHINE: SKY :PK WND
================================================================================
1 2 3 4 5 6A 6B 7 8 9 10 11 12 13 14 15 16 17 18
12Z AVG MX 2MIN
DY MAX MIN AVG DEP HDD CDD WTR SNW DPTH SPD SPD DIR MIN PSBL S-S WX SPD DR
================================================================================
1 61 32 47 -11 18 0 0.00 M M 11.6 22 340 M M 4 35 350
2 62 28 45 -13 20 0 0.06 M M 4.7 12 140 M M 3 1 16 130
3 61 40 51 -6 14 0 0.00 M M 5.6 10 20 M M 7 17 20
4 66 33 50 -7 15 0 0.00 M M 6.9 17 140 M M 2 1 24 140
5 79 49 64 8 1 0 0.00 M M 11.9 23 180 M M 0 34 180
6 86 39 63 7 2 0 0.00 M M 7.4 21 240 M M 0 30 250
7 84 43 64 9 1 0 0.00 M M 7.4 17 40 M M 0 22 30
8 82 42 62 7 3 0 0.00 M M 10.7 23 140 M M 0 32 140
9 88 52 70 16 0 5 0.00 M M 10.2 21 190 M M 0 8 31 200
10 79 48 64 10 1 0 0.00 M M 8.1 15 60 M M 0 21 360
11 87 48 68 14 0 3 0.24 M M 15.1 31 310 M M 2 13 46 300
12 69 46 58 5 7 0 0.22 M M 9.4 16 310 M M 2 24 220
13 68 43 56 3 9 0 0.00 M M 6.9 22 330 M M 0 33 330
14 75 42 59 7 6 0 0.00 M M 11.3 25 300 M M 1 37 320
15 56 31 44 -8 21 0 0.00 M M 9.6 20 280 M M 0 8 31 300
16 57 34 46 -5 19 0 0.00 M M 9.8 20 310 M M 4 32 310
17 69 39 54 3 11 0 T M M 13.2 25 360 M M 4 35 320
18 45 32 39 -12 26 0 T M M 6.7 23 350 M M 8 1 34 350
19 37 29 33 -17 32 0 T M M 5.4 13 130 M M 8 12 17 130
20 42 30 36 -14 29 0 T M M 6.2 16 130 M M 8 12 22 130
21 53 31 42 -7 23 0 T M M 7.8 15 90 M M 5 1 21 80
22 44 35 40 -9 25 0 T M M 14.6 26 10 M M 10 13 38 10
23 39 20 30 -18 35 0 0.00 M M 14.0 24 350 M M 8 1 34 340
24 36 16 26 -22 39 0 0.00 M M 7.2 15 60 M M 5 20 50
25 32 22 27 -21 38 0 0.01 M M 13.8 22 350 M M 10 1 30 340
26 31 15 23 -24 42 0 M M M 6.4 13 340 M M 3 18 320
27 42 16 29 -18 36 0 0.00 M M 7.6 16 210 M M 0 22 220
28 60 21 41 -5 24 0 0.00 M M 7.4 20 360 M M 0 29 360
29 45 26 36 -10 29 0 0.00 M M 9.5 25 360 M M 1 8 33 360
30 56 23 40 -5 25 0 0.00 M M 7.1 13 150 M M 0 17 140
31 67 37 52 7 13 0 0.00 M M 16.3 31 330 M M 0 43 330
================================================================================
SM 1858 1042 564 8 0.53 M 289.8 M 95
================================================================================
AV 59.9 33.6 9.3 FASTST M M 3 MAX(MPH)
MISC ----> # 31 310 46 300
================================================================================
NOTES:
# LAST OF SEVERAL OCCURRENCES
COLUMN 17 PEAK WIND IN M.P.H.
PRELIMINARY LOCAL CLIMATOLOGICAL DATA (WS FORM: F-6) , PAGE 2
STATION: TEKAMAH NE
MONTH: OCTOBER
YEAR: 2020
LATITUDE: 41 46 N
LONGITUDE: 96 11 W
[TEMPERATURE DATA] [PRECIPITATION DATA] SYMBOLS USED IN COLUMN 16
AVERAGE MONTHLY: 46.8 TOTAL FOR MONTH: 0.53 1 = FOG OR MIST
DPTR FM NORMAL: -4.7 DPTR FM NORMAL: -1.47 2 = FOG REDUCING VISIBILITY
HIGHEST: 88 ON 9 GRTST 24HR 0.46 ON 11-12 TO 1/4 MILE OR LESS
LOWEST: 15 ON 26 3 = THUNDER
SNOW, ICE PELLETS, HAIL 4 = ICE PELLETS
TOTAL MONTH: M 5 = HAIL
GRTST 24HR M ON M 6 = FREEZING RAIN OR DRIZZLE
GRTST DEPTH: M ON M 7 = DUSTSTORM OR SANDSTORM:
VSBY 1/2 MILE OR LESS
8 = SMOKE OR HAZE
[NO. OF DAYS WITH] [WEATHER - DAYS WITH] 9 = BLOWING SNOW
X = TORNADO
MAX 32 OR BELOW: 2 0.01 INCH OR MORE: 4
MAX 90 OR ABOVE: 0 0.10 INCH OR MORE: 2
MIN 32 OR BELOW: 15 0.50 INCH OR MORE: 0
MIN 0 OR BELOW: 0 1.00 INCH OR MORE: 0
[HDD (BASE 65) ]
TOTAL THIS MO. 564 CLEAR (SCALE 0-3) 19
DPTR FM NORMAL 130 PTCLDY (SCALE 4-7) 9
TOTAL FM JUL 1 667 CLOUDY (SCALE 8-10) 3
DPTR FM NORMAL 116
[CDD (BASE 65) ]
TOTAL THIS MO. 8
DPTR FM NORMAL -6 [PRESSURE DATA]
TOTAL FM JAN 1 1094 HIGHEST SLP 30.52 ON 26
DPTR FM NORMAL 108 LOWEST SLP 29.44 ON 11
[REMARKS]
#FINAL-10-20#