000
CXUS51 KAKQ 010710
CF6AKQ
PRELIMINARY LOCAL CLIMATOLOGICAL DATA (WS FORM: F-6)
STATION: WAKEFIELD
MONTH: AUGUST
YEAR: 2022
LATITUDE: 36 58 N
LONGITUDE: 77 0 W
TEMPERATURE IN F: :PCPN: SNOW: WIND :SUNSHINE: SKY :PK WND
================================================================================
1 2 3 4 5 6A 6B 7 8 9 10 11 12 13 14 15 16 17 18
12Z AVG MX 2MIN
DY MAX MIN AVG DEP HDD CDD WTR SNW DPTH SPD SPD DIR MIN PSBL S-S WX SPD DR
================================================================================
1 91 73 82 3 0 17 0.01 M M 4.2 9 280 M M 4 13 M M
2 91 73 82 3 0 17 0.00 M M 4.9 8 260 M M 1 1 M M
3 92 72 82 3 0 17 0.00 0.0 0 M M M M M M M M
4 95 72 84 5 0 19 0.14 M M 3.5 14 310 M M 2 3 35 290
5 90 71 81 2 0 16 0.07 M M 3.4 9 330 M M 2 1 16 300
6 90 71 81 2 0 16 0.15 0.0 0 2.4 7 220 M M 2 1 M M
7 90 70 80 1 0 15 T 0.0 0 3.2 8 170 M M 1 1 M M
8 92 74 83 5 0 18 0.00 0.0 0 4.6 8 210 M M 1 M M
9 95 75 85 7 0 20 0.00 0.0 0 4.5 8 220 M M 0 M M
10 93 72 83 5 0 18 0.15 0.0 0 4.3 9 270 M M 3 13 M M
11 86 71 79 1 0 14 0.13 0.0 0 2.5 9 220 M M 5 123 M M
12 82 63 73 -5 0 8 0.02 0.0 0 2.2 7 99 M M 3 12 M M
13 84 58 71 -7 0 6 0.00 0.0 0 1.4 6 30 M M 0 M M
14 84 61 73 -5 0 8 0.00 0.0 0 1.5 6 100 M M 2 M M
15 72 63 68 -10 0 3 0.12 M M 1.2 6 70 M M 9 1 M M
16 81 63 72 -6 0 7 T 0.0 0 2.3 7 99 M M 5 1 M M
17 82 61 72 -6 0 7 0.00 0.0 0 2.5 8 60 M M 2 1 M M
18 87 57 72 -5 0 7 0.00 0.0 0 1.8 8 260 M M 1 M M
19 84 62 73 -4 0 8 0.00 0.0 0 1.3 6 180 M M 0 1 M M
20 88 67 78 1 0 13 0.00 0.0 0 2.9 9 100 M M 2 1 M M
21 85 67 76 -1 0 11 T 0.0 0 2.8 7 99 M M 4 1 M M
22 86 71 79 2 0 14 0.06 M M 3.2 8 250 M M 5 1 M M
23 89 69 79 2 0 14 0.00 M M 1.5 6 99 M M 3 12 M M
24 91 66 79 2 0 14 0.00 M M 1.1 5 40 M M 0 1 M M
25 91 68 80 4 0 15 T 0.0 0 2.2 8 180 M M 2 1 12 170
26 90 64 77 1 0 12 0.00 0.0 0 1.9 9 230 M M 0 1 12 180
27 95 67 81 5 0 16 0.02 0.0 0 2.2 12 120 M M 2 13 20 110
28 91 65 78 2 0 13 0.00 0.0 0 1.5 7 99 M M 2 1 11 40
29 91 65 78 2 0 13 0.00 0.0 0 1.7 7 100 M M 4 12 M M
30 92 71 82 6 0 17 0.00 0.0 0 4.4 8 220 M M 2 1 M M
31 89 64 77 2 0 12 0.00 0.0 0 2.9 10 250 M M 3 1 17 240
================================================================================
SM 2739 2086 0 405 0.87 0.0 80.0 M 72
================================================================================
AV 88.4 67.3 2.7 FASTST M M 2 MAX(MPH)
MISC ----> 14 310 35 290
================================================================================
NOTES:
# LAST OF SEVERAL OCCURRENCES
COLUMN 17 PEAK WIND IN M.P.H.
PRELIMINARY LOCAL CLIMATOLOGICAL DATA (WS FORM: F-6) , PAGE 2
STATION: WAKEFIELD
MONTH: AUGUST
YEAR: 2022
LATITUDE: 36 58 N
LONGITUDE: 77 0 W
[TEMPERATURE DATA] [PRECIPITATION DATA] SYMBOLS USED IN COLUMN 16
AVERAGE MONTHLY: 77.8 TOTAL FOR MONTH: 0.87 1 = FOG OR MIST
DPTR FM NORMAL: 0.3 DPTR FM NORMAL: -4.47 2 = FOG REDUCING VISIBILITY
HIGHEST: 95 ON 27, 9 GRTST 24HR 0.15 ON 6- 6 TO 1/4 MILE OR LESS
LOWEST: 57 ON 18 3 = THUNDER
SNOW, ICE PELLETS, HAIL 4 = ICE PELLETS
TOTAL MONTH: 0.0 INCH 5 = HAIL
GRTST 24HR 0.0 6 = FREEZING RAIN OR DRIZZLE
GRTST DEPTH: 0 7 = DUSTSTORM OR SANDSTORM:
VSBY 1/2 MILE OR LESS
8 = SMOKE OR HAZE
[NO. OF DAYS WITH] [WEATHER - DAYS WITH] 9 = BLOWING SNOW
X = TORNADO
MAX 32 OR BELOW: 0 0.01 INCH OR MORE: 10
MAX 90 OR ABOVE: 17 0.10 INCH OR MORE: 5
MIN 32 OR BELOW: 0 0.50 INCH OR MORE: 0
MIN 0 OR BELOW: 0 1.00 INCH OR MORE: 0
[HDD (BASE 65) ]
TOTAL THIS MO. 0 CLEAR (SCALE 0-3) 23
DPTR FM NORMAL 0 PTCLDY (SCALE 4-7) 6
TOTAL FM JUL 1 0 CLOUDY (SCALE 8-10) 2
DPTR FM NORMAL 0
[CDD (BASE 65) ]
TOTAL THIS MO. 405
DPTR FM NORMAL 17 [PRESSURE DATA]
TOTAL FM JAN 1 1407 HIGHEST SLP M ON M
DPTR FM NORMAL 79 LOWEST SLP M ON M
[REMARKS]
#FINAL-08-22#