000
CXUS51 KAKQ 010710
CF6AKQ
PRELIMINARY LOCAL CLIMATOLOGICAL DATA (WS FORM: F-6)
STATION: WAKEFIELD
MONTH: JULY
YEAR: 2021
LATITUDE: 36 58 N
LONGITUDE: 77 0 W
TEMPERATURE IN F: :PCPN: SNOW: WIND :SUNSHINE: SKY :PK WND
================================================================================
1 2 3 4 5 6A 6B 7 8 9 10 11 12 13 14 15 16 17 18
12Z AVG MX 2MIN
DY MAX MIN AVG DEP HDD CDD WTR SNW DPTH SPD SPD DIR MIN PSBL S-S WX SPD DR
================================================================================
1 93 72 83 5 0 18 0.44 0.0 0 5.5 14 220 M M 3 13 23 220
2 77 66 72 -7 0 7 1.30 0.0 0 3.2 10 230 M M 7 13 18 230
3 82 61 72 -7 0 7 0.02 0.0 0 3.0 9 260 M M 1 M M
4 87 59 73 -6 0 8 0.00 0.0 0 1.6 9 240 M M 1 16 220
5 89 67 78 -1 0 13 0.00 0.0 0 2.3 10 170 M M 4 14 180
6 92 70 81 2 0 16 0.00 0.0 0 4.0 12 230 M M 0 17 210
7 93 71 82 3 0 17 0.00 0.0 0 4.8 12 160 M M 0 18 240
8 82 73 78 -1 0 13 2.33 0.0 0 7.3 21 270 M M 6 1 36 280
9 91 70 81 2 0 16 0.31 0.0 0 5.6 14 260 M M 3 13 24 260
10 88 71 80 0 0 15 0.00 0.0 0 2.3 6 99 M M 1 1 M M
11 89 69 79 -1 0 14 0.00 0.0 0 3.5 8 170 M M 4 1 M M
12 92 76 84 4 0 19 0.00 0.0 0 6.5 14 210 M M 3 20 230
13 91 76 84 4 0 19 0.00 0.0 0 4.9 12 220 M M 0 M M
14 93 73 83 3 0 18 T 0.0 0 5.5 10 230 M M 1 M M
15 93 73 83 3 0 18 0.00 0.0 0 3.1 8 240 M M 1 1 M M
16 94 75 85 5 0 20 0.93 0.0 0 3.5 9 60 M M 1 123 17 99
17 93 73 83 3 0 18 0.23 0.0 0 4.8 16 240 M M 1 13 25 240
18 90 72 81 1 0 16 0.11 0.0 0 5.3 9 260 M M 3 13 17 230
19 79 66 73 -7 0 8 0.05 0.0 0 1.3 5 190 M M 4 1 M M
20 89 65 77 -3 0 12 0.00 0.0 0 0.3 4 190 M M 0 18 M M
21 92 69 81 1 0 16 0.01 0.0 0 3.8 8 10 M M 1 18 17 10
22 85 67 76 -4 0 11 0.00 0.0 0 1.9 6 99 M M 2 1 M M
23 87 63 75 -5 0 10 0.00 0.0 0 1.3 5 99 M M 2 M M
24 86 63 75 -5 0 10 0.00 0.0 0 3.4 7 99 M M 2 1 M M
25 89 71 80 0 0 15 T 0.0 0 5.8 10 200 M M 3 18 210
26 90 71 81 1 0 16 2.16 0.0 0 6.0 17 310 M M 3 13 32 310
27 91 70 81 2 0 16 0.00 0.0 0 1.2 5 340 M M 1 1 M M
28 94 70 82 3 0 17 0.07 0.0 0 1.7 10 90 M M 1 13 20 90
29 91 67 79 0 0 14 0.00 0.0 0 4.4 12 220 M M 0 1 15 210
30 95 73 84 5 0 19 1.67 0.0 0 4.5 13 280 M M 3 1 16 290
31 86 70 78 -1 0 13 0.03 0.0 0 2.0 8 60 M M 4 1 M M
================================================================================
SM 2763 2152 0 449 9.66 0.0 114.3 M 66
================================================================================
AV 89.1 69.4 3.7 FASTST M M 2 MAX(MPH)
MISC ----> 21 270 36 280
================================================================================
NOTES:
# LAST OF SEVERAL OCCURRENCES
COLUMN 17 PEAK WIND IN M.P.H.
PRELIMINARY LOCAL CLIMATOLOGICAL DATA (WS FORM: F-6) , PAGE 2
STATION: WAKEFIELD
MONTH: JULY
YEAR: 2021
LATITUDE: 36 58 N
LONGITUDE: 77 0 W
[TEMPERATURE DATA] [PRECIPITATION DATA] SYMBOLS USED IN COLUMN 16
AVERAGE MONTHLY: 79.3 TOTAL FOR MONTH: 9.66 1 = FOG OR MIST
DPTR FM NORMAL: -0.1 DPTR FM NORMAL: 4.10 2 = FOG REDUCING VISIBILITY
HIGHEST: 95 ON 30 GRTST 24HR 2.33 ON 8- 8 TO 1/4 MILE OR LESS
LOWEST: 59 ON 4 3 = THUNDER
SNOW, ICE PELLETS, HAIL 4 = ICE PELLETS
TOTAL MONTH: 0.0 INCH 5 = HAIL
GRTST 24HR 0.0 6 = FREEZING RAIN OR DRIZZLE
GRTST DEPTH: 0 7 = DUSTSTORM OR SANDSTORM:
VSBY 1/2 MILE OR LESS
8 = SMOKE OR HAZE
[NO. OF DAYS WITH] [WEATHER - DAYS WITH] 9 = BLOWING SNOW
X = TORNADO
MAX 32 OR BELOW: 0 0.01 INCH OR MORE: 14
MAX 90 OR ABOVE: 17 0.10 INCH OR MORE: 9
MIN 32 OR BELOW: 0 0.50 INCH OR MORE: 5
MIN 0 OR BELOW: 0 1.00 INCH OR MORE: 4
[HDD (BASE 65) ]
TOTAL THIS MO. 0 CLEAR (SCALE 0-3) 23
DPTR FM NORMAL 0 PTCLDY (SCALE 4-7) 8
TOTAL FM JUL 1 0 CLOUDY (SCALE 8-10) 0
DPTR FM NORMAL 0
[CDD (BASE 65) ]
TOTAL THIS MO. 449
DPTR FM NORMAL 3 [PRESSURE DATA]
TOTAL FM JAN 1 957 HIGHEST SLP M ON M
DPTR FM NORMAL 17 LOWEST SLP M ON M
[REMARKS]
#FINAL-07-21#