000
CXUS51 KCTP 010800
CF6BFD
PRELIMINARY LOCAL CLIMATOLOGICAL DATA (WS FORM: F-6)
STATION: BRADFORD
MONTH: JULY
YEAR: 2021
LATITUDE: 41 47 N
LONGITUDE: 78 38 W
TEMPERATURE IN F: :PCPN: SNOW: WIND :SUNSHINE: SKY :PK WND
================================================================================
1 2 3 4 5 6A 6B 7 8 9 10 11 12 13 14 15 16 17 18
12Z AVG MX 2MIN
DY MAX MIN AVG DEP HDD CDD WTR SNW DPTH SPD SPD DIR MIN PSBL S-S WX SPD DR
================================================================================
1 73 58 66 0 0 1 0.35 M M 5.2 14 270 M M 7 1 21 280
2 68 52 60 -6 5 0 0.03 M M 6.3 20 340 M M 8 123 24 340
3 73 51 62 -4 3 0 T M M 7.2 18 310 M M 8 25 320
4 78 45 62 -4 3 0 0.00 M M 2.2 9 290 M M 2 1 13 10
5 84 52 68 1 0 3 0.00 M M 4.4 14 210 M M 1 1 19 210
6 82 64 73 6 0 8 0.54 M M 4.2 26 330 M M 5 1238 38 330
7 86 62 74 7 0 9 0.79 M M 5.3 21 270 M M 6 1238 28 220
8 73 63 68 1 0 3 0.42 M M 4.6 16 200 M M 8 18 26 190
9 76 60 68 1 0 3 0.00 M M 7.3 18 320 M M 9 1 22 290
10 75 57 66 -1 0 1 T M M 3.5 12 340 M M 7 1 15 350
11 70 55 63 -4 2 0 0.45 M M 6.0 13 120 M M 8 1 17 150
12 80 68 74 7 0 9 0.86 M M 3.4 10 320 M M 8 123 15 190
13 82 64 73 6 0 8 0.21 M M 5.7 17 270 M M 5 123 27 220
14 78 60 69 2 0 4 0.22 M M 5.0 18 290 M M 7 128 26 300
15 80 58 69 2 0 4 0.03 M M 4.6 15 210 M M 3 1 21 210
16 77 67 72 5 0 7 0.80 M M 3.4 21 320 M M 8 138 27 310
17 76 60 68 1 0 3 1.06 M M 4.9 15 360 M M 9 123 21 360
18 76 59 68 1 0 3 0.02 M M 8.7 17 340 M M 6 1 23 350
19 82 56 69 2 0 4 0.00 M M 4.4 14 320 M M 1 18 16 310
20 82 58 70 3 0 5 0.16 M M 3.2 25 320 M M 3 138 32 330
21 71 50 61 -6 4 0 0.01 M M 6.1 17 320 M M 6 128 24 360
22 73 45 59 -8 6 0 0.00 M M 4.3 15 310 M M 2 1 19 340
23 78 51 65 -2 0 0 0.00 M M 2.4 10 280 M M 4 16 340
24 77 50 64 -3 1 0 0.02 M M 4.7 13 220 M M 3 1 19 210
25 83 60 72 5 0 7 0.01 M M 5.4 14 320 M M 5 18 320
26 83 55 69 2 0 4 0.00 M M 3.7 15 310 M M 2 1 19 280
27 83 51 67 0 0 2 T M M 5.1 20 330 M M 1 1 26 280
28 79 57 68 1 0 3 0.00 M M 2.0 9 40 M M 4 128 12 40
29 77 56 67 0 0 2 0.77 M M 6.2 18 280 M M 4 13 23 290
30 71 48 60 -7 5 0 0.00 M M 8.5 21 320 M M 4 1 27 290
31 72 42 57 -10 8 0 0.00 M M 2.9 12 280 M M 1 1 16 260
================================================================================
SM 2398 1734 37 93 6.75 M 150.8 M 155
================================================================================
AV 77.4 55.9 4.9 FASTST M M 5 MAX(MPH)
MISC ----> 26 330 38 330
================================================================================
NOTES:
# LAST OF SEVERAL OCCURRENCES
COLUMN 17 PEAK WIND IN M.P.H.
PRELIMINARY LOCAL CLIMATOLOGICAL DATA (WS FORM: F-6) , PAGE 2
STATION: BRADFORD
MONTH: JULY
YEAR: 2021
LATITUDE: 41 47 N
LONGITUDE: 78 38 W
[TEMPERATURE DATA] [PRECIPITATION DATA] SYMBOLS USED IN COLUMN 16
AVERAGE MONTHLY: 66.6 TOTAL FOR MONTH: 6.75 1 = FOG OR MIST
DPTR FM NORMAL: -0.3 DPTR FM NORMAL: 2.59 2 = FOG REDUCING VISIBILITY
HIGHEST: 86 ON 7 GRTST 24HR 1.68 ON 16-17 TO 1/4 MILE OR LESS
LOWEST: 42 ON 31 3 = THUNDER
SNOW, ICE PELLETS, HAIL 4 = ICE PELLETS
TOTAL MONTH: M 5 = HAIL
GRTST 24HR M ON M 6 = FREEZING RAIN OR DRIZZLE
GRTST DEPTH: M ON M 7 = DUSTSTORM OR SANDSTORM:
VSBY 1/2 MILE OR LESS
8 = SMOKE OR HAZE
[NO. OF DAYS WITH] [WEATHER - DAYS WITH] 9 = BLOWING SNOW
X = TORNADO
MAX 32 OR BELOW: 0 0.01 INCH OR MORE: 18
MAX 90 OR ABOVE: 0 0.10 INCH OR MORE: 12
MIN 32 OR BELOW: 0 0.50 INCH OR MORE: 6
MIN 0 OR BELOW: 0 1.00 INCH OR MORE: 1
[HDD (BASE 65) ]
TOTAL THIS MO. 37 CLEAR (SCALE 0-3) 9
DPTR FM NORMAL -6 PTCLDY (SCALE 4-7) 20
TOTAL FM JUL 1 37 CLOUDY (SCALE 8-10) 2
DPTR FM NORMAL -4
[CDD (BASE 65) ]
TOTAL THIS MO. 93
DPTR FM NORMAL -8 [PRESSURE DATA]
TOTAL FM JAN 1 230 HIGHEST SLP 30.23 ON 23
DPTR FM NORMAL 54 LOWEST SLP 29.78 ON 29
[REMARKS]
#FINAL-07-21#