727
CXUS54 KOHX 010712
CLMBNA

CLIMATE REPORT
NATIONAL WEATHER SERVICE NASHVILLE, TN
212 AM CDT SAT MAY 01 2021

...................................

...THE NASHVILLE CLIMATE SUMMARY FOR THE MONTH OF APRIL 2021...

CLIMATE NORMAL PERIOD: 1981 TO 2010
CLIMATE RECORD PERIOD: 1871 TO 2021

WEATHER         OBSERVED          NORMAL  DEPART   LAST YEAR`S
                VALUE   DATE(S)   VALUE   FROM     VALUE
                                          NORMAL
..............................................................
TEMPERATURE (F)
RECORD
 HIGH             91   04/29/2017
                       04/09/2011
                       04/27/1989
 LOW              23   04/08/2007
                       04/07/1982
HIGHEST           84   04/09
                       04/27
LOWEST            30   04/02
AVG. MAXIMUM    70.7               70.5     0.2
AVG. MINIMUM    47.4               47.5    -0.1
MEAN            59.0               59.0     0.0     58.1
DAYS MAX >= 90     0
DAYS MAX <= 32     0
DAYS MIN <= 32     2
DAYS MIN <= 0      0

PRECIPITATION (INCHES)
RECORD
 MAXIMUM       11.84   1874
 MINIMUM        0.52   1986
TOTALS          2.35               4.00   -1.65
DAYS >= .01       10
DAYS >= .10        5
DAYS >= .50        1
DAYS >= 1.00       0
GREATEST
 24 HR. TOTAL   0.84   04/28 TO 04/29

SNOWFALL (INCHES)
TOTALS             T                0.0     0.0
SINCE 7/1        5.4                       -0.9
DAYS >= TRACE      1
DAYS >= 1.0        0

DEGREE DAYS
HEATING TOTAL    198                217     -19
 SINCE 7/1      3123               3629    -506
COOLING TOTAL     27                 37     -10
 SINCE 1/1        35                 45     -10
..............................................................

WIND (MPH)
AVERAGE WIND SPEED              6.7
HIGHEST GUST SPEED/DIRECTION    MM        DATE   MM

SKY COVER
POSSIBLE SUNSHINE (PERCENT)   MM
AVERAGE SKY COVER           0.48
NUMBER OF DAYS FAIR            9
NUMBER OF DAYS PC             15
NUMBER OF DAYS CLOUDY          6

AVERAGE RH (PERCENT)     56

WEATHER CONDITIONS. NUMBER OF DAYS WITH
THUNDERSTORM              2     MIXED PRECIP               0
HEAVY RAIN                2     RAIN                       4
LIGHT RAIN                9     FREEZING RAIN              0
LT FREEZING RAIN          0     HAIL                       0
HEAVY SNOW                0     SNOW                       0
LIGHT SNOW                0     SLEET                      0
FOG                      10     FOG W/VIS <= 1/4 MILE      0
HAZE                      4

-  INDICATES NEGATIVE NUMBERS.
R  INDICATES RECORD WAS SET OR TIED.
MM INDICATES DATA IS MISSING.
T  INDICATES TRACE AMOUNT.

$$
