000
CXUS54 KOHX 011825
CLMBNA

CLIMATE REPORT
NATIONAL WEATHER SERVICE NASHVILLE, TN
125 PM CDT MON AUG 01 2022

...................................

...THE NASHVILLE CLIMATE SUMMARY FOR THE MONTH OF JULY 2022...

CLIMATE NORMAL PERIOD: 1991 TO 2020
CLIMATE RECORD PERIOD: 1871 TO 2022

WEATHER         OBSERVED          NORMAL  DEPART   LAST YEAR`S
                VALUE   DATE(S)   VALUE   FROM     VALUE
                                          NORMAL
..............................................................
TEMPERATURE (F)
RECORD
 HIGH            107   07/27/1952
                       07/28/1952
 LOW              51   07/23/1947
HIGHEST           99   07/05
                       07/08
                       07/20
LOWEST            67   07/14
AVG. MAXIMUM    93.7               90.9     2.8
AVG. MINIMUM    74.1               70.5     3.6
MEAN            83.9               80.7     3.2     81.1
DAYS MAX >= 90    27
DAYS MAX <= 32     0
DAYS MIN <= 32     0
DAYS MIN <= 0      0

PRECIPITATION (INCHES)
RECORD
 MAXIMUM        9.43   1878
 MINIMUM        0.46   1890
TOTALS          7.87               4.16    3.71
DAYS >= .01       13
DAYS >= .10       10
DAYS >= .50        3
DAYS >= 1.00       2
GREATEST
 24 HR. TOTAL   2.34   07/09 TO 07/09

SNOWFALL (INCHES)
TOTALS           0.0                0.0     0.0
SINCE 7/1        0.0                        0.0
DAYS >= TRACE      0
DAYS >= 1.0        0

DEGREE DAYS
HEATING TOTAL      0                  0       0
 SINCE 7/1         0                  0       0
COOLING TOTAL    594                487     107
 SINCE 1/1      1379               1091     288
..............................................................

WIND (MPH)
AVERAGE WIND SPEED              5.6
HIGHEST GUST SPEED/DIRECTION    40/020    DATE  07/09

SKY COVER
POSSIBLE SUNSHINE (PERCENT)   MM
AVERAGE SKY COVER           0.56
NUMBER OF DAYS FAIR            4
NUMBER OF DAYS PC             20
NUMBER OF DAYS CLOUDY          7

AVERAGE RH (PERCENT)     65

WEATHER CONDITIONS. NUMBER OF DAYS WITH
THUNDERSTORM             12     MIXED PRECIP               0
HEAVY RAIN                7     RAIN                       5
LIGHT RAIN               16     FREEZING RAIN              0
LT FREEZING RAIN          0     HAIL                       0
HEAVY SNOW                0     SNOW                       0
LIGHT SNOW                0     SLEET                      0
FOG                      10     FOG W/VIS <= 1/4 MILE      0
HAZE                      8

-  INDICATES NEGATIVE NUMBERS.
R  INDICATES RECORD WAS SET OR TIED.
MM INDICATES DATA IS MISSING.
T  INDICATES TRACE AMOUNT.

$$
