000
CXUS54 KOHX 012144
CLMBNA

CLIMATE REPORT
NATIONAL WEATHER SERVICE NASHVILLE, TN
444 PM CDT MON APR 01 2024

...................................

...THE NASHVILLE CLIMATE SUMMARY FOR THE MONTH OF MARCH 2024...

CLIMATE NORMAL PERIOD: 1991 TO 2020
CLIMATE RECORD PERIOD: 1871 TO 2024

WEATHER         OBSERVED          NORMAL  DEPART   LAST YEAR`S
                VALUE   DATE(S)   VALUE   FROM     VALUE
                                          NORMAL
..............................................................
TEMPERATURE (F)
RECORD
 HIGH             89   03/21/1907
 LOW               2   03/03/1980
HIGHEST           81   03/14
LOWEST            26   03/19
AVG. MAXIMUM    66.9               62.7     4.2
AVG. MINIMUM    45.2               40.2     5.0
MEAN            56.1               51.5     4.6     52.5
DAYS MAX >= 90     0
DAYS MAX <= 32     0
DAYS MIN <= 32     3
DAYS MIN <= 0      0

PRECIPITATION (INCHES)
RECORD
 MAXIMUM       12.35   1975
 MINIMUM        0.85   1910
TOTALS          3.88               4.52   -0.64
DAYS >= .01       10
DAYS >= .10       10
DAYS >= .50        3
DAYS >= 1.00       0
GREATEST
 24 HR. TOTAL   1.20   03/14 TO 03/15

SNOWFALL (INCHES)
TOTALS           0.0                0.7    -0.7
SINCE 7/1        7.6                        2.9
DAYS >= TRACE      0
DAYS >= 1.0        0

DEGREE DAYS
HEATING TOTAL    280                431    -151
 SINCE 7/1      2638               3142    -504
COOLING TOTAL     12                 11       1
 SINCE 1/1        17                 12       5
..............................................................

WIND (MPH)
AVERAGE WIND SPEED              7.9
HIGHEST GUST SPEED/DIRECTION    42/150    DATE  03/26

SKY COVER
POSSIBLE SUNSHINE (PERCENT)   MM
AVERAGE SKY COVER           0.53
NUMBER OF DAYS FAIR           10
NUMBER OF DAYS PC             12
NUMBER OF DAYS CLOUDY          9

AVERAGE RH (PERCENT)     59

WEATHER CONDITIONS. NUMBER OF DAYS WITH
THUNDERSTORM              3     MIXED PRECIP               1
HEAVY RAIN                4     RAIN                       6
LIGHT RAIN               11     FREEZING RAIN              0
LT FREEZING RAIN          0     HAIL                       0
HEAVY SNOW                0     SNOW                       0
LIGHT SNOW                0     SLEET                      0
FOG                      16     FOG W/VIS <= 1/4 MILE      0
HAZE                      4

-  INDICATES NEGATIVE NUMBERS.
R  INDICATES RECORD WAS SET OR TIED.
MM INDICATES DATA IS MISSING.
T  INDICATES TRACE AMOUNT.

$$
