000
CXUS56 KSGX 011145
CF6CNO
PRELIMINARY LOCAL CLIMATOLOGICAL DATA (WS FORM: F-6)
STATION: CHINO AIRPORT CA
MONTH: JANUARY
YEAR: 2021
LATITUDE: 33 58 N
LONGITUDE: 117 38 W
TEMPERATURE IN F: :PCPN: SNOW: WIND :SUNSHINE: SKY :PK WND
================================================================================
1 2 3 4 5 6A 6B 7 8 9 10 11 12 13 14 15 16 17 18
12Z AVG MX 2MIN
DY MAX MIN AVG DEP HDD CDD WTR SNW DPTH SPD SPD DIR MIN PSBL S-S WX SPD DR
================================================================================
1 72 45 59 6 6 0 0.00 M M 9.2 24 30 M M 1 37 50
2 69 42 56 3 9 0 0.00 M M 1.7 9 270 M M 2 11 260
3 68 43 56 3 9 0 0.00 M M 1.8 10 230 M M 2 18 12 220
4 66 43 55 2 10 0 0.00 M M 3.0 12 250 M M 2 18 M M
5 71 41 56 3 9 0 0.00 M M 1.8 9 210 M M 4 128 M M
6 78 43 61 8 4 0 0.00 M M 2.5 12 230 M M 2 18 15 260
7 78 39 59 6 6 0 0.00 M M 1.8 7 30 M M 2 8 9 280
8 77 42 60 7 5 0 0.00 M M 2.6 14 260 M M 1 8 16 260
9 77 39 58 5 7 0 0.00 M M 4.3 22 40 M M 1 18 34 40
10 75 40 58 5 7 0 0.00 M M 2.4 13 120 M M 2 16 140
11 77 41 59 6 6 0 0.00 M M 3.5 12 270 M M 0 8 12 110
12 75 40 58 5 7 0 0.00 M M 1.4 7 290 M M 2 8 9 40
13 80 41 61 8 4 0 0.00 M M 2.2 7 20 M M 2 8 9 320
14 90 45 68 15 0 3 0.00 M M 7.8 21 30 M M 1 8 35 30
15 93 53 73 20 0 8 0.00 M M 6.8 23 30 M M 2 8 37 40
16 90 46 68 15 0 3 0.00 M M 5.4 20 40 M M 2 8 32 30
17 89 49 69 16 0 4 0.00 M M 2.8 8 240 M M 0 8 11 120
18 84 46 65 12 0 0 0.00 M M 4.8 17 40 M M 0 8 30 40
19 66 47 57 4 8 0 0.00 M M 12.8 30 30 M M 4 18 46 20
20 76 59 68 15 0 3 0.00 M M 11.2 21 100 M M 1 8 28 50
21 75 46 61 8 4 0 0.00 M 0 5.1 17 220 M M 2 8 21 210
22 68 45 57 4 8 0 T M 0 5.2 23 230 M M 5 8 29 240
23 55 48 52 -1 13 0 0.17 M 0 3.6 13 90 M M 9 15 90
24 60 41 51 -2 14 0 0.11 M M 3.5 18 210 M M 8 128 22 220
25 57 42 50 -3 15 0 0.43 M M 13.0 30 260 M M 6 13 37 280
26 58 35 47 -6 18 0 0.00 M M 3.2 13 240 M M 1 15 220
27 62 42 52 -1 13 0 0.00 M M 3.2 9 360 M M 5 11 360
28 69 40 55 2 10 0 0.39 M M 4.1 18 240 M M 5 1 21 240
29 55 45 50 -3 15 0 1.14 M M 3.6 20 320 M M 9 18 23 320
30 65 39 52 -1 13 0 0.00 M M 1.1 6 350 M M 2 18 8 10
31 74 40 57 4 8 0 0.00 M M 4.0 14 100 M M 4 20 110
================================================================================
SM 2249 1347 228 21 2.24 M 139.4 M 89
================================================================================
AV 72.5 43.5 4.5 FASTST M M 3 MAX(MPH)
MISC ----> # 30 260 46 20
================================================================================
NOTES:
# LAST OF SEVERAL OCCURRENCES
COLUMN 17 PEAK WIND IN M.P.H.
PRELIMINARY LOCAL CLIMATOLOGICAL DATA (WS FORM: F-6) , PAGE 2
STATION: CHINO AIRPORT CA
MONTH: JANUARY
YEAR: 2021
LATITUDE: 33 58 N
LONGITUDE: 117 38 W
[TEMPERATURE DATA] [PRECIPITATION DATA] SYMBOLS USED IN COLUMN 16
AVERAGE MONTHLY: 58.0 TOTAL FOR MONTH: 2.24 1 = FOG OR MIST
DPTR FM NORMAL: 5.0 DPTR FM NORMAL: -0.84 2 = FOG REDUCING VISIBILITY
HIGHEST: 93 ON 15 GRTST 24HR 1.14 ON 29-29 TO 1/4 MILE OR LESS
LOWEST: 35 ON 26 3 = THUNDER
SNOW, ICE PELLETS, HAIL 4 = ICE PELLETS
TOTAL MONTH: M 5 = HAIL
GRTST 24HR M ON M 6 = FREEZING RAIN OR DRIZZLE
GRTST DEPTH: 0 7 = DUSTSTORM OR SANDSTORM:
VSBY 1/2 MILE OR LESS
8 = SMOKE OR HAZE
[NO. OF DAYS WITH] [WEATHER - DAYS WITH] 9 = BLOWING SNOW
X = TORNADO
MAX 32 OR BELOW: 0 0.01 INCH OR MORE: 5
MAX 90 OR ABOVE: 3 0.10 INCH OR MORE: 5
MIN 32 OR BELOW: 0 0.50 INCH OR MORE: 1
MIN 0 OR BELOW: 0 1.00 INCH OR MORE: 1
[HDD (BASE 65) ]
TOTAL THIS MO. 228 CLEAR (SCALE 0-3) 21
DPTR FM NORMAL -145 PTCLDY (SCALE 4-7) 7
TOTAL FM JUL 1 573 CLOUDY (SCALE 8-10) 3
DPTR FM NORMAL -479
[CDD (BASE 65) ]
TOTAL THIS MO. 21
DPTR FM NORMAL 20 [PRESSURE DATA]
TOTAL FM JAN 1 21 HIGHEST SLP 30.31 ON 2
DPTR FM NORMAL 20 LOWEST SLP 29.64 ON 25
[REMARKS]
#FINAL-01-21#