000
CDUS42 KMLB 050625
CLIDAB

CLIMATE REPORT
NATIONAL WEATHER SERVICE MELBOURNE FL
225 AM EDT TUE JUL 05 2022

...................................

...THE DAYTONA BEACH CLIMATE SUMMARY FOR JULY 4 2022...

CLIMATE NORMAL PERIOD 1991 TO 2020
CLIMATE RECORD PERIOD 1923 TO 2022


WEATHER ITEM   OBSERVED TIME   RECORD YEAR NORMAL DEPARTURE LAST
                VALUE   (LST)  VALUE       VALUE  FROM      YEAR
                                                  NORMAL
...................................................................
TEMPERATURE (F)
 YESTERDAY
  MAXIMUM         86    954 AM  97    1932  90     -4       87
                                      1997
  MINIMUM         73    556 AM  63    1984  73      0       72
  AVERAGE         80                        82     -2       80

PRECIPITATION (IN)
  YESTERDAY        0.07          2.48 1959   0.21  -0.14     0.09
  MONTH TO DATE    0.38                      0.86  -0.48     0.34
  SINCE JUN 1      2.52                      7.80  -5.28     5.67
  SINCE JAN 1     15.27                     22.42  -7.15    15.86

SNOWFALL (IN)
  YESTERDAY        0.0
  MONTH TO DATE    0.0
  SINCE JUL 1      0.0

DEGREE DAYS
 HEATING
  YESTERDAY        0                         0      0        0
  MONTH TO DATE    0                         0      0        0
  SINCE JUN 1      0                         0      0        0
  SINCE JUL 1      0                         0      0        0

 COOLING
  YESTERDAY       15                        16     -1       15
  MONTH TO DATE   66                        64      2       58
  SINCE JUN 1    586                       520     66      536
  SINCE JAN 1   1492                      1191    301     1314
...................................................................


WIND (MPH)
  HIGHEST WIND SPEED    13   HIGHEST WIND DIRECTION     E (90)
  HIGHEST GUST SPEED    17   HIGHEST GUST DIRECTION     E (110)
  AVERAGE WIND SPEED     3.2


SKY COVER
  AVERAGE SKY COVER 0.3


WEATHER CONDITIONS
THE FOLLOWING WEATHER WAS RECORDED YESTERDAY.
  HEAVY RAIN
  LIGHT RAIN
  FOG


RELATIVE HUMIDITY (PERCENT)
 HIGHEST    97           700 AM
 LOWEST     63          1000 AM
 AVERAGE    80

..........................................................


THE DAYTONA BEACH CLIMATE NORMALS FOR TODAY
                         NORMAL    RECORD    YEAR
 MAXIMUM TEMPERATURE (F)   90        96      1953
                                             1970
 MINIMUM TEMPERATURE (F)   73        66      1984


SUNRISE AND SUNSET
JULY  5 2022..........SUNRISE   630 AM EDT   SUNSET   827 PM EDT
JULY  6 2022..........SUNRISE   631 AM EDT   SUNSET   827 PM EDT


-  INDICATES NEGATIVE NUMBERS.
R  INDICATES RECORD WAS SET OR TIED.
MM INDICATES DATA IS MISSING.
T  INDICATES TRACE AMOUNT.




$$
