000
CDUS42 KMLB 092016
CLIDAB

CLIMATE REPORT
NATIONAL WEATHER SERVICE MELBOURNE FL
416 PM EDT SUN MAY 09 2021

...................................

...THE DAYTONA BEACH CLIMATE SUMMARY FOR MAY 9 2021...
VALID TODAY AS OF 0400 PM LOCAL TIME.

CLIMATE NORMAL PERIOD 1991 TO 2020
CLIMATE RECORD PERIOD 1923 TO 2021


WEATHER ITEM   OBSERVED TIME   RECORD YEAR NORMAL DEPARTURE LAST
                VALUE   (LST)  VALUE       VALUE  FROM      YEAR
                                                  NORMAL
...................................................................
TEMPERATURE (F)
 TODAY
  MAXIMUM         84    225 PM  94    1978  84      0       77
  MINIMUM         59    516 AM  49    1992  65     -6       61
  AVERAGE         72                        74     -2       69

PRECIPITATION (IN)
  TODAY            0.00          1.75 1935   0.10  -0.10     0.00
  MONTH TO DATE    0.98                      0.76   0.22      T
  SINCE MAR 1      5.51                      6.62  -1.11     3.62
  SINCE JAN 1      9.65                     11.69  -2.04     6.34

SNOWFALL (IN)
  TODAY            0.0
  MONTH TO DATE    0.0
  SINCE JUL 1      0.0

DEGREE DAYS
 HEATING
  TODAY            0                         0      0        0
  MONTH TO DATE    0                         0      0        3
  SINCE MAR 1     79                       105    -26       37
  SINCE JUL 1    643                       707    -64      458

 COOLING
  TODAY            7                         9     -2        4
  MONTH TO DATE  104                        77     27       51
  SINCE MAR 1    409                       341     68      495
  SINCE JAN 1    530                       418    112      662
...................................................................


WIND (MPH)
  HIGHEST WIND SPEED    15   HIGHEST WIND DIRECTION     E (110)
  HIGHEST GUST SPEED    23   HIGHEST GUST DIRECTION     E (110)
  AVERAGE WIND SPEED     5.0


SKY COVER
  AVERAGE SKY COVER 0.1


WEATHER CONDITIONS
THE FOLLOWING WEATHER WAS RECORDED TODAY.
  NO SIGNIFICANT WEATHER WAS OBSERVED.


RELATIVE HUMIDITY (PERCENT)
 HIGHEST    90           600 AM
 LOWEST     46          1200 PM
 AVERAGE    68

..........................................................


THE DAYTONA BEACH CLIMATE NORMALS FOR TOMORROW
                         NORMAL    RECORD    YEAR
 MAXIMUM TEMPERATURE (F)   84        94      2008
 MINIMUM TEMPERATURE (F)   65        50      1984


SUNRISE AND SUNSET
MAY  9 2021...........SUNRISE   636 AM EDT   SUNSET   806 PM EDT
MAY 10 2021...........SUNRISE   635 AM EDT   SUNSET   806 PM EDT


-  INDICATES NEGATIVE NUMBERS.
R  INDICATES RECORD WAS SET OR TIED.
MM INDICATES DATA IS MISSING.
T  INDICATES TRACE AMOUNT.




$$
