000
CDUS42 KMLB 070728
CLIDAB

CLIMATE REPORT
NATIONAL WEATHER SERVICE MELBOURNE FL
228 AM EST SUN MAR 07 2021

...................................

...THE DAYTONA BEACH CLIMATE SUMMARY FOR MARCH 6 2021...

CLIMATE NORMAL PERIOD 1981 TO 2010
CLIMATE RECORD PERIOD 1923 TO 2021


WEATHER ITEM   OBSERVED TIME   RECORD YEAR NORMAL DEPARTURE LAST
                VALUE   (LST)  VALUE       VALUE  FROM      YEAR
                                                  NORMAL
...................................................................
TEMPERATURE (F)
 YESTERDAY
  MAXIMUM         67   1018 AM  90    1939  73     -6       73
                                      1945
  MINIMUM         55   1159 PM  32    1960  53      2       55
                                      1962
  AVERAGE         61                        63     -2       64

PRECIPITATION (IN)
  YESTERDAY       MM             1.73 1979   0.14  MM         T
  MONTH TO DATE    0.06                      0.78  -0.72     0.01
  SINCE MAR 1      0.06                      0.78  -0.72     0.01
  SINCE JAN 1      4.20                      6.30  -2.10     2.73

SNOWFALL (IN)
  YESTERDAY        0.0
  MONTH TO DATE    0.0
  SINCE JUL 1      0.0

DEGREE DAYS
 HEATING
  YESTERDAY        4                         4      0        1
  MONTH TO DATE   14                        25    -11       15
  SINCE MAR 1     14                        25    -11       15
  SINCE JUL 1    578                       707   -129      436

 COOLING
  YESTERDAY        0                         2     -2        0
  MONTH TO DATE   15                        12      3       29
  SINCE MAR 1     15                        12      3       29
  SINCE JAN 1    136                        77     59      196
...................................................................


WIND (MPH)
  HIGHEST WIND SPEED    28   HIGHEST WIND DIRECTION     N (20)
  HIGHEST GUST SPEED    34   HIGHEST GUST DIRECTION    NE (30)
  AVERAGE WIND SPEED    13.7


SKY COVER
  AVERAGE SKY COVER 0.8


WEATHER CONDITIONS
THE FOLLOWING WEATHER WAS RECORDED YESTERDAY.
  THUNDERSTORM
  HEAVY RAIN
  LIGHT RAIN
  FOG


RELATIVE HUMIDITY (PERCENT)
 HIGHEST    84           500 AM
 LOWEST     69           400 PM
 AVERAGE    77

..........................................................


THE DAYTONA BEACH CLIMATE NORMALS FOR TODAY
                         NORMAL    RECORD    YEAR
 MAXIMUM TEMPERATURE (F)   73        88      1945
 MINIMUM TEMPERATURE (F)   53        34      1940
                                             1954
                                             1965


SUNRISE AND SUNSET
MARCH  7 2021.........SUNRISE   643 AM EST   SUNSET   628 PM EST
MARCH  8 2021.........SUNRISE   642 AM EST   SUNSET   629 PM EST


-  INDICATES NEGATIVE NUMBERS.
R  INDICATES RECORD WAS SET OR TIED.
MM INDICATES DATA IS MISSING.
T  INDICATES TRACE AMOUNT.




$$
