000
CDUS42 KMLB 270626
CLIDAB


CLIMATE REPORT
NATIONAL WEATHER SERVICE MELBOURNE FL
226 AM EDT SUN MAY 27 2018


...................................

...THE DAYTONA BEACH CLIMATE SUMMARY FOR MAY 26 2018...

CLIMATE NORMAL PERIOD 1981 TO 2010
CLIMATE RECORD PERIOD 1923 TO 2018


WEATHER ITEM   OBSERVED TIME   RECORD YEAR NORMAL DEPARTURE LAST
                VALUE   (LST)  VALUE       VALUE  FROM      YEAR
                                                  NORMAL
..................................................................
TEMPERATURE (F)
 YESTERDAY
  MAXIMUM         83   1243 PM 100    1953  86     -3       82
  MINIMUM         71    553 AM  57    2017  68      3       57
                                      1979
                                      1935
  AVERAGE         77                        77      0       70

PRECIPITATION (IN)
  YESTERDAY        0.05          4.22 1947   0.13  -0.08     0.00
  MONTH TO DATE    8.36                      2.35   6.01     1.90
  SINCE MAR 1     14.06                      8.77   5.29     4.19
  SINCE JAN 1     20.86                     14.29   6.57     8.20

SNOWFALL (IN)
  YESTERDAY        0.0
  MONTH TO DATE    0.0
  SINCE JUL 1      T

DEGREE DAYS
 HEATING
  YESTERDAY        0                         0      0        0
  MONTH TO DATE    0                         0      0        0
  SINCE MAR 1    148                       125     23       95
  SINCE JUL 1    645                       807   -162      401

 COOLING
  YESTERDAY       12                        12      0        5
  MONTH TO DATE  243                       249     -6      277
  SINCE MAR 1    481                       471     10      623
  SINCE JAN 1    643                       536    107      743
..................................................................


WIND (MPH)
  HIGHEST WIND SPEED    15   HIGHEST WIND DIRECTION     E (110)
  HIGHEST GUST SPEED    23   HIGHEST GUST DIRECTION     E (100)
  AVERAGE WIND SPEED     5.1


SKY COVER
  AVERAGE SKY COVER 0.8


WEATHER CONDITIONS
 THE FOLLOWING WEATHER WAS RECORDED YESTERDAY.
  LIGHT RAIN
  FOG


RELATIVE HUMIDITY (PERCENT)
 HIGHEST   100           300 AM
 LOWEST     69          1100 AM
 AVERAGE    85

..........................................................


THE DAYTONA BEACH CLIMATE NORMALS FOR TODAY
                         NORMAL    RECORD    YEAR
 MAXIMUM TEMPERATURE (F)   87        97      1967
 MINIMUM TEMPERATURE (F)   68        53      1935


SUNRISE AND SUNSET
MAY 27 2018...........SUNRISE   627 AM EDT   SUNSET   816 PM EDT
MAY 28 2018...........SUNRISE   626 AM EDT   SUNSET   817 PM EDT


-  INDICATES NEGATIVE NUMBERS.
R  INDICATES RECORD WAS SET OR TIED.
MM INDICATES DATA IS MISSING.
T  INDICATES TRACE AMOUNT.




$$
