000
CDUS42 KMLB 032019
CLIDAB

CLIMATE REPORT
NATIONAL WEATHER SERVICE MELBOURNE FL
419 PM EDT FRI JUL 03 2020

...................................

...THE DAYTONA BEACH CLIMATE SUMMARY FOR JULY 3 2020...
VALID TODAY AS OF 0400 PM LOCAL TIME.

CLIMATE NORMAL PERIOD 1981 TO 2010
CLIMATE RECORD PERIOD 1923 TO 2020


WEATHER ITEM   OBSERVED TIME   RECORD YEAR NORMAL DEPARTURE LAST
                VALUE   (LST)  VALUE       VALUE  FROM      YEAR
                                                  NORMAL
...................................................................
TEMPERATURE (F)
 TODAY
  MAXIMUM         88   1128 AM  96    1927  90     -2       95
                                      1978
                                      1998
  MINIMUM         74    535 AM  65    1937  73      1       76
                                      1962
  AVERAGE         81                        81      0       86

PRECIPITATION (IN)
  TODAY            0.46          2.10 1923   0.20   0.26     0.00
  MONTH TO DATE    1.23                      0.58   0.65     0.00
  SINCE JUN 1      5.82                      6.41  -0.59    10.01
  SINCE JAN 1     15.68                     21.48  -5.80    21.35

SNOWFALL (IN)
  TODAY            0.0
  MONTH TO DATE    0.0
  SINCE JUL 1      0.0

DEGREE DAYS
 HEATING
  TODAY            0                         0      0        0
  MONTH TO DATE    0                         0      0        0
  SINCE JUN 1      0                         0      0        0
  SINCE JUL 1      0                         0      0        0

 COOLING
  TODAY           16                        16      0       21
  MONTH TO DATE   50                        48      2       61
  SINCE JUN 1    496                       495      1      580
  SINCE JAN 1   1422                      1096    326     1438
...................................................................


WIND (MPH)
  HIGHEST WIND SPEED    15   HIGHEST WIND DIRECTION    NE (50)
  HIGHEST GUST SPEED    18   HIGHEST GUST DIRECTION     E (110)
  AVERAGE WIND SPEED     5.5


SKY COVER
  AVERAGE SKY COVER 0.7


WEATHER CONDITIONS
THE FOLLOWING WEATHER WAS RECORDED TODAY.
  THUNDERSTORM
  HEAVY RAIN
  LIGHT RAIN
  FOG


RELATIVE HUMIDITY (PERCENT)
 HIGHEST   100           200 AM
 LOWEST     68          1100 AM
 AVERAGE    84

..........................................................


THE DAYTONA BEACH CLIMATE NORMALS FOR TOMORROW
                         NORMAL    RECORD    YEAR
 MAXIMUM TEMPERATURE (F)   90        97      1932
                                             1997
 MINIMUM TEMPERATURE (F)   73        63      1984


SUNRISE AND SUNSET
JULY  3 2020..........SUNRISE   630 AM EDT   SUNSET   827 PM EDT
JULY  4 2020..........SUNRISE   630 AM EDT   SUNSET   827 PM EDT


-  INDICATES NEGATIVE NUMBERS.
R  INDICATES RECORD WAS SET OR TIED.
MM INDICATES DATA IS MISSING.
T  INDICATES TRACE AMOUNT.




$$
