000
CXUS52 KMLB 071737 CCA
CLMDAB

CLIMATE REPORT...CORRECTED
NATIONAL WEATHER SERVICE MELBOURNE FL
140 PM EDT FRI MAY 07 2021

...................................

...THE DAYTONA BEACH CLIMATE SUMMARY FOR THE MONTH OF APRIL 2021...

CLIMATE NORMAL PERIOD 1981 TO 2010
CLIMATE RECORD PERIOD 1923 TO 2021

WEATHER         OBSERVED          NORMAL  DEPART   LAST YEAR`S
                VALUE   DATE(S)   VALUE   FROM     VALUE
                                          NORMAL
..............................................................
TEMPERATURE (F)
MONTHLY RECORD
 HOTTEST        75.3   2015
 COLDEST        63.7   1950
DAILY RECORD
 HIGH             96   04/24/1968
 LOW              32   04/14/1940
APRIL 2021
HIGHEST           90   04/29                          94
LOWEST            46   04/02                          49
                       04/03
AVG. MAXIMUM    79.0               79.2    -0.2     82.1
AVG. MINIMUM    59.9               58.6     1.3     62.0
MEAN            69.5               68.9     0.6     72.1
DAYS MAX >= 90     1                0.8     0.2        4
DAYS MAX <= 32     0                0.0     0.0        0
DAYS MIN <= 32     0                0.0     0.0        0
DAYS MIN <= 0      0                0.0     0.0        0

PRECIPITATION (INCHES)
MONTHLY RECORD
 MAXIMUM        7.12   1949
 MINUMUM           T   1967
DAILY RECORD
 MAXIMUM        4.07   04/05/1931
APRIL 2021
TOTALS          3.63               2.18    1.45     3.32
DAYS >= .01        6                5.8     0.2        6
DAYS >= .10        6                3.5     2.5        6
DAYS >= .50        4                1.3     2.7        3
DAYS >= 1.00       1                0.6     0.4        0
GREATEST
 24 HR. TOTAL   1.43   04/11 TO 04/11

SNOWFALL (INCHES)
TOTALS           0.0                0.0     0.0      0.0
SINCE 7/1        0.0                0.0     0.0      0.0
DAYS >= TRACE      0                                   0

DEGREE DAYS
HEATING TOTAL     28                 28       0        6
 SINCE 7/1       643                806    -163       MM
COOLING TOTAL    170                145      25      225
 SINCE 1/1       426                287     139       MM
..............................................................

WIND (MPH)
AVERAGE WIND SPEED              7.1
HIGHEST WIND SPEED/DIRECTION    36/280    DATE  04/10
HIGHEST GUST SPEED/DIRECTION    47/290    DATE  04/10

SKY COVER
POSSIBLE SUNSHINE (PERCENT)   MM
AVERAGE SKY COVER           0.47
NUMBER OF DAYS FAIR           13
NUMBER OF DAYS PC             11
NUMBER OF DAYS CLOUDY          6

AVERAGE RH (PERCENT)     68

WEATHER CONDITIONS. NUMBER OF DAYS WITH
THUNDERSTORM              6     MIXED PRECIP               0
HEAVY RAIN                6     RAIN                       5
LIGHT RAIN                8     LT FREEZING RAIN           0
HAIL                      0     LIGHT SNOW                 0
SLEET                     0     FOG                       15
FOG W/VIS <= 1/4 MILE     0     HAZE                       1

-  INDICATES NEGATIVE NUMBERS.
R  INDICATES RECORD WAS SET OR TIED.
MM INDICATES DATA IS MISSING.
T  INDICATES TRACE AMOUNT.

$$
