000
CXUS52 KMLB 011950
CLMDAB

CLIMATE REPORT
NATIONAL WEATHER SERVICE MELBOURNE FL
350 PM EDT FRI JUL 01 2022

...................................

...THE DAYTONA BEACH CLIMATE SUMMARY FOR THE MONTH OF JUNE 2022...

CLIMATE NORMAL PERIOD 1991 TO 2020
CLIMATE RECORD PERIOD 1923 TO 2022

WEATHER         OBSERVED          NORMAL  DEPART   LAST YEAR`S
                VALUE   DATE(S)   VALUE   FROM     VALUE
                                          NORMAL
..............................................................
TEMPERATURE (F)
MONTHLY RECORD
 HOTTEST        84.5   1998
 COLDEST        75.9   1926
DAILY RECORD
 HIGH            102   06/24/1944
 LOW              52   06/02/1984
JUNE 2022
HIGHEST          101   06/23                          95
LOWEST            69   06/02                          66
                       06/03
                       06/21
AVG. MAXIMUM    91.1               88.6     2.5     88.5
AVG. MINIMUM    73.1               71.8     1.3     72.9
MEAN            82.1               80.2     1.9     80.7
DAYS MAX >= 90    19               12.5     6.5        8
DAYS MAX <= 32     0                0.0     0.0        0
DAYS MIN <= 32     0                0.0     0.0        0
DAYS MIN <= 0      0                0.0     0.0        0

PRECIPITATION (INCHES)
MONTHLY RECORD
 MAXIMUM       15.44   1930
 MINIMUM        0.54   1931
DAILY RECORD
 MAXIMUM        6.08   6/30/1966
JUNE 2022
TOTALS          2.14               6.94   -4.80     5.33
DAYS >= .01        9               14.7    -5.7       12
DAYS >= .10        6               10.0    -4.0        9
DAYS >= .50        1                5.0    -4.0        5
DAYS >= 1.00       0                2.1    -2.1        1
GREATEST
 24 HR. TOTAL   0.65   06/27 TO 06/27

SNOWFALL (INCHES)
TOTALS           0.0                 MM      MM      0.0
SINCE 7/1        0.0                 MM      MM       MM
DAYS >= TRACE      0                                   0

DEGREE DAYS
HEATING TOTAL      0                  0       0        0
 SINCE 7/1       449                708    -259       MM
COOLING TOTAL    520                456      64      478
 SINCE 1/1      1426               1127     299       MM
..............................................................

WIND (MPH)
AVERAGE WIND SPEED              6.4
HIGHEST WIND SPEED/DIRECTION    25/260    DATE  06/10
HIGHEST GUST SPEED/DIRECTION    31/260    DATE  06/10
                                31/310          06/24

SKY COVER
POSSIBLE SUNSHINE (PERCENT)   MM
AVERAGE SKY COVER           0.48
NUMBER OF DAYS FAIR            7
NUMBER OF DAYS PC             22
NUMBER OF DAYS CLOUDY          1

AVERAGE RH (PERCENT)     71

WEATHER CONDITIONS. NUMBER OF DAYS WITH
THUNDERSTORM             13     MIXED PRECIP               0
HEAVY RAIN                3     RAIN                       6
LIGHT RAIN               13     LT FREEZING RAIN           0
HAIL                      0     LIGHT SNOW                 0
SLEET                     0     FOG                       11
FOG W/VIS <= 1/4 MILE     0     HAZE                       3

-  INDICATES NEGATIVE NUMBERS.
R  INDICATES RECORD WAS SET OR TIED.
MM INDICATES DATA IS MISSING.
T  INDICATES TRACE AMOUNT.

$$
