000
CXUS52 KMLB 021838
CLMDAB

CLIMATE REPORT
NATIONAL WEATHER SERVICE MELBOURNE FL
238 PM EDT FRI APR 02 2021

...................................

...THE DAYTONA BEACH CLIMATE SUMMARY FOR THE MONTH OF MARCH 2021...

CLIMATE NORMAL PERIOD 1981 TO 2010
CLIMATE RECORD PERIOD 1923 TO 2021

WEATHER         OBSERVED          NORMAL  DEPART   LAST YEAR`S
                VALUE   DATE(S)   VALUE   FROM     VALUE
                                          NORMAL
..............................................................
TEMPERATURE (F)
MONTHLY RECORD
 HOTTEST        71.0   2020
 COLDEST        57.9   1969
DAILY RECORD
 HIGH             92   03/28/1994
                       03/28/1935
                       03/24/1935
 LOW              26   03/03/1980
MARCH 2021
HIGHEST           90   03/26                          90
LOWEST            47   03/05                          38
AVG. MAXIMUM    76.9               74.5     2.4     81.6
AVG. MINIMUM    58.2               54.2     4.0     60.4
MEAN            67.5               64.3     3.2     71.0
DAYS MAX >= 90     1                0.0     1.0        1
DAYS MAX <= 32     0                0.0     0.0        0
DAYS MIN <= 32     0                0.1    -0.1        0
DAYS MIN <= 0      0                0.0     0.0        0

PRECIPITATION (INCHES)
MONTHLY RECORD
 MAXIMUM       12.15   1996
 MINIMUM        0.08   2006
DAILY RECORD
 MAXIMUM        4.98   03/22/1953
MARCH 2021
TOTALS          0.90               4.24   -3.34     0.30
DAYS >= .01        6                8.2    -2.2        3
DAYS >= .10        2                5.3    -3.3        1
DAYS >= .50        0                2.8    -2.8        0
DAYS >= 1.00       0                1.5    -1.5        0
GREATEST
 24 HR. TOTAL   0.38   03/20 TO 03/20

SNOWFALL (INCHES)
TOTALS           0.0                0.0     0.0      0.0
SINCE 7/1        0.0                0.0     0.0      0.0
DAYS >= TRACE      0                                   0

DEGREE DAYS
HEATING TOTAL     51                 97     -46       28
 SINCE 7/1       615                778    -163       MM
COOLING TOTAL    135                 77      58      219
 SINCE 1/1       256                142     114       MM
..............................................................

WIND (MPH)
AVERAGE WIND SPEED              8.2
HIGHEST WIND SPEED/DIRECTION    29/010    DATE  03/07
HIGHEST GUST SPEED/DIRECTION    35/010    DATE  03/07
                                35/210          03/18

SKY COVER
POSSIBLE SUNSHINE (PERCENT)   MM
AVERAGE SKY COVER           0.52
NUMBER OF DAYS FAIR            9
NUMBER OF DAYS PC             15
NUMBER OF DAYS CLOUDY          7

AVERAGE RH (PERCENT)     71

WEATHER CONDITIONS. NUMBER OF DAYS WITH
THUNDERSTORM              3     MIXED PRECIP               0
HEAVY RAIN                0     RAIN                       3
LIGHT RAIN                9     LT FREEZING RAIN           0
HAIL                      0     LIGHT SNOW                 0
SLEET                     0     FOG                       21
FOG W/VIS <= 1/4 MILE     1     HAZE                       3

-  INDICATES NEGATIVE NUMBERS.
R  INDICATES RECORD WAS SET OR TIED.
MM INDICATES DATA IS MISSING.
T  INDICATES TRACE AMOUNT.

$$
