000
CXUS52 KMLB 011627
CLMDAB

CLIMATE REPORT
NATIONAL WEATHER SERVICE MELBOURNE FL
1227 PM EDT WED JUL 01 2020

...................................

...THE DAYTONA BEACH CLIMATE SUMMARY FOR THE MONTH OF JUNE 2020...

CLIMATE NORMAL PERIOD 1981 TO 2010
CLIMATE RECORD PERIOD 1923 TO 2020

WEATHER         OBSERVED          NORMAL  DEPART   LAST YEAR`S
                VALUE   DATE(S)   VALUE   FROM     VALUE
                                          NORMAL
..............................................................
TEMPERATURE (F)
MONTHLY RECORD
 HOTTEST        84.5   1998
 COOLEST        75.9   1926
DAILY RECORD
 HIGH            102   06/24/1944
 LOW              52   06/02/1984
JUNE 2020
HIGHEST           96   06/29                          96
                       06/30
LOWEST            65   06/17                          69
AVG. MAXIMUM    87.6               88.4    -0.8     90.7
AVG. MINIMUM    71.5               71.4     0.1     73.3
MEAN            79.6               79.9    -0.3     82.0
DAYS MAX >= 90    10               10.0     0.0       19
DAYS MAX <= 32     0                0.0     0.0        0
DAYS MIN <= 32     0                0.0     0.0        0
DAYS MIN <= 0      0                0.0     0.0        0

PRECIPITATION (INCHES)
MONTHLY RECORD
 MAXIMUM       15.44   1930
 MINIMUM        0.54   1931
DAILY RECORD
 MAXIMUM        6.08   06/30/1966
JUNE 2020
TOTALS          4.59               5.83   -1.24    10.01
DAYS >= .01       17               13.3     3.7       17
DAYS >= .10        9                8.8     0.2       16
DAYS >= .50        3                4.2    -1.2        7
DAYS >= 1.00       1                1.4    -0.4        4
GREATEST
 24 HR. TOTAL   1.24   06/19 TO 06/19

SNOWFALL (INCHES)
TOTALS           0.0                0.0     0.0      0.0
SINCE 7/1        0.0                0.0     0.0
DAYS >= TRACE      0                                   0

DEGREE DAYS
HEATING TOTAL      0                  0       0        0
 SINCE 7/1       458                809    -351      541
COOLING TOTAL    441                447      -6      519
 SINCE 1/1      1372               1048     324     1377
..............................................................

WIND (MPH)
AVERAGE WIND SPEED              5.4
HIGHEST WIND SPEED/DIRECTION    35/270    DATE  06/29
HIGHEST GUST SPEED/DIRECTION    42/280    DATE  06/29

SKY COVER
POSSIBLE SUNSHINE (PERCENT)   MM
AVERAGE SKY COVER           0.63
NUMBER OF DAYS FAIR            3
NUMBER OF DAYS PC             17
NUMBER OF DAYS CLOUDY         10

AVERAGE RH (PERCENT)     82

WEATHER CONDITIONS. NUMBER OF DAYS WITH
THUNDERSTORM             13     MIXED PRECIP               0
HEAVY RAIN               10     RAIN                       7
LIGHT RAIN               18     LT FREEZING RAIN           0
HAIL                      0     LIGHT SNOW                 0
SLEET                     0     FOG                       17
FOG W/VIS <= 1/4 MILE     0     HAZE                       4

-  INDICATES NEGATIVE NUMBERS.
R  INDICATES RECORD WAS SET OR TIED.
MM INDICATES DATA IS MISSING.
T  INDICATES TRACE AMOUNT.

$$
