000
CDUS42 KMLB 051047 CCA
CLIFPR

CLIMATE REPORT...CORRECTED MAXIMUM TEMPERATURE
NATIONAL WEATHER SERVICE MELBOURNE FL
647 AM EDT TUE JUL 05 2022

...................................

...THE FORT PIERCE CLIMATE SUMMARY FOR JULY 4 2022...

CLIMATE NORMAL PERIOD 1991 TO 2020
CLIMATE RECORD PERIOD 1901 TO 2022


WEATHER ITEM   OBSERVED TIME   RECORD YEAR NORMAL DEPARTURE LAST
                VALUE   (LST)  VALUE       VALUE  FROM      YEAR
                                                  NORMAL
...................................................................
TEMPERATURE (F)
 YESTERDAY
  MAXIMUM         89        MM  98    1920  90     -1       93
                                      1927
                                      1929
  MINIMUM         76        MM  65    1986  73      3       71
  AVERAGE         83                        81      2       82

PRECIPITATION (IN)
  YESTERDAY        0.00          2.77 1952   0.19  -0.19     0.00
  MONTH TO DATE    0.00                      0.75  -0.75     0.47
  SINCE JUN 1     13.87                      7.44   6.43     7.10
  SINCE JAN 1     22.76                     22.27   0.49    15.96

SNOWFALL (IN)
  YESTERDAY        0.0
  MONTH TO DATE    0.0
  SINCE JUL 1      0.0

DEGREE DAYS
 HEATING
  YESTERDAY        0                         0      0        0
  MONTH TO DATE    0                         0      0        0
  SINCE JUN 1      0                         0      0        0
  SINCE JUL 1      0                         0      0        0

 COOLING
  YESTERDAY       18                        16      2       17
  MONTH TO DATE   69                        64      5       65
  SINCE JUN 1    523                       511     12      557
  SINCE JAN 1   1602                      1334    268     1556
...................................................................


WIND (MPH)
  HIGHEST WIND SPEED    MM   HIGHEST WIND DIRECTION    MM
  HIGHEST GUST SPEED    MM   HIGHEST GUST DIRECTION    MM
  AVERAGE WIND SPEED    MM


SKY COVER
  AVERAGE SKY COVER 0.0


WEATHER CONDITIONS
THE FOLLOWING WEATHER WAS RECORDED YESTERDAY.
  NO SIGNIFICANT WEATHER WAS OBSERVED.


RELATIVE HUMIDITY (PERCENT)
 HIGHEST    MM
 LOWEST     MM
 AVERAGE    MM

..........................................................


THE FORT PIERCE CLIMATE NORMALS FOR TODAY
                         NORMAL    RECORD    YEAR
 MAXIMUM TEMPERATURE (F)   90        97      1920
 MINIMUM TEMPERATURE (F)   73        68      1993
                                             1996
                                             2012


SUNRISE AND SUNSET
JULY  5 2022..........SUNRISE   631 AM EDT   SUNSET   821 PM EDT
JULY  6 2022..........SUNRISE   632 AM EDT   SUNSET   821 PM EDT


-  INDICATES NEGATIVE NUMBERS.
R  INDICATES RECORD WAS SET OR TIED.
MM INDICATES DATA IS MISSING.
T  INDICATES TRACE AMOUNT.




$$
