000
CDUS42 KMLB 092016
CLIFPR

CLIMATE REPORT
NATIONAL WEATHER SERVICE MELBOURNE FL
416 PM EDT SUN MAY 09 2021

...................................

...THE FORT PIERCE CLIMATE SUMMARY FOR MAY 9 2021...
VALID TODAY AS OF 0400 PM LOCAL TIME.

CLIMATE NORMAL PERIOD 1991 TO 2020
CLIMATE RECORD PERIOD 1901 TO 2021


WEATHER ITEM   OBSERVED TIME   RECORD YEAR NORMAL DEPARTURE LAST
                VALUE   (LST)  VALUE       VALUE  FROM      YEAR
                                                  NORMAL
...................................................................
TEMPERATURE (F)
 TODAY
  MAXIMUM         86   1155 AM  95    1967  85      1       86
  MINIMUM         61    602 AM  49    1992  66     -5       60
  AVERAGE         74                        75     -1       73

PRECIPITATION (IN)
  TODAY            0.00          2.51 1906   0.10  -0.10     0.00
  MONTH TO DATE    0.27                      0.81  -0.54     0.00
  SINCE MAR 1      5.23                      6.72  -1.49     3.36
  SINCE JAN 1      8.64                     11.71  -3.07     6.51

SNOWFALL (IN)
  TODAY            0.0
  MONTH TO DATE    0.0
  SINCE JUL 1      0.0

DEGREE DAYS
 HEATING
  TODAY            0                         0      0        0
  MONTH TO DATE    0                         0      0        0
  SINCE MAR 1     17                        64    -47       20
  SINCE JUL 1    346                       417    -71      248

 COOLING
  TODAY            9                        10     -1        8
  MONTH TO DATE  111                        87     24       66
  SINCE MAR 1    503                       420     83      599
  SINCE JAN 1    735                       563    172      866
...................................................................


WIND (MPH)
  HIGHEST WIND SPEED    22   HIGHEST WIND DIRECTION     E (110)
  HIGHEST GUST SPEED    30   HIGHEST GUST DIRECTION    SE (140)
  AVERAGE WIND SPEED     9.7


SKY COVER
  AVERAGE SKY COVER 0.1


WEATHER CONDITIONS
THE FOLLOWING WEATHER WAS RECORDED TODAY.
  NO SIGNIFICANT WEATHER WAS OBSERVED.


RELATIVE HUMIDITY (PERCENT)
 HIGHEST    87           500 AM
 LOWEST     51          1100 AM
 AVERAGE    69

..........................................................


THE FORT PIERCE CLIMATE NORMALS FOR TOMORROW
                         NORMAL    RECORD    YEAR
 MAXIMUM TEMPERATURE (F)   85        96      2008
 MINIMUM TEMPERATURE (F)   66        50      1992


SUNRISE AND SUNSET
MAY  9 2021...........SUNRISE   636 AM EDT   SUNSET   800 PM EDT
MAY 10 2021...........SUNRISE   636 AM EDT   SUNSET   801 PM EDT


-  INDICATES NEGATIVE NUMBERS.
R  INDICATES RECORD WAS SET OR TIED.
MM INDICATES DATA IS MISSING.
T  INDICATES TRACE AMOUNT.




$$
