000
CDUS42 KMLB 100623
CLIFPR

CLIMATE REPORT
NATIONAL WEATHER SERVICE MELBOURNE FL
223 AM EDT FRI JUL 10 2020

...................................

...THE FORT PIERCE CLIMATE SUMMARY FOR JULY 9 2020...

CLIMATE NORMAL PERIOD 1981 TO 2010
CLIMATE RECORD PERIOD 1901 TO 2020


WEATHER ITEM   OBSERVED TIME   RECORD YEAR NORMAL DEPARTURE LAST
                VALUE   (LST)  VALUE       VALUE  FROM      YEAR
                                                  NORMAL
...................................................................
TEMPERATURE (F)
 YESTERDAY
  MAXIMUM         95    346 PM 100    1932  90      5       92
  MINIMUM         76    529 AM  66    1993  73      3       74
  AVERAGE         86                        81      5       83

PRECIPITATION (IN)
  YESTERDAY        0.21          4.50 1909   0.20   0.01     0.15
  MONTH TO DATE    4.47                      1.94   2.53     2.71
  SINCE JUN 1     13.30                      9.31   3.99     8.86
  SINCE JAN 1     28.89                     24.86   4.03    21.97

SNOWFALL (IN)
  YESTERDAY        0.0
  MONTH TO DATE    0.0
  SINCE JUL 1      0.0

DEGREE DAYS
 HEATING
  YESTERDAY        0                         0      0        0
  MONTH TO DATE    0                         0      0        0
  SINCE JUN 1      0                         0      0        0
  SINCE JUL 1      0                         0      0        0

 COOLING
  YESTERDAY       21                        16      5       18
  MONTH TO DATE  173                       144     29      160
  SINCE JUN 1    662                       601     61      667
  SINCE JAN 1   1835                      1387    448     1628
...................................................................


WIND (MPH)
  HIGHEST WIND SPEED    16   HIGHEST WIND DIRECTION    SE (120)
  HIGHEST GUST SPEED    20   HIGHEST GUST DIRECTION     W (290)
  AVERAGE WIND SPEED     5.9


SKY COVER
  AVERAGE SKY COVER 0.3


WEATHER CONDITIONS
THE FOLLOWING WEATHER WAS RECORDED YESTERDAY.
  THUNDERSTORM
  RAIN
  LIGHT RAIN
  FOG


RELATIVE HUMIDITY (PERCENT)
 HIGHEST   100           400 AM
 LOWEST     55           200 PM
 AVERAGE    78

..........................................................


THE FORT PIERCE CLIMATE NORMALS FOR TODAY
                         NORMAL    RECORD    YEAR
 MAXIMUM TEMPERATURE (F)   90        96      1922
                                             1969
                                             1981
 MINIMUM TEMPERATURE (F)   73        68      1913
                                             1993
                                             1997


SUNRISE AND SUNSET
JULY 10 2020..........SUNRISE   634 AM EDT   SUNSET   820 PM EDT
JULY 11 2020..........SUNRISE   634 AM EDT   SUNSET   820 PM EDT


-  INDICATES NEGATIVE NUMBERS.
R  INDICATES RECORD WAS SET OR TIED.
MM INDICATES DATA IS MISSING.
T  INDICATES TRACE AMOUNT.




$$
