000
CDUS42 KMLB 190640
CLIFPR

CLIMATE REPORT
NATIONAL WEATHER SERVICE MELBOURNE FL
240 AM EDT MON APR 19 2021

...................................

...THE FORT PIERCE CLIMATE SUMMARY FOR APRIL 18 2021...

CLIMATE NORMAL PERIOD 1981 TO 2010
CLIMATE RECORD PERIOD 1901 TO 2021


WEATHER ITEM   OBSERVED TIME   RECORD YEAR NORMAL DEPARTURE LAST
                VALUE   (LST)  VALUE       VALUE  FROM      YEAR
                                                  NORMAL
...................................................................
TEMPERATURE (F)
 YESTERDAY
  MAXIMUM         91    236 PM  94    2015  82      9       87
  MINIMUM         64    429 AM  46    2007  61      3       68
  AVERAGE         78                        72      6       78

PRECIPITATION (IN)
  YESTERDAY        0.00          1.42 1934   0.08  -0.08     0.29
  MONTH TO DATE    2.74                      1.56   1.18     1.61
  SINCE MAR 1      3.40                      5.30  -1.90     1.63
  SINCE JAN 1      6.81                     10.62  -3.81     4.78

SNOWFALL (IN)
  YESTERDAY        0.0
  MONTH TO DATE    0.0
  SINCE JUL 1      0.0

DEGREE DAYS
 HEATING
  YESTERDAY        0                         0      0        0
  MONTH TO DATE    8                        13     -5        1
  SINCE MAR 1     17                        63    -46       20
  SINCE JUL 1    346                       441    -95      248

 COOLING
  YESTERDAY       13                         7      6       13
  MONTH TO DATE   93                       106    -13      187
  SINCE MAR 1    259                       224     35      411
  SINCE JAN 1    491                       351    140      678
...................................................................


WIND (MPH)
  HIGHEST WIND SPEED    20   HIGHEST WIND DIRECTION     W (260)
  HIGHEST GUST SPEED    26   HIGHEST GUST DIRECTION     W (260)
  AVERAGE WIND SPEED     6.4


SKY COVER
  AVERAGE SKY COVER 0.3


WEATHER CONDITIONS
THE FOLLOWING WEATHER WAS RECORDED YESTERDAY.
  FOG
  FOG W/VISIBILITY <= 1/4 MILE


RELATIVE HUMIDITY (PERCENT)
 HIGHEST    94           800 AM
 LOWEST     42           100 PM
 AVERAGE    68

..........................................................


THE FORT PIERCE CLIMATE NORMALS FOR TODAY
                         NORMAL    RECORD    YEAR
 MAXIMUM TEMPERATURE (F)   82        92      1907
                                             1988
 MINIMUM TEMPERATURE (F)   61        43      1997


SUNRISE AND SUNSET
APRIL 19 2021.........SUNRISE   653 AM EDT   SUNSET   749 PM EDT
APRIL 20 2021.........SUNRISE   652 AM EDT   SUNSET   749 PM EDT


-  INDICATES NEGATIVE NUMBERS.
R  INDICATES RECORD WAS SET OR TIED.
MM INDICATES DATA IS MISSING.
T  INDICATES TRACE AMOUNT.




$$
