000
CXUS52 KMLB 032045 CCA
CLMFPR

CLIMATE REPORT...CORRECTED
NATIONAL WEATHER SERVICE MELBOURNE FL
445 PM EDT TUE MAY 03 2022

...................................

...THE FORT PIERCE CLIMATE SUMMARY FOR THE MONTH OF APRIL 2022...

CLIMATE NORMAL PERIOD 1991 TO 2020
CLIMATE RECORD PERIOD 1901 TO 2022

WEATHER         OBSERVED          NORMAL  DEPART   LAST YEAR`S
                VALUE   DATE(S)   VALUE   FROM     VALUE
                                          NORMAL
..............................................................
TEMPERATURE (F)
MONTHLY RECORD
 WARMEST        77.1   1947
 COOLEST        66.3   1987
DAILY RECORD
 HIGH             97   04/30/1971
 LOW              33   04/05/1987
APRIL 2022
HIGHEST           90   04/06                          93
LOWEST            44   04/10                          49
AVG. MAXIMUM    82.1               81.9     0.2     82.7
AVG. MINIMUM    64.6               61.1     3.5     61.3
MEAN            73.4               71.5     1.9     72.0
DAYS MAX >= 90     1                1.9    -0.9        3
DAYS MAX <= 32     0                0.0     0.0        0
DAYS MIN <= 32     0                0.0     0.0        0
DAYS MIN <= 0      0                0.0     0.0        0

PRECIPITATION (INCHES)
MONTHLY RECORD
 MAXIMUM       11.16   1931
 MINIMUM        0.00   1903
DAILY RECORD
 MAXIMUM        5.92   04/17/1933
APRIL 2022
TOTALS          3.19               3.03    0.16     4.30
DAYS >= .01        7                                   7
DAYS >= .10        5                                   4
DAYS >= .50        3                                   4
DAYS >= 1.00       2                                   1
GREATEST
 24 HR. TOTAL   1.05   04/02 TO 04/02

SNOWFALL (INCHES)
TOTALS           0.0                 MM      MM      0.0
SINCE 7/1        0.0                 MM      MM       MM
DAYS >= TRACE      0                                   0

DEGREE DAYS
HEATING TOTAL      7                 12      -5        8
 SINCE 7/1       250                415    -165       MM
COOLING TOTAL    263                207      56      226
 SINCE 1/1       675                476     199       MM
..............................................................

WIND (MPH)
AVERAGE WIND SPEED              9.4
HIGHEST WIND SPEED/DIRECTION    41/290    DATE  04/07
HIGHEST GUST SPEED/DIRECTION    82/280    DATE  04/07

SKY COVER
POSSIBLE SUNSHINE (PERCENT)   MM
AVERAGE SKY COVER           0.35
NUMBER OF DAYS FAIR           16
NUMBER OF DAYS PC             13
NUMBER OF DAYS CLOUDY          1

AVERAGE RH (PERCENT)     71

WEATHER CONDITIONS. NUMBER OF DAYS WITH
THUNDERSTORM              6     MIXED PRECIP               0
HEAVY RAIN                5     RAIN                       5
LIGHT RAIN               14     LT FREEZING RAIN           0
HAIL                      0     LIGHT SNOW                 0
SLEET                     0     FOG                       11
FOG W/VIS <= 1/4 MILE     2     HAZE                       3

-  INDICATES NEGATIVE NUMBERS.
R  INDICATES RECORD WAS SET OR TIED.
MM INDICATES DATA IS MISSING.
T  INDICATES TRACE AMOUNT.

$$
