000
CXUS52 KMLB 011322
CLMFPR

CLIMATE REPORT
NATIONAL WEATHER SERVICE MELBOURNE FL
922 AM EDT SAT MAY 01 2021

...................................

...THE FORT PIERCE CLIMATE SUMMARY FOR THE MONTH OF APRIL 2021...

CLIMATE NORMAL PERIOD 1981 TO 2010
CLIMATE RECORD PERIOD 1901 TO 2021

WEATHER         OBSERVED          NORMAL  DEPART   LAST YEAR`S
                VALUE   DATE(S)   VALUE   FROM     VALUE
                                          NORMAL
..............................................................
TEMPERATURE (F)
MONTHLY RECORD
 HOTTEST        77.1   1947
 COLDEST        66.3   1987
DAILY RECORD
 HIGH             97   04/30/1971
 LOW              33   04/05/1987
APRIL 2021
HIGHEST           93   04/25                          96
LOWEST            49   04/05                          50
                       04/06
AVG. MAXIMUM    82.7               81.4     1.3     84.1
AVG. MINIMUM    61.3               60.9     0.4     66.0
MEAN            72.0               71.1     0.9     75.0
DAYS MAX >= 90     3                1.0     2.0        7
DAYS MAX <= 32     0                0.0     0.0        0
DAYS MIN <= 32     0                0.0     0.0        0
DAYS MIN <= 0      0                0.0     0.0        0

PRECIPITATION (INCHES)
MONTHLY RECORD
 MAXIMUM       11.16   1931
 MINIMUM        0.00   1903
DAILY RECORD
 MAXIMUM        5.92   04/17/1933
APRIL 2021
TOTALS          4.30               2.66    1.64     3.34
DAYS >= .01        7                                  12
DAYS >= .10        4                                   9
DAYS >= .50        4                                   2
DAYS >= 1.00       1                                   0
GREATEST
 24 HR. TOTAL   2.63   04/10 TO 04/11

SNOWFALL (INCHES)
TOTALS           0.0                 MM      MM      0.0
SINCE 7/1        0.0                0.0     0.0       MM
DAYS >= TRACE      0                                   0

DEGREE DAYS
HEATING TOTAL      8                 13      -5        1
 SINCE 7/1       346                441     -95       MM
COOLING TOTAL    226                198      28      309
 SINCE 1/1       624                443     181       MM
..............................................................

WIND (MPH)
AVERAGE WIND SPEED              7.6
HIGHEST WIND SPEED/DIRECTION    41/280    DATE  04/10
                                41/290          04/11
HIGHEST GUST SPEED/DIRECTION    63/290    DATE  04/11

SKY COVER
POSSIBLE SUNSHINE (PERCENT)   MM
AVERAGE SKY COVER           0.33
NUMBER OF DAYS FAIR           16
NUMBER OF DAYS PC             13
NUMBER OF DAYS CLOUDY          1

AVERAGE RH (PERCENT)     66

WEATHER CONDITIONS. NUMBER OF DAYS WITH
THUNDERSTORM              4     MIXED PRECIP               0
HEAVY RAIN                4     RAIN                       6
LIGHT RAIN               10     LT FREEZING RAIN           0
HAIL                      0     LIGHT SNOW                 0
SLEET                     0     FOG                       11
FOG W/VIS <= 1/4 MILE     4     HAZE                       3

-  INDICATES NEGATIVE NUMBERS.
R  INDICATES RECORD WAS SET OR TIED.
MM INDICATES DATA IS MISSING.
T  INDICATES TRACE AMOUNT.

$$
