000
CXUS52 KMLB 021838
CLMFPR

CLIMATE REPORT
NATIONAL WEATHER SERVICE MELBOURNE FL
238 PM EDT FRI APR 02 2021

...................................

...THE FORT PIERCE CLIMATE SUMMARY FOR THE MONTH OF MARCH 2021...

CLIMATE NORMAL PERIOD 1981 TO 2010
CLIMATE RECORD PERIOD 1901 TO 2021

WEATHER         OBSERVED          NORMAL  DEPART   LAST YEAR`S
                VALUE   DATE(S)   VALUE   FROM     VALUE
                                          NORMAL
..............................................................
TEMPERATURE (F)
MONTHLY RECORD
 HOTTEST        74.9   1948
 COLDEST        60.4   2013
DAILY RECORD
 HIGH             93   03/31/2020
                       03/24/1908
 LOW              26   03/03/1980
MARCH 2021
HIGHEST           91   03/28                          93
LOWEST            49   03/22                          38
AVG. MAXIMUM    80.5               77.6     2.9     82.1
AVG. MINIMUM    59.2               56.8     2.4     60.5
MEAN            69.8               67.2     2.6     71.3
DAYS MAX >= 90     2                0.0     2.0        3
DAYS MAX <= 32     0                0.0     0.0        0
DAYS MIN <= 32     0                0.0     0.0        0
DAYS MIN <= 0      0                0.0     0.0        0

PRECIPITATION (INCHES)
MONTHLY RECORD
 MAXIMUM       12.46   1996
 MINIMUM        0.02   2020
DAILY RECORD
 MAXIMUM        6.58   03/21/1953
MARCH 2021
TOTALS          0.66               3.74   -3.08     0.02
DAYS >= .01        5                                   2
DAYS >= .10        4                                   0
DAYS >= .50        0                                   0
DAYS >= 1.00       0                                   0
GREATEST
 24 HR. TOTAL   0.28   03/02 TO 03/03

SNOWFALL (INCHES)
TOTALS           0.0                 MM      MM      0.0
SINCE 7/1        0.0                0.0     0.0      0.0
DAYS >= TRACE      0                                   0

DEGREE DAYS
HEATING TOTAL      9                 50     -41       19
 SINCE 7/1       338                427     -89       MM
COOLING TOTAL    166                118      48      224
 SINCE 1/1       398                245     153       MM
..............................................................

WIND (MPH)
AVERAGE WIND SPEED              7.9
HIGHEST WIND SPEED/DIRECTION    25/130    DATE  03/25
HIGHEST GUST SPEED/DIRECTION    33/330    DATE  03/07

SKY COVER
POSSIBLE SUNSHINE (PERCENT)   MM
AVERAGE SKY COVER           0.27
NUMBER OF DAYS FAIR           22
NUMBER OF DAYS PC              8
NUMBER OF DAYS CLOUDY          1

AVERAGE RH (PERCENT)     67

WEATHER CONDITIONS. NUMBER OF DAYS WITH
THUNDERSTORM              0     MIXED PRECIP               0
HEAVY RAIN                2     RAIN                       3
LIGHT RAIN                4     LT FREEZING RAIN           0
HAIL                      0     LIGHT SNOW                 0
SLEET                     0     FOG                       13
FOG W/VIS <= 1/4 MILE     3     HAZE                       1

-  INDICATES NEGATIVE NUMBERS.
R  INDICATES RECORD WAS SET OR TIED.
MM INDICATES DATA IS MISSING.
T  INDICATES TRACE AMOUNT.

$$
