000
CXUS52 KMLB 011627
CLMFPR

CLIMATE REPORT
NATIONAL WEATHER SERVICE MELBOURNE FL
1227 PM EDT WED JUL 01 2020

...................................

...THE FORT PIERCE CLIMATE SUMMARY FOR THE MONTH OF JUNE 2020...

CLIMATE NORMAL PERIOD 1981 TO 2010
CLIMATE RECORD PERIOD 1901 TO 2020

WEATHER         OBSERVED          NORMAL  DEPART   LAST YEAR`S
                VALUE   DATE(S)   VALUE   FROM     VALUE
                                          NORMAL
..............................................................
TEMPERATURE (F)
MONTHLY RECORD
 HOTTEST        82.8   2010
 COOLEST        76.6   1904
DAILY RECORD
 HIGH            101   06/28/1950
 LOW              56   06/01/1984
JUNE 2020
HIGHEST           94   06/23                          97
                       06/29
                       06/30
LOWEST            67   06/16                          69
AVG. MAXIMUM    88.3               88.7    -0.4     90.5
AVG. MINIMUM    73.8               71.8     2.0     72.8
MEAN            81.0               80.3     0.7     81.6
DAYS MAX >= 90    13               11.0     2.0       22
DAYS MAX <= 32     0                0.0     0.0        0
DAYS MIN <= 32     0                0.0     0.0        0
DAYS MIN <= 0      0                0.0     0.0        0

PRECIPITATION (INCHES)
MONTHLY RECORD
 MAXIMUM       15.84   1968
 MINIMUM        0.69   1924
DAILY RECORD
 MAXIMUM        5.45   06/12/1901
JUNE 2020
TOTALS          8.83               7.37    1.46     6.15
DAYS >= .01        9                                  12
DAYS >= .10        7                                   6
DAYS >= .50        4                                   4
DAYS >= 1.00       3                                   3
GREATEST
 24 HR. TOTAL   4.20   06/02 TO 06/03

SNOWFALL (INCHES)
TOTALS           0.0                                 0.0
SINCE 7/1        0.0                0.0     0.0
DAYS >= TRACE      0                                   0

DEGREE DAYS
HEATING TOTAL      0                  0       0        0
 SINCE 7/1       248                441    -193      292
COOLING TOTAL    489                457      32      507
 SINCE 1/1      1662               1243     419     1468
..............................................................

WIND (MPH)
AVERAGE WIND SPEED              6.2
HIGHEST WIND SPEED/DIRECTION    26/100    DATE  06/02
HIGHEST GUST SPEED/DIRECTION    31/170    DATE  06/22

SKY COVER
POSSIBLE SUNSHINE (PERCENT)   MM
AVERAGE SKY COVER           0.20
NUMBER OF DAYS FAIR           27
NUMBER OF DAYS PC              2
NUMBER OF DAYS CLOUDY          1

AVERAGE RH (PERCENT)     83

WEATHER CONDITIONS. NUMBER OF DAYS WITH
THUNDERSTORM             10     MIXED PRECIP               0
HEAVY RAIN                6     RAIN                       8
LIGHT RAIN               14     LT FREEZING RAIN           0
HAIL                      0     LIGHT SNOW                 0
SLEET                     0     FOG                       13
FOG W/VIS <= 1/4 MILE     1     HAZE                       0

-  INDICATES NEGATIVE NUMBERS.
R  INDICATES RECORD WAS SET OR TIED.
MM INDICATES DATA IS MISSING.
T  INDICATES TRACE AMOUNT.

$$
